automatic DPDK test reports
 help / color / mirror / Atom feed
From: dpdklab@iol.unh.edu
To: Test Report <test-report@dpdk.org>
Cc: dpdk-test-reports@iol.unh.edu,
	Stephen Hemminger <stephen@networkplumber.org>
Subject: |FAILURE| pw155336-155347 [PATCH] [v5,13/13] pdump: mark API and app
Date: Fri, 18 Jul 2025 11:46:44 -0700 (PDT)	[thread overview]
Message-ID: <687a9694.650a0220.10faa0.60b9SMTPIN_ADDED_MISSING@mx.google.com> (raw)
In-Reply-To: <20250718163236.9870-14-stephen@networkplumber.org>

Test-Label: iol-compile-amd64-testing
Test-Status: FAILURE
http://dpdk.org/patch/155347

_Testing issues_

Submitter: Stephen Hemminger <stephen@networkplumber.org>
Date: Friday, July 18 2025 16:28:30 
DPDK git baseline: Repo:dpdk
  Branch: master
  CommitID:20a053a223db35244b6daee98d71fdab631646b6

155336-155347 --> testing issues

Upstream job id: Generic-VM-DPDK-Compile-Meson#37230

Test environment and result as below:

+---------------------+--------------------+-------------------------+-------------------+
|     Environment     | dpdk_meson_compile | dpdk_llvm_clang_compile | dpdk_msvc_compile |
+=====================+====================+=========================+===================+
| Ubuntu 20.04        | PASS               | SKIPPED                 | SKIPPED           |
+---------------------+--------------------+-------------------------+-------------------+
| FreeBSD 14.2        | PASS               | SKIPPED                 | SKIPPED           |
+---------------------+--------------------+-------------------------+-------------------+
| Windows Server 2022 | SKIPPED            | PASS                    | FAIL              |
+---------------------+--------------------+-------------------------+-------------------+

==== 20 line log output for Windows Server 2022 (dpdk_msvc_compile): ====
\0.\0.\0/\0l\0i\0b\0/\0e\0t\0h\0d\0e\0v\0/\0r\0t\0e\0_\0m\0i\0r\0r\0o\0r\0.\0c\0(\01\03\07\0)\0:\0 \0e\0r\0r\0o\0r\0 \0C\07\07\00\07\0:\0 \0c\0a\0l\0l\0 \0t\0o\0 \0'\0_\0_\0c\01\01\0_\0a\0t\0o\0m\0i\0c\0_\0s\0t\0o\0r\0e\0'\0:\0 \0a\0r\0g\0u\0m\0e\0n\0t\0 \0t\0y\0p\0e\0 \0'\0r\0t\0e\0_\0e\0t\0h\0_\0m\0i\0r\0r\0o\0r\0 \0*\0*\0_\0A\0t\0o\0m\0i\0c\0 \0'\0 \0m\0u\0s\0t\0 \0b\0e\0 \0a\0 \0p\0o\0i\0n\0t\0e\0r\0 \0t\0o\0 \0a\0n\0 \0a\0t\0o\0m\0i\0c\0 \0t\0y\0p\0e\0
\0
\0.\0.\0/\0l\0i\0b\0/\0e\0t\0h\0d\0e\0v\0/\0r\0t\0e\0_\0m\0i\0r\0r\0o\0r\0.\0c\0(\02\00\04\0)\0:\0 \0w\0a\0r\0n\0i\0n\0g\0 \0C\04\00\09\00\0:\0 \0'\0f\0u\0n\0c\0t\0i\0o\0n\0'\0:\0 \0d\0i\0f\0f\0e\0r\0e\0n\0t\0 \0'\0_\0A\0t\0o\0m\0i\0c\0'\0 \0q\0u\0a\0l\0i\0f\0i\0e\0r\0s\0
\0
\0.\0.\0/\0l\0i\0b\0/\0e\0t\0h\0d\0e\0v\0/\0r\0t\0e\0_\0m\0i\0r\0r\0o\0r\0.\0c\0(\02\00\06\0)\0:\0 \0w\0a\0r\0n\0i\0n\0g\0 \0C\04\00\09\00\0:\0 \0'\0f\0u\0n\0c\0t\0i\0o\0n\0'\0:\0 \0d\0i\0f\0f\0e\0r\0e\0n\0t\0 \0'\0_\0A\0t\0o\0m\0i\0c\0'\0 \0q\0u\0a\0l\0i\0f\0i\0e\0r\0s\0
\0
\0.\0.\0/\0l\0i\0b\0/\0e\0t\0h\0d\0e\0v\0/\0r\0t\0e\0_\0m\0i\0r\0r\0o\0r\0.\0c\0(\02\03\04\0)\0:\0 \0e\0r\0r\0o\0r\0 \0C\07\07\00\07\0:\0 \0c\0a\0l\0l\0 \0t\0o\0 \0'\0_\0_\0c\01\01\0_\0a\0t\0o\0m\0i\0c\0_\0s\0t\0o\0r\0e\0'\0:\0 \0a\0r\0g\0u\0m\0e\0n\0t\0 \0t\0y\0p\0e\0 \0'\0r\0t\0e\0_\0e\0t\0h\0_\0m\0i\0r\0r\0o\0r\0 \0*\0*\0_\0A\0t\0o\0m\0i\0c\0 \0'\0 \0m\0u\0s\0t\0 \0b\0e\0 \0a\0 \0p\0o\0i\0n\0t\0e\0r\0 \0t\0o\0 \0a\0n\0 \0a\0t\0o\0m\0i\0c\0 \0t\0y\0p\0e\0
\0
\0.\0.\0/\0l\0i\0b\0/\0e\0t\0h\0d\0e\0v\0/\0r\0t\0e\0_\0m\0i\0r\0r\0o\0r\0.\0c\0(\02\04\03\0)\0:\0 \0w\0a\0r\0n\0i\0n\0g\0 \0C\04\00\09\00\0:\0 \0'\0f\0u\0n\0c\0t\0i\0o\0n\0'\0:\0 \0d\0i\0f\0f\0e\0r\0e\0n\0t\0 \0'\0_\0A\0t\0o\0m\0i\0c\0'\0 \0q\0u\0a\0l\0i\0f\0i\0e\0r\0s\0
\0
\0.\0.\0/\0l\0i\0b\0/\0e\0t\0h\0d\0e\0v\0/\0r\0t\0e\0_\0m\0i\0r\0r\0o\0r\0.\0c\0(\02\06\03\0)\0:\0 \0w\0a\0r\0n\0i\0n\0g\0 \0C\04\00\09\00\0:\0 \0'\0f\0u\0n\0c\0t\0i\0o\0n\0'\0:\0 \0d\0i\0f\0f\0e\0r\0e\0n\0t\0 \0'\0_\0A\0t\0o\0m\0i\0c\0'\0 \0q\0u\0a\0l\0i\0f\0i\0e\0r\0s\0
\0
\0.\0.\0/\0l\0i\0b\0/\0e\0t\0h\0d\0e\0v\0/\0r\0t\0e\0_\0m\0i\0r\0r\0o\0r\0.\0c\0(\02\06\04\0)\0:\0 \0w\0a\0r\0n\0i\0n\0g\0 \0C\04\00\09\00\0:\0 \0'\0f\0u\0n\0c\0t\0i\0o\0n\0'\0:\0 \0d\0i\0f\0f\0e\0r\0e\0n\0t\0 \0'\0_\0A\0t\0o\0m\0i\0c\0'\0 \0q\0u\0a\0l\0i\0f\0i\0e\0r\0s\0
\0
\0[\01\06\02\0/\04\05\04\0]\0 \0C\0o\0m\0p\0i\0l\0i\0n\0g\0 \0C\0 \0o\0b\0j\0e\0c\0t\0 \0l\0i\0b\0/\0l\0i\0b\0r\0t\0e\0_\0e\0t\0h\0d\0e\0v\0.\0a\0.\0p\0/\0e\0t\0h\0d\0e\0v\0_\0r\0t\0e\0_\0e\0t\0h\0d\0e\0v\0_\0c\0m\0a\0n\0.\0c\0.\0o\0b\0j\0
\0
\0[\01\06\03\0/\04\05\04\0]\0 \0C\0o\0m\0p\0i\0l\0i\0n\0g\0 \0C\0 \0o\0b\0j\0e\0c\0t\0 \0l\0i\0b\0/\0l\0i\0b\0r\0t\0e\0_\0e\0t\0h\0d\0e\0v\0.\0a\0.\0p\0/\0e\0t\0h\0d\0e\0v\0_\0r\0t\0e\0_\0t\0m\0.\0c\0.\0o\0b\0j\0
\0
\0[\01\06\04\0/\04\05\04\0]\0 \0C\0o\0m\0p\0i\0l\0i\0n\0g\0 \0C\0 \0o\0b\0j\0e\0c\0t\0 \0l\0i\0b\0/\0l\0i\0b\0r\0t\0e\0_\0e\0t\0h\0d\0e\0v\0.\0a\0.\0p\0/\0e\0t\0h\0d\0e\0v\0_\0s\0f\0f\0_\0t\0e\0l\0e\0m\0e\0t\0r\0y\0.\0c\0.\0o\0b\0j\0
\0
\0[\01\06\05\0/\04\05\04\0]\0 \0C\0o\0m\0p\0i\0l\0i\0n\0g\0 \0C\0 \0o\0b\0j\0e\0c\0t\0 \0l\0i\0b\0/\0l\0i\0b\0r\0t\0e\0_\0m\0b\0u\0f\0.\0a\0.\0p\0/\0m\0b\0u\0f\0_\0r\0t\0e\0_\0m\0b\0u\0f\0.\0c\0.\0o\0b\0j\0
\0
\0[\01\06\06\0/\04\05\04\0]\0 \0C\0o\0m\0p\0i\0l\0i\0n\0g\0 \0C\0 \0o\0b\0j\0e\0c\0t\0 \0l\0i\0b\0/\0l\0i\0b\0r\0t\0e\0_\0e\0t\0h\0d\0e\0v\0.\0a\0.\0p\0/\0e\0t\0h\0d\0e\0v\0_\0r\0t\0e\0_\0m\0t\0r\0.\0c\0.\0o\0b\0j\0
\0
\0[\01\06\07\0/\04\05\04\0]\0 \0C\0o\0m\0p\0i\0l\0i\0n\0g\0 \0C\0 \0o\0b\0j\0e\0c\0t\0 \0l\0i\0b\0/\0l\0i\0b\0r\0t\0e\0_\0e\0t\0h\0d\0e\0v\0.\0a\0.\0p\0/\0e\0t\0h\0d\0e\0v\0_\0r\0t\0e\0_\0e\0t\0h\0d\0e\0v\0_\0t\0e\0l\0e\0m\0e\0t\0r\0y\0.\0c\0.\0o\0b\0j\0
\0
\0[\01\06\08\0/\04\05\04\0]\0 \0C\0o\0m\0p\0i\0l\0i\0n\0g\0 \0C\0 \0o\0b\0j\0e\0c\0t\0 \0a\0p\0p\0/\0d\0p\0d\0k\0-\0t\0e\0s\0t\0p\0m\0d\0.\0e\0x\0e\0.\0p\0/\0t\0e\0s\0t\0-\0p\0m\0d\0_\0c\0m\0d\0l\0i\0n\0e\0_\0f\0l\0o\0w\0.\0c\0.\0o\0b\0j\0
\0
\0[\01\06\09\0/\04\05\04\0]\0 \0C\0o\0m\0p\0i\0l\0i\0n\0g\0 \0C\0 \0o\0b\0j\0e\0c\0t\0 \0l\0i\0b\0/\0l\0i\0b\0r\0t\0e\0_\0e\0t\0h\0d\0e\0v\0.\0a\0.\0p\0/\0e\0t\0h\0d\0e\0v\0_\0r\0t\0e\0_\0e\0t\0h\0d\0e\0v\0.\0c\0.\0o\0b\0j\0
\0
\0[\01\07\00\0/\04\05\04\0]\0 \0C\0o\0m\0p\0i\0l\0i\0n\0g\0 \0C\0 \0o\0b\0j\0e\0c\0t\0 \0l\0i\0b\0/\0l\0i\0b\0r\0t\0e\0_\0e\0t\0h\0d\0e\0v\0.\0a\0.\0p\0/\0e\0t\0h\0d\0e\0v\0_\0r\0t\0e\0_\0f\0l\0o\0w\0.\0c\0.\0o\0b\0j\0
\0
\0n\0i\0n\0j\0a\0:\0 \0b\0u\0i\0l\0d\0 \0s\0t\0o\0p\0p\0e\0d\0:\0 \0s\0u\0b\0c\0o\0m\0m\0a\0n\0d\0 \0f\0a\0i\0l\0e\0d\0.\0
\0
\0I\0N\0F\0O\0:\0 \0a\0u\0t\0o\0d\0e\0t\0e\0c\0t\0i\0n\0g\0 \0b\0a\0c\0k\0e\0n\0d\0 \0a\0s\0 \0n\0i\0n\0j\0a\0
\0
\0I\0N\0F\0O\0:\0 \0c\0a\0l\0c\0u\0l\0a\0t\0i\0n\0g\0 \0b\0a\0c\0k\0e\0n\0d\0 \0c\0o\0m\0m\0a\0n\0d\0 \0t\0o\0 \0r\0u\0n\0:\0 \0"\0C\0:\0\\0P\0r\0o\0g\0r\0a\0m\0 \0F\0i\0l\0e\0s\0\\0M\0e\0s\0o\0n\0\\0n\0i\0n\0j\0a\0.\0E\0X\0E\0"\0 \0-\0C\0 \0C\0:\0/\0U\0s\0e\0r\0s\0/\0b\0u\0i\0l\0d\0e\0r\0/\0j\0e\0n\0k\0i\0n\0s\0/\0w\0o\0r\0k\0s\0p\0a\0c\0e\0/\0W\0i\0n\0d\0o\0w\0s\0-\0C\0o\0m\0p\0i\0l\0e\0-\0D\0P\0D\0K\0-\0V\0S\0/\0d\0p\0d\0k\0/\0b\0u\0i\0l\0d\0
\0
\0
==== End log output ====

Ubuntu 20.04
	Kernel: 4.19
	Compiler: gcc gcc (Ubuntu 9.4.0-1ubuntu1~20.04.2) 9.4.0

FreeBSD 14.2
	Kernel: 14.2-RELEASE
	Compiler: clang 18.1.6

Windows Server 2022
	Kernel: 10.0.20348.2031
	Compiler: clang 15.0.7, gcc 14.1.0 (MinGW), and MSVC VS 19.39.33521

To view detailed results, visit:
https://lab.dpdk.org/results/dashboard/patchsets/33691/

UNH-IOL DPDK Community Lab

To manage your email subscriptions, visit: 
https://lab.dpdk.org/results/dashboard/preferences/subscriptions/

  parent reply	other threads:[~2025-07-18 18:46 UTC|newest]

Thread overview: 15+ messages / expand[flat|nested]  mbox.gz  Atom feed  top
     [not found] <20250718163236.9870-14-stephen@networkplumber.org>
2025-07-18 16:09 ` |SUCCESS| pw155336-155347 [PATCH v5 13/13] pdump: mark API and application as deprecated qemudev
2025-07-18 16:14 ` qemudev
2025-07-18 16:37 ` |WARNING| pw155347 " checkpatch
2025-07-18 18:01 ` |SUCCESS| pw155336-155347 [PATCH] [v5,13/13] pdump: mark API and app dpdklab
2025-07-18 18:03 ` |FAILURE| pw155347 [PATCH v5 13/13] pdump: mark API and application as deprecated 0-day Robot
2025-07-18 18:09 ` |SUCCESS| pw155336-155347 [PATCH] [v5,13/13] pdump: mark API and app dpdklab
2025-07-18 18:10 ` dpdklab
2025-07-18 18:15 ` dpdklab
2025-07-18 18:40 ` |PENDING| " dpdklab
2025-07-18 18:46 ` dpdklab [this message]
2025-07-18 19:47 ` dpdklab
2025-07-18 20:41 ` |SUCCESS| " dpdklab
2025-07-18 20:57 ` |PENDING| " dpdklab
2025-07-18 21:25 ` |FAILURE| " dpdklab
2025-07-18 21:58 ` dpdklab

Reply instructions:

You may reply publicly to this message via plain-text email
using any one of the following methods:

* Save the following mbox file, import it into your mail client,
  and reply-to-all from there: mbox

  Avoid top-posting and favor interleaved quoting:
  https://en.wikipedia.org/wiki/Posting_style#Interleaved_style

* Reply using the --to, --cc, and --in-reply-to
  switches of git-send-email(1):

  git send-email \
    --in-reply-to=687a9694.650a0220.10faa0.60b9SMTPIN_ADDED_MISSING@mx.google.com \
    --to=dpdklab@iol.unh.edu \
    --cc=dpdk-test-reports@iol.unh.edu \
    --cc=stephen@networkplumber.org \
    --cc=test-report@dpdk.org \
    /path/to/YOUR_REPLY

  https://kernel.org/pub/software/scm/git/docs/git-send-email.html

* If your mail client supports setting the In-Reply-To header
  via mailto: links, try the mailto: link
Be sure your reply has a Subject: header at the top and a blank line before the message body.
This is a public inbox, see mirroring instructions
for how to clone and mirror all data and code used for this inbox;
as well as URLs for NNTP newsgroup(s).