From mboxrd@z Thu Jan 1 00:00:00 1970 Return-Path: Received: from mails.dpdk.org (mails.dpdk.org [217.70.189.124]) by inbox.dpdk.org (Postfix) with ESMTP id AB54D46BAE for ; Fri, 18 Jul 2025 20:46:46 +0200 (CEST) Received: from mails.dpdk.org (localhost [127.0.0.1]) by mails.dpdk.org (Postfix) with ESMTP id 8A5FF40611; Fri, 18 Jul 2025 20:46:46 +0200 (CEST) Received: from mail-pl1-f225.google.com (mail-pl1-f225.google.com [209.85.214.225]) by mails.dpdk.org (Postfix) with ESMTP id 15B0C40611 for ; Fri, 18 Jul 2025 20:46:45 +0200 (CEST) Received: by mail-pl1-f225.google.com with SMTP id d9443c01a7336-23c8f179e1bso24694765ad.1 for ; Fri, 18 Jul 2025 11:46:44 -0700 (PDT) DKIM-Signature: v=1; a=rsa-sha256; c=relaxed/relaxed; d=iol.unh.edu; s=unh-iol; t=1752864404; x=1753469204; darn=dpdk.org; h=references:in-reply-to:cc:to:from:subject:message-id:date:from:to :cc:subject:date:message-id:reply-to; bh=X0cQxHb5GYLqmb2PFUyICmf/22gCgcdOLNcxO6G/EP8=; b=KurL2+C51dQRyumusMEDaXRMLXduUNAbkJD+0An3uZ1gHNHzdBw7s0sMZhIbqao5n+ Ue4yh4T143+UCjNyTPBVjZ7B8MttR4F6wdV3myloWJCOBxi+N+ZRz5t0wuucACZ/WJ/X nGbc8dPk8i+89kKNYJS2C+OuyicEo0WuxcrAI= X-Google-DKIM-Signature: v=1; a=rsa-sha256; c=relaxed/relaxed; d=1e100.net; s=20230601; t=1752864404; x=1753469204; h=references:in-reply-to:cc:to:from:subject:message-id:date :x-gm-message-state:from:to:cc:subject:date:message-id:reply-to; bh=X0cQxHb5GYLqmb2PFUyICmf/22gCgcdOLNcxO6G/EP8=; b=LQXu+3qdNf1L3srmRk0JSCWKWMWc65a9U4/heZrc+mXKjNyvC/07VmUrwNLArSQDgL bAlKM4aIXSHNtIuyhsGzBk4sdq07hO72xFQI721y6/MovpdN6/wkbD0s7EeHU9/mx+bp Xqggl+6g9sUN+LpPonK1rCZZzPQuZUXxAjwx0do/aXWIiaqMjyjTbAssaek2UN85mBqn 3eIoM4pXqGXsDO3GHkpIz9+ZcIzAJn5uWQ7yu1w5+Bjtt186FhD0beIsL7D4ZQ7pjV5n SdskrwEeUFTBLN6HyWdIJwBbwSGzHIBeaetFv8yGfS0hspRghN1yK/tjydcv55zMbM6O TrHQ== X-Gm-Message-State: AOJu0YwV4rHifaB/tTSzJM37j4q3k+g+/h/fmidZBoGWj2GeaeEMp0lj Xi7PO1cG1uA6nkDaMaF7Q8hVRnjLoHLk96cVJ0NnPuIgm/YJlWDxfs3isMY5p7EQE18ctPL/YLX GNDZAJWR9UEJnFurKXTklqRxxgmfXvt9n5itndyzD+wb5 X-Gm-Gg: ASbGncsnE2XhQDA5NMAk8FzC3OWbp30f5gueWp7UpjyjTMN62ldydVU8BIQvd2XhrN/ AqKBJYa6+AIfpXVFk5/nyQAN+7d7shRcOMUIeiMT7oS97WoSGgFh7zg9oj1jd7r08Wj2mvPd6ye MmMqXSS9nUr7XYPmEeuuw4KxnsevVYWng28cUD7ALnyvWpFL7mbr0GPFcYTiRjX4VymNU6V8RIv nGgbc+DWnoiVqbZZHS7cNIXFRRVnL7m62D9xhsgQK/3H+F/h98YZsHCj7PS0kmFqAVB7FgPQYTn 4j0anvPg0ANlBU7kb7t63ghb4/tl2rLz993mQikSgNqxgsHiyrvvPeg7h+9myFeDLsBvgInO X-Google-Smtp-Source: AGHT+IGcXf8fL8GOSxB/hHpjXkgXuHNFJqsJxuJrMipD5mycmRPyq33pzZSPNRDoVbACHrOMbblH/zYz7GTV X-Received: by 2002:a17:903:189:b0:234:a139:1216 with SMTP id d9443c01a7336-23e25763d12mr192002925ad.44.1752864404147; Fri, 18 Jul 2025 11:46:44 -0700 (PDT) Received: from postal.iol.unh.edu (postal.iol.unh.edu. [132.177.123.84]) by smtp-relay.gmail.com with ESMTPS id 41be03b00d2f7-b3f2ff7e2fesm118680a12.21.2025.07.18.11.46.44 (version=TLS1_2 cipher=ECDHE-ECDSA-AES128-GCM-SHA256 bits=128/128); Fri, 18 Jul 2025 11:46:44 -0700 (PDT) X-Relaying-Domain: iol.unh.edu Date: Fri, 18 Jul 2025 11:46:44 -0700 (PDT) Message-ID: <687a9694.650a0220.10faa0.60b9SMTPIN_ADDED_MISSING@mx.google.com> Received: from [172.21.0.3] (unknown [172.18.0.240]) by postal.iol.unh.edu (Postfix) with ESMTP id 599B3604D420; Fri, 18 Jul 2025 14:46:43 -0400 (EDT) Subject: |FAILURE| pw155336-155347 [PATCH] [v5,13/13] pdump: mark API and app From: dpdklab@iol.unh.edu To: Test Report Cc: dpdk-test-reports@iol.unh.edu, Stephen Hemminger In-Reply-To: <20250718163236.9870-14-stephen@networkplumber.org> References: <20250718163236.9870-14-stephen@networkplumber.org> Content-Type: text/plain X-BeenThere: test-report@dpdk.org X-Mailman-Version: 2.1.29 Precedence: list List-Id: automatic DPDK test reports List-Unsubscribe: , List-Archive: List-Post: List-Help: List-Subscribe: , Errors-To: test-report-bounces@dpdk.org Test-Label: iol-compile-amd64-testing Test-Status: FAILURE http://dpdk.org/patch/155347 _Testing issues_ Submitter: Stephen Hemminger Date: Friday, July 18 2025 16:28:30 DPDK git baseline: Repo:dpdk Branch: master CommitID:20a053a223db35244b6daee98d71fdab631646b6 155336-155347 --> testing issues Upstream job id: Generic-VM-DPDK-Compile-Meson#37230 Test environment and result as below: +---------------------+--------------------+-------------------------+-------------------+ | Environment | dpdk_meson_compile | dpdk_llvm_clang_compile | dpdk_msvc_compile | +=====================+====================+=========================+===================+ | Ubuntu 20.04 | PASS | SKIPPED | SKIPPED | +---------------------+--------------------+-------------------------+-------------------+ | FreeBSD 14.2 | PASS | SKIPPED | SKIPPED | +---------------------+--------------------+-------------------------+-------------------+ | Windows Server 2022 | SKIPPED | PASS | FAIL | +---------------------+--------------------+-------------------------+-------------------+ ==== 20 line log output for Windows Server 2022 (dpdk_msvc_compile): ==== ../lib/ethdev/rte_mirror.c(137): error C7707: call to '__c11_atomic_store': argument type 'rte_eth_mirror **_Atomic ' must be a pointer to an atomic type ../lib/ethdev/rte_mirror.c(204): warning C4090: 'function': different '_Atomic' qualifiers ../lib/ethdev/rte_mirror.c(206): warning C4090: 'function': different '_Atomic' qualifiers ../lib/ethdev/rte_mirror.c(234): error C7707: call to '__c11_atomic_store': argument type 'rte_eth_mirror **_Atomic ' must be a pointer to an atomic type ../lib/ethdev/rte_mirror.c(243): warning C4090: 'function': different '_Atomic' qualifiers ../lib/ethdev/rte_mirror.c(263): warning C4090: 'function': different '_Atomic' qualifiers ../lib/ethdev/rte_mirror.c(264): warning C4090: 'function': different '_Atomic' qualifiers [162/454] Compiling C object lib/librte_ethdev.a.p/ethdev_rte_ethdev_cman.c.obj [163/454] Compiling C object lib/librte_ethdev.a.p/ethdev_rte_tm.c.obj [164/454] Compiling C object lib/librte_ethdev.a.p/ethdev_sff_telemetry.c.obj [165/454] Compiling C object lib/librte_mbuf.a.p/mbuf_rte_mbuf.c.obj [166/454] Compiling C object lib/librte_ethdev.a.p/ethdev_rte_mtr.c.obj [167/454] Compiling C object lib/librte_ethdev.a.p/ethdev_rte_ethdev_telemetry.c.obj [168/454] Compiling C object app/dpdk-testpmd.exe.p/test-pmd_cmdline_flow.c.obj [169/454] Compiling C object lib/librte_ethdev.a.p/ethdev_rte_ethdev.c.obj [170/454] Compiling C object lib/librte_ethdev.a.p/ethdev_rte_flow.c.obj ninja: build stopped: subcommand failed. INFO: autodetecting backend as ninja INFO: calculating backend command to run: "C:\Program Files\Meson\ninja.EXE" -C C:/Users/builder/jenkins/workspace/Windows-Compile-DPDK-VS/dpdk/build ==== End log output ==== Ubuntu 20.04 Kernel: 4.19 Compiler: gcc gcc (Ubuntu 9.4.0-1ubuntu1~20.04.2) 9.4.0 FreeBSD 14.2 Kernel: 14.2-RELEASE Compiler: clang 18.1.6 Windows Server 2022 Kernel: 10.0.20348.2031 Compiler: clang 15.0.7, gcc 14.1.0 (MinGW), and MSVC VS 19.39.33521 To view detailed results, visit: https://lab.dpdk.org/results/dashboard/patchsets/33691/ UNH-IOL DPDK Community Lab To manage your email subscriptions, visit: https://lab.dpdk.org/results/dashboard/preferences/subscriptions/