From mboxrd@z Thu Jan 1 00:00:00 1970 Return-Path: Received: from mails.dpdk.org (mails.dpdk.org [217.70.189.124]) by inbox.dpdk.org (Postfix) with ESMTP id 7C69646BAF for ; Fri, 18 Jul 2025 23:25:22 +0200 (CEST) Received: from mails.dpdk.org (localhost [127.0.0.1]) by mails.dpdk.org (Postfix) with ESMTP id 57B1B40611; Fri, 18 Jul 2025 23:25:22 +0200 (CEST) Received: from mail-oo1-f99.google.com (mail-oo1-f99.google.com [209.85.161.99]) by mails.dpdk.org (Postfix) with ESMTP id C874E40611 for ; Fri, 18 Jul 2025 23:25:20 +0200 (CEST) Received: by mail-oo1-f99.google.com with SMTP id 006d021491bc7-615913ff67fso1618568eaf.0 for ; Fri, 18 Jul 2025 14:25:20 -0700 (PDT) DKIM-Signature: v=1; a=rsa-sha256; c=relaxed/relaxed; d=iol.unh.edu; s=unh-iol; t=1752873920; x=1753478720; darn=dpdk.org; h=references:in-reply-to:cc:to:from:subject:message-id:date:from:to :cc:subject:date:message-id:reply-to; bh=592d5Ix0rZ3mvVSrG65AiubSLLBi0pHxLxofdvMIPk4=; b=QOm+GCRfMtWjM5nh2t4bBivPe3vkYWLdEG54zhAUAs9lh7tpCeGQEHRHNSekoRlGxc sw2ezrzzMjEegBCN8+KfcOt9Oz6/uLufs65xqmyJ0R31O3oUsckxCUMYVAk63GK/AYiY 5OPwLngOcGFJ/PRy2RoWsyMrVSB2KSDS4UVFE= X-Google-DKIM-Signature: v=1; a=rsa-sha256; c=relaxed/relaxed; d=1e100.net; s=20230601; t=1752873920; x=1753478720; h=references:in-reply-to:cc:to:from:subject:message-id:date :x-gm-message-state:from:to:cc:subject:date:message-id:reply-to; bh=592d5Ix0rZ3mvVSrG65AiubSLLBi0pHxLxofdvMIPk4=; b=QtjFa+DAZHjoTfEinJkVbNBOv05WG3WONIcSNSY3fRFlWyydsO6EgybeEFTBKzC3F6 NHlnlD7LxAYXgYkfkKG5z0haMThXrGJ3+k5dJiQskirJ0AYbWVcwZz3ntkmgj46Dxvko c8CuuRh6+P76iIBUOyQYyAZkWxfVgOFAHkoKq8cyY57qjqACooCcrTdmU2iZuxYQQltJ p3bMbIV1Eca1RtH/T5LuKUyxnFhiMcY4jxMhpzNB0Ut3KfN4ca1SCkV/ai9ObhA9HV+1 zFK9J8TMH95EJn1c+UbiANHsYXaOfOr7Y+V+aSttALduKNrSZxZjMc3tE6N6rgkoURh9 xQ9g== X-Gm-Message-State: AOJu0YzeRzyocCyn4ix2YX1/9fFx8S6IN/c/GqcRu3/xqplV9pLEIogW GTtsoXCZBEdG+6WqTh5PSkH2wfMLrtnhjACOH7jhIq10KCxTK1O1tD4GL+uVokG8UfEDrwWTSLL mxcPoqfjD4Crpxzr5rrlZ3edg//9VwVHq6bB4WM0k5JBzdu+LMwK2T+iQUgL5 X-Gm-Gg: ASbGnctUDD7gPXs60vLrbwZVBbD37AIHb3HuYSX5xyPk9YWTQwQUXFRcrblQXdc9Rg6 gI9OpcOMsTluwzhNkvfF6dr1rZFqFgx6mlbU0F4D3HOi5R7KlDoB7muwbxEx3V7KbFawNtG6rCe SYsjoMhBSGfWaba3SDNYiWe/Q023y0SIM1kPDHVzybeLDyoqxCEhxODwc4n/i6AyWb+oFws1wlo Y3GS0MURwOvqJbjNZmAwonCIpG3uPeUFySsOJvUMS7PHJRs3bwBvdfpMoSjVXhkpOAKUHzY+ooP VsUDDmSxmjyotHMw3GyANtdXDbTbVD5dsaFFwKM+wgu+oAUXnw== X-Google-Smtp-Source: AGHT+IGdnI54SNhUxKTM3y5fl6DNVo+k0OP+YG8xXz5cBoPXhtcgni23Z1qjl8Tg3/4DU94F/QPPLv6nr0fH X-Received: by 2002:a05:6820:6ac7:b0:615:9a1e:8d30 with SMTP id 006d021491bc7-615acc73b58mr6011476eaf.2.1752873919738; Fri, 18 Jul 2025 14:25:19 -0700 (PDT) Received: from postal.iol.unh.edu (postal.iol.unh.edu. [2606:4100:3880:1234::84]) by smtp-relay.gmail.com with ESMTPS id 006d021491bc7-615bcab0f01sm89738eaf.9.2025.07.18.14.25.19 (version=TLS1_2 cipher=ECDHE-ECDSA-AES128-GCM-SHA256 bits=128/128); Fri, 18 Jul 2025 14:25:19 -0700 (PDT) X-Relaying-Domain: iol.unh.edu Date: Fri, 18 Jul 2025 14:25:19 -0700 (PDT) Message-ID: <687abbbf.050a0220.2a7f12.4ca1SMTPIN_ADDED_MISSING@mx.google.com> Received: from [172.21.0.2] (unknown [172.18.0.240]) by postal.iol.unh.edu (Postfix) with ESMTP id AEF14604D420; Fri, 18 Jul 2025 17:25:18 -0400 (EDT) Subject: |FAILURE| pw155336-155347 [PATCH] [v5,13/13] pdump: mark API and app From: dpdklab@iol.unh.edu To: Test Report Cc: dpdk-test-reports@iol.unh.edu, Stephen Hemminger In-Reply-To: <20250718163236.9870-14-stephen@networkplumber.org> References: <20250718163236.9870-14-stephen@networkplumber.org> Content-Type: text/plain X-BeenThere: test-report@dpdk.org X-Mailman-Version: 2.1.29 Precedence: list List-Id: automatic DPDK test reports List-Unsubscribe: , List-Archive: List-Post: List-Help: List-Subscribe: , Errors-To: test-report-bounces@dpdk.org Test-Label: iol-abi-testing Test-Status: FAILURE http://dpdk.org/patch/155347 _Testing issues_ Submitter: Stephen Hemminger Date: Friday, July 18 2025 16:28:30 DPDK git baseline: Repo:dpdk Branch: master CommitID:20a053a223db35244b6daee98d71fdab631646b6 155336-155347 --> testing issues Upstream job id: Generic-DPDK-Compile-ABI#134834 Test environment and result as below: +-------------------------------+----------+ | Environment | abi_test | +===============================+==========+ | CentOS Stream 9 | FAIL | +-------------------------------+----------+ | CentOS Stream 10 | FAIL | +-------------------------------+----------+ | Fedora Linux 40 | FAIL | +-------------------------------+----------+ | Fedora Linux 41 | FAIL | +-------------------------------+----------+ | Debian GNU/Linux 12 | FAIL | +-------------------------------+----------+ | Red Hat Enterprise Linux 8.10 | FAIL | +-------------------------------+----------+ | Ubuntu 22.04 | FAIL | +-------------------------------+----------+ | Ubuntu 24.04 | FAIL | +-------------------------------+----------+ | Red Hat Enterprise Linux 9.5 | FAIL | +-------------------------------+----------+ | openSUSE Leap 15.6 | FAIL | +-------------------------------+----------+ ==== 20 line log output for openSUSE Leap 15.6 (abi_test): ==== Variables changes summary: 0 Removed, 0 Changed, 0 Added variable Functions changes summary: 0 Removed, 0 Changed (2 filtered out), 0 Added functions Variables changes summary: 0 Removed, 0 Changed, 0 Added variable Functions changes summary: 0 Removed, 0 Changed (3 filtered out), 0 Added functions Variables changes summary: 0 Removed, 0 Changed, 0 Added variable Functions changes summary: 0 Removed, 0 Changed (296 filtered out), 0 Added (11 filtered out) functions Variables changes summary: 0 Removed, 0 Changed, 0 Added variable Functions changes summary: 0 Removed, 0 Changed (7 filtered out), 0 Added functions Variables changes summary: 0 Removed, 0 Changed, 0 Added variable Functions changes summary: 0 Removed, 0 Changed (4 filtered out), 0 Added (12 filtered out) functions Variables changes summary: 0 Removed, 0 Changed (1 filtered out), 0 Added variable Functions changes summary: 0 Removed, 0 Changed (216 filtered out), 0 Added (2 filtered out) functions Variables changes summary: 0 Removed, 0 Changed, 0 Added variable ==== End log output ==== CentOS Stream 9 Kernel: 5.15 Compiler: gcc gcc (GCC) 11.5.0 20240719 (Red Hat 11.5.0-7) CentOS Stream 10 Kernel: 5.15 Compiler: gcc gcc (GCC) 14.2.1 20250110 (Red Hat 14.2.1-8) Fedora Linux 40 Kernel: 5.15 Compiler: clang gcc (GCC) 14.2.1 20240912 (Red Hat 14.2.1-3) Fedora Linux 41 Kernel: 5.15 Compiler: gcc gcc (GCC) 14.3.1 20250523 (Red Hat 14.3.1-1) Debian GNU/Linux 12 Kernel: 5.15 Compiler: gcc gcc (Debian 12.2.0-14+deb12u1) 12.2.0 Red Hat Enterprise Linux 8.10 Kernel: 5.15 Compiler: gcc gcc (GCC) 8.5.0 20210514 (Red Hat 8.5.0-22) Ubuntu 22.04 Kernel: 5.15 Compiler: gcc gcc (Ubuntu 11.4.0-1ubuntu1~22.04) 11.4.0 Ubuntu 24.04 Kernel: 5.15 Compiler: gcc gcc (Ubuntu 13.3.0-6ubuntu2~24.04) 13.3.0 Red Hat Enterprise Linux 9.5 Kernel: 5.15 Compiler: gcc gcc (GCC) 11.5.0 20240719 (Red Hat 11.5.0-2) openSUSE Leap 15.6 Kernel: 5.15 Compiler: gcc gcc (SUSE Linux) 7.5.0 To view detailed results, visit: https://lab.dpdk.org/results/dashboard/patchsets/33691/ UNH-IOL DPDK Community Lab To manage your email subscriptions, visit: https://lab.dpdk.org/results/dashboard/preferences/subscriptions/