* |SUCCESS| pw155399-155400 [PATCH v2 2/2] test/strsep: add tests for function strsep()
[not found] <1753130343-29500-2-git-send-email-andremue@linux.microsoft.com>
@ 2025-07-21 20:05 ` qemudev
2025-07-21 20:10 ` qemudev
` (19 subsequent siblings)
20 siblings, 0 replies; 21+ messages in thread
From: qemudev @ 2025-07-21 20:05 UTC (permalink / raw)
To: test-report
Test-Label: loongarch-compilation
Test-Status: SUCCESS
http://dpdk.org/patch/155400
_Compilation OK_
Submitter: Andre Muezerie <andremue@linux.microsoft.com>
Date: Mon, 21 Jul 2025 13:39:02 -0700
DPDK git baseline: Repo:dpdk
Branch: main
CommitID: f6965da493135a5af3a6369da2a1190196d846cc
155399-155400 --> meson & ninja build successfully
Test environment and result as below:
+---------------------+----------------+
| Environment | compilation |
+---------------------+----------------+
| Loongnix-Server 8.3 | PASS |
+---------------------+----------------+
Loongnix-Server 8.3
Kernel: 4.19.190+
Compiler: gcc 8.3
^ permalink raw reply [flat|nested] 21+ messages in thread
* |SUCCESS| pw155399-155400 [PATCH v2 2/2] test/strsep: add tests for function strsep()
[not found] <1753130343-29500-2-git-send-email-andremue@linux.microsoft.com>
2025-07-21 20:05 ` |SUCCESS| pw155399-155400 [PATCH v2 2/2] test/strsep: add tests for function strsep() qemudev
@ 2025-07-21 20:10 ` qemudev
2025-07-21 20:37 ` |SUCCESS| pw155400 [PATCH v2 2/2] test/strsep: add tests for function strsep checkpatch
` (18 subsequent siblings)
20 siblings, 0 replies; 21+ messages in thread
From: qemudev @ 2025-07-21 20:10 UTC (permalink / raw)
To: test-report
Test-Label: loongarch-unit-testing
Test-Status: SUCCESS
http://dpdk.org/patch/155400
_Unit Testing PASS_
Submitter: Andre Muezerie <andremue@linux.microsoft.com>
Date: Mon, 21 Jul 2025 13:39:02 -0700
DPDK git baseline: Repo:dpdk
Branch: main
CommitID: f6965da493135a5af3a6369da2a1190196d846cc
155399-155400 --> testing pass
Test environment and result as below:
+---------------------+----------------+
| Environment | dpdk_unit_test |
+---------------------+----------------+
| Loongnix-Server 8.3 | PASS |
+---------------------+----------------+
Loongnix-Server 8.3
Kernel: 4.19.190+
Compiler: gcc 8.3
Test result details:
1/121 DPDK:fast-tests / acl_autotest OK 3.27s
2/121 DPDK:fast-tests / alarm_autotest OK 1.53s
3/121 DPDK:fast-tests / argparse_autotest OK 0.53s
4/121 DPDK:fast-tests / atomic_autotest OK 7.29s
5/121 DPDK:fast-tests / bitcount_autotest OK 0.40s
6/121 DPDK:fast-tests / bitmap_autotest OK 0.40s
7/121 DPDK:fast-tests / bitops_autotest OK 1.90s
8/121 DPDK:fast-tests / bitratestats_autotest OK 0.40s
9/121 DPDK:fast-tests / bitset_autotest OK 3.12s
10/121 DPDK:fast-tests / bpf_autotest OK 0.40s
11/121 DPDK:fast-tests / bpf_convert_autotest OK 0.40s
12/121 DPDK:fast-tests / byteorder_autotest OK 0.40s
13/121 DPDK:fast-tests / cfgfile_autotest OK 0.40s
14/121 DPDK:fast-tests / cksum_autotest OK 0.40s
15/121 DPDK:fast-tests / cmdline_autotest OK 0.40s
16/121 DPDK:fast-tests / common_autotest OK 1.28s
17/121 DPDK:fast-tests / compressdev_autotest SKIP 0.07s exit status 77
18/121 DPDK:fast-tests / cpuflags_autotest OK 0.39s
19/121 DPDK:fast-tests / crc_autotest OK 0.40s
20/121 DPDK:fast-tests / user_delay_us OK 0.40s
21/121 DPDK:fast-tests / debug_autotest OK 27.30s
22/121 DPDK:fast-tests / devargs_autotest OK 0.39s
23/121 DPDK:fast-tests / dispatcher_autotest OK 2.51s
24/121 DPDK:fast-tests / distributor_autotest OK 1.20s
25/121 DPDK:fast-tests / eal_flags_c_opt_autotest OK 0.77s
26/121 DPDK:fast-tests / eal_flags_main_opt_autotest OK 0.22s
27/121 DPDK:fast-tests / eal_flags_n_opt_autotest OK 0.19s
28/121 DPDK:fast-tests / eal_flags_hpet_autotest OK 0.13s
29/121 DPDK:fast-tests / eal_flags_no_huge_autotest OK 0.22s
30/121 DPDK:fast-tests / eal_flags_a_opt_autotest OK 0.29s
31/121 DPDK:fast-tests / eal_flags_b_opt_autotest OK 0.24s
32/121 DPDK:fast-tests / eal_flags_vdev_opt_autotest OK 0.19s
33/121 DPDK:fast-tests / eal_flags_r_opt_autotest OK 0.18s
34/121 DPDK:fast-tests / eal_flags_mem_autotest OK 0.58s
35/121 DPDK:fast-tests / eal_flags_file_prefix_autotest OK 22.22s
36/121 DPDK:fast-tests / eal_flags_misc_autotest OK 1.02s
37/121 DPDK:fast-tests / eal_fs_autotest OK 0.39s
38/121 DPDK:fast-tests / errno_autotest OK 0.40s
39/121 DPDK:fast-tests / ethdev_link_status OK 0.40s
40/121 DPDK:fast-tests / event_eth_tx_adapter_autotest OK 1.68s
41/121 DPDK:fast-tests / event_ring_autotest OK 0.40s
42/121 DPDK:fast-tests / eventdev_common_autotest OK 0.40s
43/121 DPDK:fast-tests / eventdev_selftest_sw OK 7.19s
44/121 DPDK:fast-tests / fbarray_autotest OK 0.40s
45/121 DPDK:fast-tests / fib_autotest OK 1.24s
46/121 DPDK:fast-tests / fib6_autotest OK 1.03s
47/121 DPDK:fast-tests / func_reentrancy_autotest OK 2.23s
48/121 DPDK:fast-tests / graph_autotest OK 0.40s
49/121 DPDK:fast-tests / node_list_dump OK 0.40s
50/121 DPDK:fast-tests / graph_feature_arc_autotest OK 0.40s
51/121 DPDK:fast-tests / hash_autotest OK 1.02s
52/121 DPDK:fast-tests / hash_readwrite_func_autotest OK 6.41s
53/121 DPDK:fast-tests / interrupt_autotest OK 1.60s
54/121 DPDK:fast-tests / ipfrag_autotest OK 0.07s
55/121 DPDK:fast-tests / ipsec_autotest SKIP 0.40s exit status 77
56/121 DPDK:fast-tests / kvargs_autotest OK 0.40s
57/121 DPDK:fast-tests / latencystats_autotest OK 0.40s
58/121 DPDK:fast-tests / lcore_var_autotest OK 0.54s
59/121 DPDK:fast-tests / lcores_autotest OK 5.21s
60/121 DPDK:fast-tests / logs_autotest OK 0.40s
61/121 DPDK:fast-tests / lpm_autotest OK 2.45s
62/121 DPDK:fast-tests / lpm6_autotest OK 5.56s
63/121 DPDK:fast-tests / malloc_autotest OK 61.37s
64/121 DPDK:fast-tests / mbuf_autotest OK 4.57s
65/121 DPDK:fast-tests / mcslock_autotest OK 2.81s
66/121 DPDK:fast-tests / member_autotest OK 1.63s
67/121 DPDK:fast-tests / memcpy_autotest OK 6.95s
68/121 DPDK:fast-tests / memory_autotest OK 0.10s
69/121 DPDK:fast-tests / mempool_autotest OK 0.44s
70/121 DPDK:fast-tests / memzone_autotest OK 0.14s
71/121 DPDK:fast-tests / meter_autotest OK 0.43s
72/121 DPDK:fast-tests / metrics_autotest OK 0.43s
73/121 DPDK:fast-tests / multiprocess_autotest OK 0.19s
74/121 DPDK:fast-tests / net_ether_autotest OK 1.09s
75/121 DPDK:fast-tests / net_ipv6_autotest OK 0.43s
76/121 DPDK:fast-tests / pcapng_autotest OK 6.88s
77/121 DPDK:fast-tests / pdcp_autotest SKIP 0.07s exit status 77
78/121 DPDK:fast-tests / pdump_autotest OK 0.54s
79/121 DPDK:fast-tests / per_lcore_autotest OK 0.53s
80/121 DPDK:fast-tests / pflock_autotest OK 1.24s
81/121 DPDK:fast-tests / pie_autotest OK 0.44s
82/121 DPDK:fast-tests / ring_pmd_autotest OK 0.43s
83/121 DPDK:fast-tests / power_autotest OK 0.43s
84/121 DPDK:fast-tests / power_cpufreq_autotest SKIP 0.07s exit status 77
85/121 DPDK:fast-tests / power_intel_uncore_autotest SKIP 0.43s exit status 77
86/121 DPDK:fast-tests / power_kvm_vm_autotest SKIP 0.07s exit status 77
87/121 DPDK:fast-tests / prefetch_autotest OK 0.43s
88/121 DPDK:fast-tests / ptr_compress_autotest OK 0.43s
89/121 DPDK:fast-tests / rawdev_autotest OK 0.43s
90/121 DPDK:fast-tests / rcu_qsbr_autotest OK 0.95s
91/121 DPDK:fast-tests / reorder_autotest OK 0.49s
92/121 DPDK:fast-tests / rib_autotest OK 9.08s
93/121 DPDK:fast-tests / rib6_autotest OK 9.08s
94/121 DPDK:fast-tests / ring_autotest OK 0.46s
95/121 DPDK:fast-tests / rwlock_test1_autotest OK 1.18s
96/121 DPDK:fast-tests / rwlock_rda_autotest OK 5.44s
97/121 DPDK:fast-tests / rwlock_rds_wrm_autotest OK 5.44s
98/121 DPDK:fast-tests / rwlock_rde_wro_autotest OK 5.44s
99/121 DPDK:fast-tests / sched_autotest OK 0.44s
100/121 DPDK:fast-tests / security_autotest OK 0.07s
101/121 DPDK:fast-tests / seqlock_autotest OK 2.43s
102/121 DPDK:fast-tests / service_autotest OK 3.14s
103/121 DPDK:fast-tests / soring_autotest OK 0.44s
104/121 DPDK:fast-tests / spinlock_autotest OK 0.51s
105/121 DPDK:fast-tests / stack_autotest OK 0.87s
106/121 DPDK:fast-tests / stack_lf_autotest SKIP 0.06s exit status 77
107/121 DPDK:fast-tests / string_autotest OK 0.43s
108/121 DPDK:fast-tests / strsep_autotest OK 0.43s
109/121 DPDK:fast-tests / table_autotest OK 7.96s
110/121 DPDK:fast-tests / tailq_autotest OK 0.43s
111/121 DPDK:fast-tests / telemetry_data_autotest OK 0.44s
112/121 DPDK:fast-tests / telemetry_json_autotest OK 0.43s
113/121 DPDK:fast-tests / thash_autotest OK 0.45s
114/121 DPDK:fast-tests / threads_autotest OK 0.61s
115/121 DPDK:fast-tests / ticketlock_autotest OK 0.61s
116/121 DPDK:fast-tests / timer_autotest OK 4.19s
117/121 DPDK:fast-tests / trace_autotest OK 0.62s
118/121 DPDK:fast-tests / trace_autotest_with_traces OK 0.50s
119/121 DPDK:fast-tests / vdev_autotest OK 0.50s
120/121 DPDK:fast-tests / version_autotest OK 0.50s
121/121 DPDK:fast-tests / telemetry_all OK 1.37s
Ok: 114
Expected Fail: 0
Fail: 0
Unexpected Pass: 0
Skipped: 7
Timeout: 0
^ permalink raw reply [flat|nested] 21+ messages in thread
* |SUCCESS| pw155400 [PATCH v2 2/2] test/strsep: add tests for function strsep
[not found] <1753130343-29500-2-git-send-email-andremue@linux.microsoft.com>
2025-07-21 20:05 ` |SUCCESS| pw155399-155400 [PATCH v2 2/2] test/strsep: add tests for function strsep() qemudev
2025-07-21 20:10 ` qemudev
@ 2025-07-21 20:37 ` checkpatch
2025-07-21 21:15 ` |SUCCESS| pw155399-155400 [PATCH] [v2,2/2] test/strsep: add tests fo dpdklab
` (17 subsequent siblings)
20 siblings, 0 replies; 21+ messages in thread
From: checkpatch @ 2025-07-21 20:37 UTC (permalink / raw)
To: test-report
Test-Label: checkpatch
Test-Status: SUCCESS
http://dpdk.org/patch/155400
_coding style OK_
^ permalink raw reply [flat|nested] 21+ messages in thread
* |SUCCESS| pw155399-155400 [PATCH] [v2,2/2] test/strsep: add tests fo
[not found] <1753130343-29500-2-git-send-email-andremue@linux.microsoft.com>
` (2 preceding siblings ...)
2025-07-21 20:37 ` |SUCCESS| pw155400 [PATCH v2 2/2] test/strsep: add tests for function strsep checkpatch
@ 2025-07-21 21:15 ` dpdklab
2025-07-21 21:15 ` |PENDING| " dpdklab
` (16 subsequent siblings)
20 siblings, 0 replies; 21+ messages in thread
From: dpdklab @ 2025-07-21 21:15 UTC (permalink / raw)
To: Test Report; +Cc: dpdk-test-reports
Test-Label: iol-marvell-Functional
Test-Status: SUCCESS
http://dpdk.org/patch/155400
_Functional Testing PASS_
Submitter: Andre Muezerie <andremue@linux.microsoft.com>
Date: Monday, July 21 2025 20:39:03
DPDK git baseline: Repo:dpdk
Branch: master
CommitID:b222395561638f89562e4ef42e1eabf2d6db43dd
155399-155400 --> functional testing pass
Upstream job id: Template-DTS-Pipeline#237523
Test environment and result as below:
Ubuntu 20.04.6
Kernel: 5.4.105
Compiler: gcc 9.4
NIC: Marvell CN106XX 50000 Mbps
Target: arm64-native-linuxapp-gcc
Aggregate Results by Test Suite
+----------------+--------+
| Test Suite | Result |
+================+========+
| cmdline | PASS |
+----------------+--------+
| rxtx_callbacks | PASS |
+----------------+--------+
To view detailed results, visit:
https://lab.dpdk.org/results/dashboard/patchsets/33716/
UNH-IOL DPDK Community Lab
To manage your email subscriptions, visit:
https://lab.dpdk.org/results/dashboard/preferences/subscriptions/
^ permalink raw reply [flat|nested] 21+ messages in thread
* |PENDING| pw155399-155400 [PATCH] [v2,2/2] test/strsep: add tests fo
[not found] <1753130343-29500-2-git-send-email-andremue@linux.microsoft.com>
` (3 preceding siblings ...)
2025-07-21 21:15 ` |SUCCESS| pw155399-155400 [PATCH] [v2,2/2] test/strsep: add tests fo dpdklab
@ 2025-07-21 21:15 ` dpdklab
2025-07-21 21:18 ` dpdklab
` (15 subsequent siblings)
20 siblings, 0 replies; 21+ messages in thread
From: dpdklab @ 2025-07-21 21:15 UTC (permalink / raw)
To: Test Report; +Cc: dpdk-test-reports
Test-Label: iol-unit-amd64-testing
Test-Status: PENDING
http://dpdk.org/patch/155400
_Testing pending_
Submitter: Andre Muezerie <andremue@linux.microsoft.com>
Date: Monday, July 21 2025 20:39:03
DPDK git baseline: Repo:dpdk
Branch: master
CommitID:b222395561638f89562e4ef42e1eabf2d6db43dd
155399-155400 --> testing pending
Upstream job id: Generic-Unit-Test-DPDK#357023
Test environment and result as below:
+-------------------------------+----------------+
| Environment | dpdk_unit_test |
+===============================+================+
| CentOS Stream 9 | PEND |
+-------------------------------+----------------+
| Debian GNU/Linux 12 | PEND |
+-------------------------------+----------------+
| Fedora Linux 40 | PEND |
+-------------------------------+----------------+
| Fedora Linux 41 | PEND |
+-------------------------------+----------------+
| CentOS Stream 10 | PEND |
+-------------------------------+----------------+
| Ubuntu 22.04 | PEND |
+-------------------------------+----------------+
| Ubuntu 20.04 | PASS |
+-------------------------------+----------------+
| Red Hat Enterprise Linux 8.10 | PEND |
+-------------------------------+----------------+
| Ubuntu 24.04 | PEND |
+-------------------------------+----------------+
| Red Hat Enterprise Linux 9.5 | PEND |
+-------------------------------+----------------+
| Windows Server 2022 | PEND |
+-------------------------------+----------------+
CentOS Stream 9
Kernel: 5.15
Compiler: gcc gcc (GCC) 11.5.0 20240719 (Red Hat 11.5.0-7)
Debian GNU/Linux 12
Kernel: 5.15
Compiler: gcc gcc (Debian 12.2.0-14+deb12u1) 12.2.0
Fedora Linux 40
Kernel: 5.15
Compiler: gcc gcc (GCC) 14.2.1 20240912 (Red Hat 14.2.1-3)
Fedora Linux 41
Kernel: 5.15
Compiler: gcc gcc (GCC) 14.3.1 20250523 (Red Hat 14.3.1-1)
CentOS Stream 10
Kernel: 5.15
Compiler: gcc gcc (GCC) 14.2.1 20250110 (Red Hat 14.2.1-8)
Ubuntu 22.04
Kernel: 5.15
Compiler: gcc gcc (Ubuntu 11.4.0-1ubuntu1~22.04) 11.4.0
Ubuntu 20.04
Kernel: 5.15
Compiler: gcc gcc (Ubuntu 9.4.0-1ubuntu1~20.04.2) 9.4.0
Red Hat Enterprise Linux 8.10
Kernel: 5.15
Compiler: gcc gcc (GCC) 8.5.0 20210514 (Red Hat 8.5.0-22)
Ubuntu 24.04
Kernel: 5.15
Compiler: gcc gcc (Ubuntu 13.3.0-6ubuntu2~24.04) 13.3.0
Red Hat Enterprise Linux 9.5
Kernel: 5.15
Compiler: gcc gcc (GCC) 11.5.0 20240719 (Red Hat 11.5.0-2)
Windows Server 2022
Kernel: 10.0.20348.2031
Compiler: clang 15.0.7, gcc 14.1.0 (MinGW), and MSVC VS 19.39.33521
To view detailed results, visit:
https://lab.dpdk.org/results/dashboard/patchsets/33716/
UNH-IOL DPDK Community Lab
To manage your email subscriptions, visit:
https://lab.dpdk.org/results/dashboard/preferences/subscriptions/
^ permalink raw reply [flat|nested] 21+ messages in thread
* |PENDING| pw155399-155400 [PATCH] [v2,2/2] test/strsep: add tests fo
[not found] <1753130343-29500-2-git-send-email-andremue@linux.microsoft.com>
` (4 preceding siblings ...)
2025-07-21 21:15 ` |PENDING| " dpdklab
@ 2025-07-21 21:18 ` dpdklab
2025-07-21 21:20 ` |SUCCESS| " dpdklab
` (14 subsequent siblings)
20 siblings, 0 replies; 21+ messages in thread
From: dpdklab @ 2025-07-21 21:18 UTC (permalink / raw)
To: Test Report; +Cc: dpdk-test-reports
Test-Label: iol-compile-amd64-testing
Test-Status: PENDING
http://dpdk.org/patch/155400
_Testing pending_
Submitter: Andre Muezerie <andremue@linux.microsoft.com>
Date: Monday, July 21 2025 20:39:03
DPDK git baseline: Repo:dpdk
Branch: master
CommitID:b222395561638f89562e4ef42e1eabf2d6db43dd
155399-155400 --> testing pending
Upstream job id: Generic-VM-DPDK-Compile-Meson#37283
Test environment and result as below:
+-------------------------------+--------------------+-------------------+------------------+-------------------+-------------------------+
| Environment | dpdk_meson_compile | dpdk_compile_spdk | dpdk_compile_ovs | dpdk_msvc_compile | dpdk_llvm_clang_compile |
+===============================+====================+===================+==================+===================+=========================+
| CentOS Stream 9 | PEND | PEND | SKIPPED | SKIPPED | SKIPPED |
+-------------------------------+--------------------+-------------------+------------------+-------------------+-------------------------+
| CentOS Stream 10 | PEND | SKIPPED | SKIPPED | SKIPPED | SKIPPED |
+-------------------------------+--------------------+-------------------+------------------+-------------------+-------------------------+
| Debian GNU/Linux 12 | PEND | PEND | SKIPPED | SKIPPED | SKIPPED |
+-------------------------------+--------------------+-------------------+------------------+-------------------+-------------------------+
| Ubuntu 20.04 | PASS | SKIPPED | SKIPPED | SKIPPED | SKIPPED |
+-------------------------------+--------------------+-------------------+------------------+-------------------+-------------------------+
| Fedora Linux 41 | PEND | PEND | PEND | SKIPPED | SKIPPED |
+-------------------------------+--------------------+-------------------+------------------+-------------------+-------------------------+
| Fedora Linux 40 | PEND | PEND | SKIPPED | SKIPPED | SKIPPED |
+-------------------------------+--------------------+-------------------+------------------+-------------------+-------------------------+
| openSUSE Leap 15.6 | PEND | SKIPPED | SKIPPED | SKIPPED | SKIPPED |
+-------------------------------+--------------------+-------------------+------------------+-------------------+-------------------------+
| Red Hat Enterprise Linux 9.5 | PEND | SKIPPED | SKIPPED | SKIPPED | SKIPPED |
+-------------------------------+--------------------+-------------------+------------------+-------------------+-------------------------+
| Red Hat Enterprise Linux 8.10 | PEND | SKIPPED | SKIPPED | SKIPPED | SKIPPED |
+-------------------------------+--------------------+-------------------+------------------+-------------------+-------------------------+
| Ubuntu 22.04 | PEND | PEND | SKIPPED | SKIPPED | SKIPPED |
+-------------------------------+--------------------+-------------------+------------------+-------------------+-------------------------+
| Ubuntu 24.04 | PEND | PEND | PEND | SKIPPED | SKIPPED |
+-------------------------------+--------------------+-------------------+------------------+-------------------+-------------------------+
| FreeBSD 14.2 | PEND | SKIPPED | SKIPPED | SKIPPED | SKIPPED |
+-------------------------------+--------------------+-------------------+------------------+-------------------+-------------------------+
| Windows Server 2022 | SKIPPED | SKIPPED | SKIPPED | PEND | PEND |
+-------------------------------+--------------------+-------------------+------------------+-------------------+-------------------------+
CentOS Stream 9
Kernel: 5.15
Compiler: gcc gcc (GCC) 11.5.0 20240719 (Red Hat 11.5.0-7)
CentOS Stream 10
Kernel: 5.15
Compiler: gcc gcc (GCC) 14.2.1 20250110 (Red Hat 14.2.1-8)
Debian GNU/Linux 12
Kernel: 5.15
Compiler: gcc gcc (Debian 12.2.0-14+deb12u1) 12.2.0
Ubuntu 20.04
Kernel: 5.15
Compiler: gcc gcc (Ubuntu 9.4.0-1ubuntu1~20.04.2) 9.4.0
Fedora Linux 41
Kernel: 5.15
Compiler: gcc gcc (GCC) 14.3.1 20250523 (Red Hat 14.3.1-1)
Fedora Linux 40
Kernel: 5.15
Compiler: clang gcc (GCC) 14.2.1 20240912 (Red Hat 14.2.1-3)
openSUSE Leap 15.6
Kernel: 5.15
Compiler: gcc gcc (SUSE Linux) 7.5.0
Red Hat Enterprise Linux 9.5
Kernel: 5.15
Compiler: gcc gcc (GCC) 11.5.0 20240719 (Red Hat 11.5.0-2)
Red Hat Enterprise Linux 8.10
Kernel: 5.15
Compiler: gcc gcc (GCC) 8.5.0 20210514 (Red Hat 8.5.0-22)
Ubuntu 22.04
Kernel: 5.15
Compiler: gcc gcc (Ubuntu 11.4.0-1ubuntu1~22.04) 11.4.0
Ubuntu 24.04
Kernel: 5.15
Compiler: gcc gcc (Ubuntu 13.3.0-6ubuntu2~24.04) 13.3.0
FreeBSD 14.2
Kernel: 14.2-RELEASE
Compiler: clang 18.1.6
Windows Server 2022
Kernel: 10.0.20348.2031
Compiler: clang 15.0.7, gcc 14.1.0 (MinGW), and MSVC VS 19.39.33521
To view detailed results, visit:
https://lab.dpdk.org/results/dashboard/patchsets/33716/
UNH-IOL DPDK Community Lab
To manage your email subscriptions, visit:
https://lab.dpdk.org/results/dashboard/preferences/subscriptions/
^ permalink raw reply [flat|nested] 21+ messages in thread
* |SUCCESS| pw155399-155400 [PATCH] [v2,2/2] test/strsep: add tests fo
[not found] <1753130343-29500-2-git-send-email-andremue@linux.microsoft.com>
` (5 preceding siblings ...)
2025-07-21 21:18 ` dpdklab
@ 2025-07-21 21:20 ` dpdklab
2025-07-21 21:21 ` |PENDING| " dpdklab
` (13 subsequent siblings)
20 siblings, 0 replies; 21+ messages in thread
From: dpdklab @ 2025-07-21 21:20 UTC (permalink / raw)
To: Test Report; +Cc: dpdk-test-reports
Test-Label: iol-broadcom-Performance
Test-Status: SUCCESS
http://dpdk.org/patch/155400
_Performance Testing PASS_
Submitter: Andre Muezerie <andremue@linux.microsoft.com>
Date: Monday, July 21 2025 20:39:03
DPDK git baseline: Repo:dpdk
Branch: master
CommitID:b222395561638f89562e4ef42e1eabf2d6db43dd
155399-155400 --> performance testing pass
Upstream job id: Template-DTS-Pipeline#237517
Test environment and result as below:
Ubuntu 22.04
Kernel: 5.15
Compiler: gcc gcc (Ubuntu 11.4.0-1ubuntu1~22.04) 11.4.0
NIC: Arm Broadcom Inc. brcm_57414 25000 Mbps
Fail/Total: 0/2
Detail performance results:
+------------+---------+----------+-------------+------------------------------+
| frame_size | txd/rxd | num_cpus | num_threads | throughput difference from |
| | | | | expected |
+============+=========+==========+=============+==============================+
| 64 | 512 | 1 | 1 | 0.0% |
+------------+---------+----------+-------------+------------------------------+
| 64 | 2048 | 1 | 1 | -0.1% |
+------------+---------+----------+-------------+------------------------------+
Ubuntu 22.04
Kernel: 5.15
Compiler: gcc gcc (Ubuntu 11.4.0-1ubuntu1~22.04) 11.4.0
NIC: Broadcom Inc. and subsidiaries BCM57414 NetXtreme-E 10Gb/25Gb RDMA Ethernet Controller 16d7 25 Mbps
Fail/Total: 0/3
Detail performance results:
+------------+---------+----------+-------------+------------------------------+
| frame_size | txd/rxd | num_cpus | num_threads | throughput difference from |
| | | | | expected |
+============+=========+==========+=============+==============================+
| 64 | 128 | 1 | 1 | -0.3% |
+------------+---------+----------+-------------+------------------------------+
| 64 | 512 | 1 | 1 | 1.0% |
+------------+---------+----------+-------------+------------------------------+
| 64 | 2048 | 1 | 1 | -0.2% |
+------------+---------+----------+-------------+------------------------------+
To view detailed results, visit:
https://lab.dpdk.org/results/dashboard/patchsets/33716/
UNH-IOL DPDK Community Lab
To manage your email subscriptions, visit:
https://lab.dpdk.org/results/dashboard/preferences/subscriptions/
^ permalink raw reply [flat|nested] 21+ messages in thread
* |PENDING| pw155399-155400 [PATCH] [v2,2/2] test/strsep: add tests fo
[not found] <1753130343-29500-2-git-send-email-andremue@linux.microsoft.com>
` (6 preceding siblings ...)
2025-07-21 21:20 ` |SUCCESS| " dpdklab
@ 2025-07-21 21:21 ` dpdklab
2025-07-21 21:22 ` |SUCCESS| " dpdklab
` (12 subsequent siblings)
20 siblings, 0 replies; 21+ messages in thread
From: dpdklab @ 2025-07-21 21:21 UTC (permalink / raw)
To: Test Report; +Cc: dpdk-test-reports
Test-Label: iol-unit-arm64-testing
Test-Status: PENDING
http://dpdk.org/patch/155400
_Testing pending_
Submitter: Andre Muezerie <andremue@linux.microsoft.com>
Date: Monday, July 21 2025 20:39:03
DPDK git baseline: Repo:dpdk
Branch: master
CommitID:b222395561638f89562e4ef42e1eabf2d6db43dd
155399-155400 --> testing pending
Upstream job id: Generic-Unit-Test-DPDK#357017
Test environment and result as below:
+------------------------------+----------------+--------------+---------------------------+------------------------------+
| Environment | dpdk_unit_test | lpm_autotest | cryptodev_sw_zuc_autotest | cryptodev_sw_snow3g_autotest |
+==============================+================+==============+===========================+==============================+
| CentOS Stream 9 | PEND | SKIPPED | SKIPPED | SKIPPED |
+------------------------------+----------------+--------------+---------------------------+------------------------------+
| Fedora Linux 40 | PEND | SKIPPED | SKIPPED | SKIPPED |
+------------------------------+----------------+--------------+---------------------------+------------------------------+
| Debian GNU/Linux 12 | PEND | SKIPPED | SKIPPED | SKIPPED |
+------------------------------+----------------+--------------+---------------------------+------------------------------+
| CentOS Stream 10 | PEND | SKIPPED | SKIPPED | SKIPPED |
+------------------------------+----------------+--------------+---------------------------+------------------------------+
| Fedora Linux 41 | PEND | SKIPPED | SKIPPED | SKIPPED |
+------------------------------+----------------+--------------+---------------------------+------------------------------+
| Ubuntu 22.04 | PEND | SKIPPED | SKIPPED | SKIPPED |
+------------------------------+----------------+--------------+---------------------------+------------------------------+
| Red Hat Enterprise Linux 9.5 | PEND | SKIPPED | SKIPPED | SKIPPED |
+------------------------------+----------------+--------------+---------------------------+------------------------------+
| Ubuntu 20.04 | PEND | PEND | SKIPPED | SKIPPED |
+------------------------------+----------------+--------------+---------------------------+------------------------------+
| Ubuntu 24.04 | PEND | SKIPPED | SKIPPED | SKIPPED |
+------------------------------+----------------+--------------+---------------------------+------------------------------+
| Debian 12 (arm) | SKIPPED | SKIPPED | PEND | PEND |
+------------------------------+----------------+--------------+---------------------------+------------------------------+
CentOS Stream 9
Kernel: 5.4
Compiler: gcc gcc (GCC) 11.5.0 20240719 (Red Hat 11.5.0-7)
Fedora Linux 40
Kernel: 5.4
Compiler: gcc gcc (GCC) 14.2.1 20240912 (Red Hat 14.2.1-3)
Debian GNU/Linux 12
Kernel: 5.4
Compiler: gcc gcc (Debian 12.2.0-14+deb12u1) 12.2.0
CentOS Stream 10
Kernel: 5.4
Compiler: gcc gcc (GCC) 14.2.1 20250110 (Red Hat 14.2.1-8)
Fedora Linux 41
Kernel: 5.4
Compiler: gcc gcc (GCC) 14.3.1 20250523 (Red Hat 14.3.1-1)
Ubuntu 22.04
Kernel: 5.4
Compiler: gcc gcc (Ubuntu 11.4.0-1ubuntu1~22.04) 11.4.0
Red Hat Enterprise Linux 9.5
Kernel: 5.4
Compiler: gcc gcc (GCC) 11.5.0 20240719 (Red Hat 11.5.0-2)
Ubuntu 20.04
Kernel: 5.4
Compiler: gcc gcc (Ubuntu 9.4.0-1ubuntu1~20.04.2) 9.4.0
Ubuntu 24.04
Kernel: 5.4
Compiler: gcc gcc (Ubuntu 13.3.0-6ubuntu2~24.04) 13.3.0
Debian 12 (arm)
Kernel: Depends on container host
Compiler: gcc (Debian 12.2.0-14) 12.2.0
To view detailed results, visit:
https://lab.dpdk.org/results/dashboard/patchsets/33716/
UNH-IOL DPDK Community Lab
To manage your email subscriptions, visit:
https://lab.dpdk.org/results/dashboard/preferences/subscriptions/
^ permalink raw reply [flat|nested] 21+ messages in thread
* |SUCCESS| pw155399-155400 [PATCH] [v2,2/2] test/strsep: add tests fo
[not found] <1753130343-29500-2-git-send-email-andremue@linux.microsoft.com>
` (7 preceding siblings ...)
2025-07-21 21:21 ` |PENDING| " dpdklab
@ 2025-07-21 21:22 ` dpdklab
2025-07-21 21:25 ` dpdklab
` (11 subsequent siblings)
20 siblings, 0 replies; 21+ messages in thread
From: dpdklab @ 2025-07-21 21:22 UTC (permalink / raw)
To: Test Report; +Cc: dpdk-test-reports
Test-Label: iol-intel-Functional
Test-Status: SUCCESS
http://dpdk.org/patch/155400
_Functional Testing PASS_
Submitter: Andre Muezerie <andremue@linux.microsoft.com>
Date: Monday, July 21 2025 20:39:03
DPDK git baseline: Repo:dpdk
Branch: master
CommitID:b222395561638f89562e4ef42e1eabf2d6db43dd
155399-155400 --> functional testing pass
Upstream job id: Template-DTS-Pipeline#237524
Test environment and result as below:
Ubuntu 24.04
Kernel: 6.8
Compiler: gcc gcc (Ubuntu 13.3.0-6ubuntu2~24.04) 13.3.0
NIC: Intel Corporation 4xxx Series QAT 0 Mbps
Aggregate Results by Test Suite
+----------------------------+--------+
| Test Suite | Result |
+============================+========+
| crypto_perf_cryptodev_perf | PASS |
+----------------------------+--------+
To view detailed results, visit:
https://lab.dpdk.org/results/dashboard/patchsets/33716/
UNH-IOL DPDK Community Lab
To manage your email subscriptions, visit:
https://lab.dpdk.org/results/dashboard/preferences/subscriptions/
^ permalink raw reply [flat|nested] 21+ messages in thread
* |SUCCESS| pw155399-155400 [PATCH] [v2,2/2] test/strsep: add tests fo
[not found] <1753130343-29500-2-git-send-email-andremue@linux.microsoft.com>
` (8 preceding siblings ...)
2025-07-21 21:22 ` |SUCCESS| " dpdklab
@ 2025-07-21 21:25 ` dpdklab
2025-07-21 21:30 ` dpdklab
` (10 subsequent siblings)
20 siblings, 0 replies; 21+ messages in thread
From: dpdklab @ 2025-07-21 21:25 UTC (permalink / raw)
To: Ali Alnubani, Test Report; +Cc: dpdk-test-reports
Test-Label: iol-mellanox-Performance
Test-Status: SUCCESS
http://dpdk.org/patch/155400
_Performance Testing PASS_
Submitter: Andre Muezerie <andremue@linux.microsoft.com>
Date: Monday, July 21 2025 20:39:03
DPDK git baseline: Repo:dpdk
Branch: master
CommitID:b222395561638f89562e4ef42e1eabf2d6db43dd
155399-155400 --> performance testing pass
Upstream job id: Template-DTS-Pipeline#237514
Test environment and result as below:
Ubuntu 24.04
Kernel: 6.8
Compiler: gcc gcc (Ubuntu 13.3.0-6ubuntu2~24.04) 13.3.0
NIC: NVIDIA Mellanox ConnectX-7 100000 Mbps
Fail/Total: 0/6
Detail performance results:
+------------+---------+----------+-------------+------------------------------+
| frame_size | txd/rxd | num_cpus | num_threads | throughput difference from |
| | | | | expected |
+============+=========+==========+=============+==============================+
| 64 | 1024 | 1 | 1 | 0.0% |
+------------+---------+----------+-------------+------------------------------+
| 128 | 1024 | 1 | 1 | -0.2% |
+------------+---------+----------+-------------+------------------------------+
| 256 | 1024 | 1 | 1 | 0.9% |
+------------+---------+----------+-------------+------------------------------+
| 512 | 1024 | 1 | 1 | -0.1% |
+------------+---------+----------+-------------+------------------------------+
| 1024 | 1024 | 1 | 1 | 0.0% |
+------------+---------+----------+-------------+------------------------------+
| 1518 | 1024 | 1 | 1 | -0.0% |
+------------+---------+----------+-------------+------------------------------+
Ubuntu 24.04
Kernel: 6.8
Compiler: gcc gcc (Ubuntu 13.3.0-6ubuntu2~24.04) 13.3.0
NIC: Mellanox ConnectX-6 Lx 25000 Mbps
Fail/Total: 0/6
Detail performance results:
+------------+---------+----------+-------------+------------------------------+
| frame_size | txd/rxd | num_cpus | num_threads | throughput difference from |
| | | | | expected |
+============+=========+==========+=============+==============================+
| 64 | 1024 | 1 | 1 | -0.0% |
+------------+---------+----------+-------------+------------------------------+
| 128 | 1024 | 1 | 1 | -0.0% |
+------------+---------+----------+-------------+------------------------------+
| 256 | 1024 | 1 | 1 | 0.1% |
+------------+---------+----------+-------------+------------------------------+
| 512 | 1024 | 1 | 1 | 0.0% |
+------------+---------+----------+-------------+------------------------------+
| 1024 | 1024 | 1 | 1 | -0.0% |
+------------+---------+----------+-------------+------------------------------+
| 1518 | 1024 | 1 | 1 | -0.0% |
+------------+---------+----------+-------------+------------------------------+
To view detailed results, visit:
https://lab.dpdk.org/results/dashboard/patchsets/33716/
UNH-IOL DPDK Community Lab
To manage your email subscriptions, visit:
https://lab.dpdk.org/results/dashboard/preferences/subscriptions/
^ permalink raw reply [flat|nested] 21+ messages in thread
* |SUCCESS| pw155399-155400 [PATCH] [v2,2/2] test/strsep: add tests fo
[not found] <1753130343-29500-2-git-send-email-andremue@linux.microsoft.com>
` (9 preceding siblings ...)
2025-07-21 21:25 ` dpdklab
@ 2025-07-21 21:30 ` dpdklab
2025-07-21 21:30 ` dpdklab
` (9 subsequent siblings)
20 siblings, 0 replies; 21+ messages in thread
From: dpdklab @ 2025-07-21 21:30 UTC (permalink / raw)
To: Test Report; +Cc: dpdk-test-reports
Test-Label: iol-intel-Performance
Test-Status: SUCCESS
http://dpdk.org/patch/155400
_Performance Testing PASS_
Submitter: Andre Muezerie <andremue@linux.microsoft.com>
Date: Monday, July 21 2025 20:39:03
DPDK git baseline: Repo:dpdk
Branch: master
CommitID:b222395561638f89562e4ef42e1eabf2d6db43dd
155399-155400 --> performance testing pass
Upstream job id: Template-DTS-Pipeline#237516
Test environment and result as below:
Ubuntu 22.04
Kernel: 5.15
Compiler: gcc gcc (Ubuntu 11.4.0-1ubuntu1~22.04) 11.4.0
NIC: Intel E810 100000 Mbps
Fail/Total: 0/2
Detail performance results:
+------------+---------+----------+-------------+------------------------------+
| frame_size | txd/rxd | num_cpus | num_threads | throughput difference from |
| | | | | expected |
+============+=========+==========+=============+==============================+
| 64 | 512 | 1 | 1 | -0.4% |
+------------+---------+----------+-------------+------------------------------+
| 64 | 2048 | 1 | 1 | 0.0% |
+------------+---------+----------+-------------+------------------------------+
Ubuntu 20.04
Kernel: 5.4
Compiler: gcc gcc (Ubuntu 9.4.0-1ubuntu1~20.04.1) 9.4.0
NIC: Intel Corporation Ethernet Converged Network Adapter XL710-QDA2 40000 Mbps
Fail/Total: 0/4
Detail performance results:
+----------+-------------+---------+------------+------------------------------+
| num_cpus | num_threads | txd/rxd | frame_size | throughput difference from |
| | | | | expected |
+==========+=============+=========+============+==============================+
| 1 | 2 | 512 | 64 | -0.3% |
+----------+-------------+---------+------------+------------------------------+
| 1 | 2 | 2048 | 64 | -1.5% |
+----------+-------------+---------+------------+------------------------------+
| 1 | 1 | 512 | 64 | -3.2% |
+----------+-------------+---------+------------+------------------------------+
| 1 | 1 | 2048 | 64 | -2.4% |
+----------+-------------+---------+------------+------------------------------+
Ubuntu 24.04
Kernel: 6.8
Compiler: gcc gcc (Ubuntu 13.3.0-6ubuntu2~24.04) 13.3.0
NIC: Intel E810 (Arm Grace Server) 100000 Mbps
Fail/Total: 0/2
Detail performance results:
+------------+---------+----------+-------------+------------------------------+
| frame_size | txd/rxd | num_cpus | num_threads | throughput difference from |
| | | | | expected |
+============+=========+==========+=============+==============================+
| 64 | 512 | 1 | 1 | -0.2% |
+------------+---------+----------+-------------+------------------------------+
| 64 | 2048 | 1 | 1 | -0.1% |
+------------+---------+----------+-------------+------------------------------+
To view detailed results, visit:
https://lab.dpdk.org/results/dashboard/patchsets/33716/
UNH-IOL DPDK Community Lab
To manage your email subscriptions, visit:
https://lab.dpdk.org/results/dashboard/preferences/subscriptions/
^ permalink raw reply [flat|nested] 21+ messages in thread
* |SUCCESS| pw155399-155400 [PATCH] [v2,2/2] test/strsep: add tests fo
[not found] <1753130343-29500-2-git-send-email-andremue@linux.microsoft.com>
` (10 preceding siblings ...)
2025-07-21 21:30 ` dpdklab
@ 2025-07-21 21:30 ` dpdklab
2025-07-21 21:45 ` dpdklab
` (8 subsequent siblings)
20 siblings, 0 replies; 21+ messages in thread
From: dpdklab @ 2025-07-21 21:30 UTC (permalink / raw)
To: Test Report; +Cc: dpdk-test-reports
Test-Label: iol-intel-Functional
Test-Status: SUCCESS
http://dpdk.org/patch/155400
_Functional Testing PASS_
Submitter: Andre Muezerie <andremue@linux.microsoft.com>
Date: Monday, July 21 2025 20:39:03
DPDK git baseline: Repo:dpdk
Branch: master
CommitID:b222395561638f89562e4ef42e1eabf2d6db43dd
155399-155400 --> functional testing pass
Upstream job id: Template-DTS-Pipeline#237520
Test environment and result as below:
Ubuntu 24.04
Kernel: 6.8
Compiler: gcc gcc (Ubuntu 13.3.0-6ubuntu2~24.04) 13.3.0
NIC: Intel Corporation 4xxx Series QAT 0 Mbps
Aggregate Results by Test Suite
+----------------------------+--------+
| Test Suite | Result |
+============================+========+
| crypto_perf_cryptodev_perf | PASS |
+----------------------------+--------+
Ubuntu 20.04
Kernel: 5.4
Compiler: gcc gcc (Ubuntu 9.4.0-1ubuntu1~20.04.1) 9.4.0
NIC: Intel Corporation Ethernet Converged Network Adapter XL710-QDA2 40000 Mbps
Aggregate Results by Test Suite
+-----------------------------+--------+
| Test Suite | Result |
+=============================+========+
| unit_tests_mbuf | PASS |
+-----------------------------+--------+
| vhost_virtio_user_interrupt | PASS |
+-----------------------------+--------+
| virtio_smoke | PASS |
+-----------------------------+--------+
To view detailed results, visit:
https://lab.dpdk.org/results/dashboard/patchsets/33716/
UNH-IOL DPDK Community Lab
To manage your email subscriptions, visit:
https://lab.dpdk.org/results/dashboard/preferences/subscriptions/
^ permalink raw reply [flat|nested] 21+ messages in thread
* |SUCCESS| pw155399-155400 [PATCH] [v2,2/2] test/strsep: add tests fo
[not found] <1753130343-29500-2-git-send-email-andremue@linux.microsoft.com>
` (11 preceding siblings ...)
2025-07-21 21:30 ` dpdklab
@ 2025-07-21 21:45 ` dpdklab
2025-07-21 21:53 ` |PENDING| " dpdklab
` (7 subsequent siblings)
20 siblings, 0 replies; 21+ messages in thread
From: dpdklab @ 2025-07-21 21:45 UTC (permalink / raw)
To: Test Report; +Cc: dpdk-test-reports
Test-Label: iol-intel-Functional
Test-Status: SUCCESS
http://dpdk.org/patch/155400
_Functional Testing PASS_
Submitter: Andre Muezerie <andremue@linux.microsoft.com>
Date: Monday, July 21 2025 20:39:03
DPDK git baseline: Repo:dpdk
Branch: master
CommitID:b222395561638f89562e4ef42e1eabf2d6db43dd
155399-155400 --> functional testing pass
Upstream job id: Template-DTS-Pipeline#237522
Test environment and result as below:
Ubuntu 24.04
Kernel: 6.8
Compiler: gcc gcc (Ubuntu 13.3.0-6ubuntu2~24.04) 13.3.0
NIC: Intel Corporation 4xxx Series QAT 0 Mbps
Aggregate Results by Test Suite
+----------------------------+--------+
| Test Suite | Result |
+============================+========+
| crypto_perf_cryptodev_perf | PASS |
+----------------------------+--------+
Ubuntu 22.04
Kernel: 5.15
Compiler: gcc gcc (Ubuntu 11.4.0-1ubuntu1~22.04) 11.4.0
NIC: Intel Corporation QAT 8970 0 Mbps
Aggregate Results by Test Suite
+----------------------------+--------+
| Test Suite | Result |
+============================+========+
| crypto_perf_cryptodev_perf | PASS |
+----------------------------+--------+
Ubuntu 20.04
Kernel: 5.4
Compiler: gcc gcc (Ubuntu 9.4.0-1ubuntu1~20.04.1) 9.4.0
NIC: Intel Corporation Ethernet Converged Network Adapter XL710-QDA2 40000 Mbps
Aggregate Results by Test Suite
+-----------------------------+--------+
| Test Suite | Result |
+=============================+========+
| unit_tests_mbuf | PASS |
+-----------------------------+--------+
| vhost_virtio_user_interrupt | PASS |
+-----------------------------+--------+
| virtio_smoke | PASS |
+-----------------------------+--------+
To view detailed results, visit:
https://lab.dpdk.org/results/dashboard/patchsets/33716/
UNH-IOL DPDK Community Lab
To manage your email subscriptions, visit:
https://lab.dpdk.org/results/dashboard/preferences/subscriptions/
^ permalink raw reply [flat|nested] 21+ messages in thread
* |PENDING| pw155399-155400 [PATCH] [v2,2/2] test/strsep: add tests fo
[not found] <1753130343-29500-2-git-send-email-andremue@linux.microsoft.com>
` (12 preceding siblings ...)
2025-07-21 21:45 ` dpdklab
@ 2025-07-21 21:53 ` dpdklab
2025-07-21 22:01 ` |SUCCESS| " dpdklab
` (6 subsequent siblings)
20 siblings, 0 replies; 21+ messages in thread
From: dpdklab @ 2025-07-21 21:53 UTC (permalink / raw)
To: Test Report; +Cc: dpdk-test-reports
Test-Label: iol-abi-testing
Test-Status: PENDING
http://dpdk.org/patch/155400
_Testing pending_
Submitter: Andre Muezerie <andremue@linux.microsoft.com>
Date: Monday, July 21 2025 20:39:03
DPDK git baseline: Repo:dpdk
Branch: master
CommitID:b222395561638f89562e4ef42e1eabf2d6db43dd
155399-155400 --> testing pending
Upstream job id: Generic-DPDK-Compile-ABI#135159
Test environment and result as below:
+-------------------------------+----------+
| Environment | abi_test |
+===============================+==========+
| Debian GNU/Linux 12 | PEND |
+-------------------------------+----------+
| Fedora Linux 41 | PEND |
+-------------------------------+----------+
| Fedora Linux 40 | PEND |
+-------------------------------+----------+
| CentOS Stream 9 | PEND |
+-------------------------------+----------+
| openSUSE Leap 15.6 | PEND |
+-------------------------------+----------+
| Red Hat Enterprise Linux 8.10 | PEND |
+-------------------------------+----------+
| Ubuntu 24.04 | PEND |
+-------------------------------+----------+
| Ubuntu 22.04 | PASS |
+-------------------------------+----------+
| Red Hat Enterprise Linux 9.5 | PEND |
+-------------------------------+----------+
| CentOS Stream 10 | PEND |
+-------------------------------+----------+
Debian GNU/Linux 12
Kernel: 5.15
Compiler: gcc gcc (Debian 12.2.0-14+deb12u1) 12.2.0
Fedora Linux 41
Kernel: 5.15
Compiler: clang gcc (GCC) 14.3.1 20250523 (Red Hat 14.3.1-1)
Fedora Linux 40
Kernel: 5.15
Compiler: gcc gcc (GCC) 14.2.1 20240912 (Red Hat 14.2.1-3)
CentOS Stream 9
Kernel: 5.15
Compiler: gcc gcc (GCC) 11.5.0 20240719 (Red Hat 11.5.0-7)
openSUSE Leap 15.6
Kernel: 5.15
Compiler: gcc gcc (SUSE Linux) 7.5.0
Red Hat Enterprise Linux 8.10
Kernel: 5.15
Compiler: gcc gcc (GCC) 8.5.0 20210514 (Red Hat 8.5.0-22)
Ubuntu 24.04
Kernel: 5.15
Compiler: gcc gcc (Ubuntu 13.3.0-6ubuntu2~24.04) 13.3.0
Ubuntu 22.04
Kernel: 5.15
Compiler: gcc gcc (Ubuntu 11.4.0-1ubuntu1~22.04) 11.4.0
Red Hat Enterprise Linux 9.5
Kernel: 5.15
Compiler: gcc gcc (GCC) 11.5.0 20240719 (Red Hat 11.5.0-2)
CentOS Stream 10
Kernel: 5.15
Compiler: gcc gcc (GCC) 14.2.1 20250110 (Red Hat 14.2.1-8)
To view detailed results, visit:
https://lab.dpdk.org/results/dashboard/patchsets/33716/
UNH-IOL DPDK Community Lab
To manage your email subscriptions, visit:
https://lab.dpdk.org/results/dashboard/preferences/subscriptions/
^ permalink raw reply [flat|nested] 21+ messages in thread
* |SUCCESS| pw155399-155400 [PATCH] [v2,2/2] test/strsep: add tests fo
[not found] <1753130343-29500-2-git-send-email-andremue@linux.microsoft.com>
` (13 preceding siblings ...)
2025-07-21 21:53 ` |PENDING| " dpdklab
@ 2025-07-21 22:01 ` dpdklab
2025-07-21 22:03 ` |FAILURE| pw155400 [PATCH v2 2/2] test/strsep: add tests for function strsep() 0-day Robot
` (5 subsequent siblings)
20 siblings, 0 replies; 21+ messages in thread
From: dpdklab @ 2025-07-21 22:01 UTC (permalink / raw)
To: Test Report; +Cc: dpdk-test-reports
Test-Label: iol-unit-amd64-testing
Test-Status: SUCCESS
http://dpdk.org/patch/155400
_Testing PASS_
Submitter: Andre Muezerie <andremue@linux.microsoft.com>
Date: Monday, July 21 2025 20:39:03
DPDK git baseline: Repo:dpdk
Branch: master
CommitID:b222395561638f89562e4ef42e1eabf2d6db43dd
155399-155400 --> testing pass
Upstream job id: Generic-Unit-Test-DPDK#357018
Test environment and result as below:
+-------------------------------+----------------+
| Environment | dpdk_unit_test |
+===============================+================+
| CentOS Stream 9 | PASS |
+-------------------------------+----------------+
| Debian GNU/Linux 12 | PASS |
+-------------------------------+----------------+
| Fedora Linux 40 | PASS |
+-------------------------------+----------------+
| Fedora Linux 41 | PASS |
+-------------------------------+----------------+
| CentOS Stream 10 | PASS |
+-------------------------------+----------------+
| Ubuntu 22.04 | PASS |
+-------------------------------+----------------+
| Ubuntu 20.04 | PASS |
+-------------------------------+----------------+
| Red Hat Enterprise Linux 8.10 | PASS |
+-------------------------------+----------------+
| Ubuntu 24.04 | PASS |
+-------------------------------+----------------+
| Red Hat Enterprise Linux 9.5 | PASS |
+-------------------------------+----------------+
| Windows Server 2022 | PASS |
+-------------------------------+----------------+
CentOS Stream 9
Kernel: 5.15
Compiler: gcc gcc (GCC) 11.5.0 20240719 (Red Hat 11.5.0-7)
Debian GNU/Linux 12
Kernel: 5.15
Compiler: gcc gcc (Debian 12.2.0-14+deb12u1) 12.2.0
Fedora Linux 40
Kernel: 5.15
Compiler: gcc gcc (GCC) 14.2.1 20240912 (Red Hat 14.2.1-3)
Fedora Linux 41
Kernel: 5.15
Compiler: gcc gcc (GCC) 14.3.1 20250523 (Red Hat 14.3.1-1)
CentOS Stream 10
Kernel: 5.15
Compiler: gcc gcc (GCC) 14.2.1 20250110 (Red Hat 14.2.1-8)
Ubuntu 22.04
Kernel: 5.15
Compiler: gcc gcc (Ubuntu 11.4.0-1ubuntu1~22.04) 11.4.0
Ubuntu 20.04
Kernel: 5.15
Compiler: gcc gcc (Ubuntu 9.4.0-1ubuntu1~20.04.2) 9.4.0
Red Hat Enterprise Linux 8.10
Kernel: 5.15
Compiler: gcc gcc (GCC) 8.5.0 20210514 (Red Hat 8.5.0-22)
Ubuntu 24.04
Kernel: 5.15
Compiler: gcc gcc (Ubuntu 13.3.0-6ubuntu2~24.04) 13.3.0
Red Hat Enterprise Linux 9.5
Kernel: 5.15
Compiler: gcc gcc (GCC) 11.5.0 20240719 (Red Hat 11.5.0-2)
Windows Server 2022
Kernel: 10.0.20348.2031
Compiler: clang 15.0.7, gcc 14.1.0 (MinGW), and MSVC VS 19.39.33521
To view detailed results, visit:
https://lab.dpdk.org/results/dashboard/patchsets/33716/
UNH-IOL DPDK Community Lab
To manage your email subscriptions, visit:
https://lab.dpdk.org/results/dashboard/preferences/subscriptions/
^ permalink raw reply [flat|nested] 21+ messages in thread
* |FAILURE| pw155400 [PATCH v2 2/2] test/strsep: add tests for function strsep()
[not found] <1753130343-29500-2-git-send-email-andremue@linux.microsoft.com>
` (14 preceding siblings ...)
2025-07-21 22:01 ` |SUCCESS| " dpdklab
@ 2025-07-21 22:03 ` 0-day Robot
2025-07-21 22:23 ` |SUCCESS| pw155399-155400 [PATCH] [v2,2/2] test/strsep: add tests fo dpdklab
` (4 subsequent siblings)
20 siblings, 0 replies; 21+ messages in thread
From: 0-day Robot @ 2025-07-21 22:03 UTC (permalink / raw)
To: test-report; +Cc: andremue, robot
From: robot@bytheb.org
Test-Label: github-robot: build
Test-Status: FAILURE
http://patchwork.dpdk.org/patch/155400/
_github build: failed_
Build URL: https://github.com/ovsrobot/dpdk/actions/runs/16428127697
Build Logs:
-----------------------Summary of failed steps-----------------------
"ubuntu-22.04-clang-asan+doc+tests" failed at step Build and test
----------------------End summary of failed steps--------------------
-------------------------------BEGIN LOGS----------------------------
####################################################################################
#### [Begin job log] "ubuntu-22.04-clang-asan+doc+tests" at step Build and test
####################################################################################
104/106 DPDK:fast-tests / vdev_autotest OK 0.33s
105/106 DPDK:fast-tests / version_autotest OK 0.33s
106/106 DPDK:fast-tests / telemetry_all OK 1.10s
Ok: 99
Expected Fail: 0
Fail: 1
Unexpected Pass: 0
Skipped: 6
Timeout: 0
Full log written to /home/runner/work/dpdk/dpdk/build/meson-logs/testlog.txt
+ failed=true
+ catch_coredump
+ ls /tmp/dpdk-core.*.*
+ return 0
+ check_traces
+ which babeltrace
+ sudo find /home/runner -name metadata
+ dirname /home/runner/work/dpdk/dpdk/build/app/test/suites/rte-2025-07-21-PM-09-43-27/metadata
+ sudo babeltrace /home/runner/work/dpdk/dpdk/build/app/test/suites/rte-2025-07-21-PM-09-43-27
+ continue
+ [ true != true ]
##[error]Process completed with exit code 1.
####################################################################################
#### [End job log] "ubuntu-22.04-clang-asan+doc+tests" at step Build and test
####################################################################################
--------------------------------END LOGS-----------------------------
^ permalink raw reply [flat|nested] 21+ messages in thread
* |SUCCESS| pw155399-155400 [PATCH] [v2,2/2] test/strsep: add tests fo
[not found] <1753130343-29500-2-git-send-email-andremue@linux.microsoft.com>
` (15 preceding siblings ...)
2025-07-21 22:03 ` |FAILURE| pw155400 [PATCH v2 2/2] test/strsep: add tests for function strsep() 0-day Robot
@ 2025-07-21 22:23 ` dpdklab
2025-07-21 22:27 ` dpdklab
` (3 subsequent siblings)
20 siblings, 0 replies; 21+ messages in thread
From: dpdklab @ 2025-07-21 22:23 UTC (permalink / raw)
To: Test Report; +Cc: dpdk-test-reports
Test-Label: iol-abi-testing
Test-Status: SUCCESS
http://dpdk.org/patch/155400
_Testing PASS_
Submitter: Andre Muezerie <andremue@linux.microsoft.com>
Date: Monday, July 21 2025 20:39:03
DPDK git baseline: Repo:dpdk
Branch: master
CommitID:b222395561638f89562e4ef42e1eabf2d6db43dd
155399-155400 --> testing pass
Upstream job id: Generic-DPDK-Compile-ABI#135152
Test environment and result as below:
+-------------------------------+----------+
| Environment | abi_test |
+===============================+==========+
| Debian GNU/Linux 12 | PASS |
+-------------------------------+----------+
| Fedora Linux 41 | PASS |
+-------------------------------+----------+
| Fedora Linux 40 | PASS |
+-------------------------------+----------+
| CentOS Stream 9 | PASS |
+-------------------------------+----------+
| openSUSE Leap 15.6 | PASS |
+-------------------------------+----------+
| Red Hat Enterprise Linux 8.10 | PASS |
+-------------------------------+----------+
| Ubuntu 24.04 | PASS |
+-------------------------------+----------+
| Ubuntu 22.04 | PASS |
+-------------------------------+----------+
| Red Hat Enterprise Linux 9.5 | PASS |
+-------------------------------+----------+
| CentOS Stream 10 | PASS |
+-------------------------------+----------+
Debian GNU/Linux 12
Kernel: 5.15
Compiler: gcc gcc (Debian 12.2.0-14+deb12u1) 12.2.0
Fedora Linux 41
Kernel: 5.15
Compiler: clang gcc (GCC) 14.3.1 20250523 (Red Hat 14.3.1-1)
Fedora Linux 40
Kernel: 5.15
Compiler: gcc gcc (GCC) 14.2.1 20240912 (Red Hat 14.2.1-3)
CentOS Stream 9
Kernel: 5.15
Compiler: gcc gcc (GCC) 11.5.0 20240719 (Red Hat 11.5.0-7)
openSUSE Leap 15.6
Kernel: 5.15
Compiler: gcc gcc (SUSE Linux) 7.5.0
Red Hat Enterprise Linux 8.10
Kernel: 5.15
Compiler: gcc gcc (GCC) 8.5.0 20210514 (Red Hat 8.5.0-22)
Ubuntu 24.04
Kernel: 5.15
Compiler: gcc gcc (Ubuntu 13.3.0-6ubuntu2~24.04) 13.3.0
Ubuntu 22.04
Kernel: 5.15
Compiler: gcc gcc (Ubuntu 11.4.0-1ubuntu1~22.04) 11.4.0
Red Hat Enterprise Linux 9.5
Kernel: 5.15
Compiler: gcc gcc (GCC) 11.5.0 20240719 (Red Hat 11.5.0-2)
CentOS Stream 10
Kernel: 5.15
Compiler: gcc gcc (GCC) 14.2.1 20250110 (Red Hat 14.2.1-8)
To view detailed results, visit:
https://lab.dpdk.org/results/dashboard/patchsets/33716/
UNH-IOL DPDK Community Lab
To manage your email subscriptions, visit:
https://lab.dpdk.org/results/dashboard/preferences/subscriptions/
^ permalink raw reply [flat|nested] 21+ messages in thread
* |SUCCESS| pw155399-155400 [PATCH] [v2,2/2] test/strsep: add tests fo
[not found] <1753130343-29500-2-git-send-email-andremue@linux.microsoft.com>
` (16 preceding siblings ...)
2025-07-21 22:23 ` |SUCCESS| pw155399-155400 [PATCH] [v2,2/2] test/strsep: add tests fo dpdklab
@ 2025-07-21 22:27 ` dpdklab
2025-07-21 22:48 ` dpdklab
` (2 subsequent siblings)
20 siblings, 0 replies; 21+ messages in thread
From: dpdklab @ 2025-07-21 22:27 UTC (permalink / raw)
To: Test Report; +Cc: dpdk-test-reports
Test-Label: iol-compile-amd64-testing
Test-Status: SUCCESS
http://dpdk.org/patch/155400
_Testing PASS_
Submitter: Andre Muezerie <andremue@linux.microsoft.com>
Date: Monday, July 21 2025 20:39:03
DPDK git baseline: Repo:dpdk
Branch: master
CommitID:b222395561638f89562e4ef42e1eabf2d6db43dd
155399-155400 --> testing pass
Upstream job id: Generic-DPDK-Compile-Meson#410682
Test environment and result as below:
+-------------------------------+--------------------+-------------------+------------------+-------------------+-------------------------+----------------------+
| Environment | dpdk_meson_compile | dpdk_compile_spdk | dpdk_compile_ovs | dpdk_msvc_compile | dpdk_llvm_clang_compile | dpdk_mingw64_compile |
+===============================+====================+===================+==================+===================+=========================+======================+
| CentOS Stream 9 | PASS | PASS | SKIPPED | SKIPPED | SKIPPED | SKIPPED |
+-------------------------------+--------------------+-------------------+------------------+-------------------+-------------------------+----------------------+
| CentOS Stream 10 | PASS | SKIPPED | SKIPPED | SKIPPED | SKIPPED | SKIPPED |
+-------------------------------+--------------------+-------------------+------------------+-------------------+-------------------------+----------------------+
| Debian GNU/Linux 12 | PASS | PASS | SKIPPED | SKIPPED | SKIPPED | SKIPPED |
+-------------------------------+--------------------+-------------------+------------------+-------------------+-------------------------+----------------------+
| Ubuntu 20.04 | PASS | SKIPPED | SKIPPED | SKIPPED | SKIPPED | SKIPPED |
+-------------------------------+--------------------+-------------------+------------------+-------------------+-------------------------+----------------------+
| Fedora Linux 41 | PASS | PASS | PASS | SKIPPED | SKIPPED | SKIPPED |
+-------------------------------+--------------------+-------------------+------------------+-------------------+-------------------------+----------------------+
| Fedora Linux 40 | PASS | PASS | SKIPPED | SKIPPED | SKIPPED | SKIPPED |
+-------------------------------+--------------------+-------------------+------------------+-------------------+-------------------------+----------------------+
| openSUSE Leap 15.6 | PASS | SKIPPED | SKIPPED | SKIPPED | SKIPPED | SKIPPED |
+-------------------------------+--------------------+-------------------+------------------+-------------------+-------------------------+----------------------+
| Red Hat Enterprise Linux 9.5 | PASS | SKIPPED | SKIPPED | SKIPPED | SKIPPED | SKIPPED |
+-------------------------------+--------------------+-------------------+------------------+-------------------+-------------------------+----------------------+
| Red Hat Enterprise Linux 8.10 | PASS | SKIPPED | SKIPPED | SKIPPED | SKIPPED | SKIPPED |
+-------------------------------+--------------------+-------------------+------------------+-------------------+-------------------------+----------------------+
| Ubuntu 22.04 | PASS | PASS | SKIPPED | SKIPPED | SKIPPED | SKIPPED |
+-------------------------------+--------------------+-------------------+------------------+-------------------+-------------------------+----------------------+
| Ubuntu 24.04 | PASS | PASS | PASS | SKIPPED | SKIPPED | SKIPPED |
+-------------------------------+--------------------+-------------------+------------------+-------------------+-------------------------+----------------------+
| FreeBSD 14.2 | PASS | SKIPPED | SKIPPED | SKIPPED | SKIPPED | SKIPPED |
+-------------------------------+--------------------+-------------------+------------------+-------------------+-------------------------+----------------------+
| Alpine Linux 3.22.0 | PASS | SKIPPED | SKIPPED | SKIPPED | SKIPPED | SKIPPED |
+-------------------------------+--------------------+-------------------+------------------+-------------------+-------------------------+----------------------+
| Windows Server 2022 | SKIPPED | SKIPPED | SKIPPED | PASS | PASS | PASS |
+-------------------------------+--------------------+-------------------+------------------+-------------------+-------------------------+----------------------+
CentOS Stream 9
Kernel: 5.15
Compiler: gcc gcc (GCC) 11.5.0 20240719 (Red Hat 11.5.0-7)
CentOS Stream 10
Kernel: 5.15
Compiler: gcc gcc (GCC) 14.2.1 20250110 (Red Hat 14.2.1-8)
Debian GNU/Linux 12
Kernel: 5.15
Compiler: gcc gcc (Debian 12.2.0-14+deb12u1) 12.2.0
Ubuntu 20.04
Kernel: 5.15
Compiler: gcc gcc (Ubuntu 9.4.0-1ubuntu1~20.04.2) 9.4.0
Fedora Linux 41
Kernel: 5.15
Compiler: gcc gcc (GCC) 14.3.1 20250523 (Red Hat 14.3.1-1)
Fedora Linux 40
Kernel: 5.15
Compiler: clang gcc (GCC) 14.2.1 20240912 (Red Hat 14.2.1-3)
openSUSE Leap 15.6
Kernel: 5.15
Compiler: gcc gcc (SUSE Linux) 7.5.0
Red Hat Enterprise Linux 9.5
Kernel: 5.15
Compiler: gcc gcc (GCC) 11.5.0 20240719 (Red Hat 11.5.0-2)
Red Hat Enterprise Linux 8.10
Kernel: 5.15
Compiler: gcc gcc (GCC) 8.5.0 20210514 (Red Hat 8.5.0-22)
Ubuntu 22.04
Kernel: 5.15
Compiler: gcc gcc (Ubuntu 11.4.0-1ubuntu1~22.04) 11.4.0
Ubuntu 24.04
Kernel: 5.15
Compiler: gcc gcc (Ubuntu 13.3.0-6ubuntu2~24.04) 13.3.0
FreeBSD 14.2
Kernel: 14.2-RELEASE
Compiler: clang 18.1.6
Alpine Linux 3.22.0
Kernel: 5.15
Compiler: gcc gcc (Alpine 14.2.0) 14.2.0
Windows Server 2022
Kernel: 10.0.20348.2031
Compiler: clang 15.0.7, gcc 14.1.0 (MinGW), and MSVC VS 19.39.33521
To view detailed results, visit:
https://lab.dpdk.org/results/dashboard/patchsets/33716/
UNH-IOL DPDK Community Lab
To manage your email subscriptions, visit:
https://lab.dpdk.org/results/dashboard/preferences/subscriptions/
^ permalink raw reply [flat|nested] 21+ messages in thread
* |SUCCESS| pw155399-155400 [PATCH] [v2,2/2] test/strsep: add tests fo
[not found] <1753130343-29500-2-git-send-email-andremue@linux.microsoft.com>
` (17 preceding siblings ...)
2025-07-21 22:27 ` dpdklab
@ 2025-07-21 22:48 ` dpdklab
2025-07-22 0:11 ` dpdklab
2025-07-22 1:11 ` dpdklab
20 siblings, 0 replies; 21+ messages in thread
From: dpdklab @ 2025-07-21 22:48 UTC (permalink / raw)
To: Test Report; +Cc: dpdk-test-reports
Test-Label: iol-unit-arm64-testing
Test-Status: SUCCESS
http://dpdk.org/patch/155400
_Testing PASS_
Submitter: Andre Muezerie <andremue@linux.microsoft.com>
Date: Monday, July 21 2025 20:39:03
DPDK git baseline: Repo:dpdk
Branch: master
CommitID:b222395561638f89562e4ef42e1eabf2d6db43dd
155399-155400 --> testing pass
Upstream job id: Generic-Unit-Test-DPDK#357019
Test environment and result as below:
+------------------------------+----------------+--------------+---------------------------+------------------------------+
| Environment | dpdk_unit_test | lpm_autotest | cryptodev_sw_zuc_autotest | cryptodev_sw_snow3g_autotest |
+==============================+================+==============+===========================+==============================+
| CentOS Stream 9 | PASS | SKIPPED | SKIPPED | SKIPPED |
+------------------------------+----------------+--------------+---------------------------+------------------------------+
| Fedora Linux 40 | PASS | SKIPPED | SKIPPED | SKIPPED |
+------------------------------+----------------+--------------+---------------------------+------------------------------+
| Debian GNU/Linux 12 | PASS | SKIPPED | SKIPPED | SKIPPED |
+------------------------------+----------------+--------------+---------------------------+------------------------------+
| CentOS Stream 10 | PASS | SKIPPED | SKIPPED | SKIPPED |
+------------------------------+----------------+--------------+---------------------------+------------------------------+
| Fedora Linux 41 | PASS | SKIPPED | SKIPPED | SKIPPED |
+------------------------------+----------------+--------------+---------------------------+------------------------------+
| Ubuntu 22.04 | PASS | SKIPPED | SKIPPED | SKIPPED |
+------------------------------+----------------+--------------+---------------------------+------------------------------+
| Red Hat Enterprise Linux 9.5 | PASS | SKIPPED | SKIPPED | SKIPPED |
+------------------------------+----------------+--------------+---------------------------+------------------------------+
| Ubuntu 20.04 | PASS | PASS | SKIPPED | SKIPPED |
+------------------------------+----------------+--------------+---------------------------+------------------------------+
| Ubuntu 24.04 | PASS | SKIPPED | SKIPPED | SKIPPED |
+------------------------------+----------------+--------------+---------------------------+------------------------------+
| Debian 12 (arm) | SKIPPED | SKIPPED | PASS | PASS |
+------------------------------+----------------+--------------+---------------------------+------------------------------+
CentOS Stream 9
Kernel: 5.4
Compiler: gcc gcc (GCC) 11.5.0 20240719 (Red Hat 11.5.0-7)
Fedora Linux 40
Kernel: 5.4
Compiler: gcc gcc (GCC) 14.2.1 20240912 (Red Hat 14.2.1-3)
Debian GNU/Linux 12
Kernel: 5.4
Compiler: gcc gcc (Debian 12.2.0-14+deb12u1) 12.2.0
CentOS Stream 10
Kernel: 5.4
Compiler: gcc gcc (GCC) 14.2.1 20250110 (Red Hat 14.2.1-8)
Fedora Linux 41
Kernel: 5.4
Compiler: gcc gcc (GCC) 14.3.1 20250523 (Red Hat 14.3.1-1)
Ubuntu 22.04
Kernel: 5.4
Compiler: gcc gcc (Ubuntu 11.4.0-1ubuntu1~22.04) 11.4.0
Red Hat Enterprise Linux 9.5
Kernel: 5.4
Compiler: gcc gcc (GCC) 11.5.0 20240719 (Red Hat 11.5.0-2)
Ubuntu 20.04
Kernel: 5.4
Compiler: gcc gcc (Ubuntu 9.4.0-1ubuntu1~20.04.2) 9.4.0
Ubuntu 24.04
Kernel: 5.4
Compiler: gcc gcc (Ubuntu 13.3.0-6ubuntu2~24.04) 13.3.0
Debian 12 (arm)
Kernel: Depends on container host
Compiler: gcc (Debian 12.2.0-14) 12.2.0
To view detailed results, visit:
https://lab.dpdk.org/results/dashboard/patchsets/33716/
UNH-IOL DPDK Community Lab
To manage your email subscriptions, visit:
https://lab.dpdk.org/results/dashboard/preferences/subscriptions/
^ permalink raw reply [flat|nested] 21+ messages in thread
* |SUCCESS| pw155399-155400 [PATCH] [v2,2/2] test/strsep: add tests fo
[not found] <1753130343-29500-2-git-send-email-andremue@linux.microsoft.com>
` (18 preceding siblings ...)
2025-07-21 22:48 ` dpdklab
@ 2025-07-22 0:11 ` dpdklab
2025-07-22 1:11 ` dpdklab
20 siblings, 0 replies; 21+ messages in thread
From: dpdklab @ 2025-07-22 0:11 UTC (permalink / raw)
To: Test Report; +Cc: dpdk-test-reports
Test-Label: iol-sample-apps-testing
Test-Status: SUCCESS
http://dpdk.org/patch/155400
_Testing PASS_
Submitter: Andre Muezerie <andremue@linux.microsoft.com>
Date: Monday, July 21 2025 20:39:03
DPDK git baseline: Repo:dpdk
Branch: master
CommitID:b222395561638f89562e4ef42e1eabf2d6db43dd
155399-155400 --> testing pass
Upstream job id: ACVP-FIPS-testing#10569
Test environment and result as below:
+--------------+----------------------+
| Environment | dpdk_fips_validation |
+==============+======================+
| Ubuntu 20.04 | PASS |
+--------------+----------------------+
Ubuntu 20.04
Kernel: 5.15
Compiler: gcc gcc (Ubuntu 9.4.0-1ubuntu1~20.04.2) 9.4.0
To view detailed results, visit:
https://lab.dpdk.org/results/dashboard/patchsets/33716/
UNH-IOL DPDK Community Lab
To manage your email subscriptions, visit:
https://lab.dpdk.org/results/dashboard/preferences/subscriptions/
^ permalink raw reply [flat|nested] 21+ messages in thread
* |SUCCESS| pw155399-155400 [PATCH] [v2,2/2] test/strsep: add tests fo
[not found] <1753130343-29500-2-git-send-email-andremue@linux.microsoft.com>
` (19 preceding siblings ...)
2025-07-22 0:11 ` dpdklab
@ 2025-07-22 1:11 ` dpdklab
20 siblings, 0 replies; 21+ messages in thread
From: dpdklab @ 2025-07-22 1:11 UTC (permalink / raw)
To: Test Report; +Cc: dpdk-test-reports
Test-Label: iol-compile-arm64-testing
Test-Status: SUCCESS
http://dpdk.org/patch/155400
_Testing PASS_
Submitter: Andre Muezerie <andremue@linux.microsoft.com>
Date: Monday, July 21 2025 20:39:03
DPDK git baseline: Repo:dpdk
Branch: master
CommitID:b222395561638f89562e4ef42e1eabf2d6db43dd
155399-155400 --> testing pass
Upstream job id: Generic-DPDK-Compile-Meson#410698
Test environment and result as below:
+------------------------------+--------------------+
| Environment | dpdk_meson_compile |
+==============================+====================+
| Red Hat Enterprise Linux 9.5 | PASS |
+------------------------------+--------------------+
| Ubuntu 20.04 | PASS |
+------------------------------+--------------------+
| Fedora Linux 40 | PASS |
+------------------------------+--------------------+
| Debian GNU/Linux 12 | PASS |
+------------------------------+--------------------+
| Ubuntu 24.04 | PASS |
+------------------------------+--------------------+
| Ubuntu 22.04 | PASS |
+------------------------------+--------------------+
| Fedora Linux 41 | PASS |
+------------------------------+--------------------+
| CentOS Stream 9 | PASS |
+------------------------------+--------------------+
| CentOS Stream 10 | PASS |
+------------------------------+--------------------+
Red Hat Enterprise Linux 9.5
Kernel: 5.4
Compiler: gcc gcc (GCC) 11.5.0 20240719 (Red Hat 11.5.0-2)
Ubuntu 20.04
Kernel: 5.15
Compiler: aarch64-linux-gnu-gcc gcc (Ubuntu 9.4.0-1ubuntu1~20.04.2) 9.4.0
Fedora Linux 40
Kernel: 5.4
Compiler: clang gcc (GCC) 14.2.1 20240912 (Red Hat 14.2.1-3)
Debian GNU/Linux 12
Kernel: 5.4
Compiler: gcc gcc (Debian 12.2.0-14+deb12u1) 12.2.0
Ubuntu 24.04
Kernel: 5.4
Compiler: gcc gcc (Ubuntu 13.3.0-6ubuntu2~24.04) 13.3.0
Ubuntu 22.04
Kernel: 5.4
Compiler: gcc gcc (Ubuntu 11.4.0-1ubuntu1~22.04) 11.4.0
Fedora Linux 41
Kernel: 5.4
Compiler: gcc gcc (GCC) 14.3.1 20250523 (Red Hat 14.3.1-1)
CentOS Stream 9
Kernel: 5.4
Compiler: gcc gcc (GCC) 11.5.0 20240719 (Red Hat 11.5.0-7)
CentOS Stream 10
Kernel: 5.4
Compiler: gcc gcc (GCC) 14.2.1 20250110 (Red Hat 14.2.1-8)
To view detailed results, visit:
https://lab.dpdk.org/results/dashboard/patchsets/33716/
UNH-IOL DPDK Community Lab
To manage your email subscriptions, visit:
https://lab.dpdk.org/results/dashboard/preferences/subscriptions/
^ permalink raw reply [flat|nested] 21+ messages in thread