From mboxrd@z Thu Jan 1 00:00:00 1970 Return-Path: Received: from mails.dpdk.org (mails.dpdk.org [217.70.189.124]) by inbox.dpdk.org (Postfix) with ESMTP id 7CB2546BE8 for ; Tue, 22 Jul 2025 17:59:19 +0200 (CEST) Received: from mails.dpdk.org (localhost [127.0.0.1]) by mails.dpdk.org (Postfix) with ESMTP id 627D54003C; Tue, 22 Jul 2025 17:59:19 +0200 (CEST) Received: from mail-oo1-f98.google.com (mail-oo1-f98.google.com [209.85.161.98]) by mails.dpdk.org (Postfix) with ESMTP id 7B34F4003C for ; Tue, 22 Jul 2025 17:59:18 +0200 (CEST) Received: by mail-oo1-f98.google.com with SMTP id 006d021491bc7-61390809a36so1860489eaf.1 for ; Tue, 22 Jul 2025 08:59:18 -0700 (PDT) DKIM-Signature: v=1; a=rsa-sha256; c=relaxed/relaxed; d=iol.unh.edu; s=unh-iol; t=1753199957; x=1753804757; darn=dpdk.org; h=references:in-reply-to:cc:to:from:subject:message-id:date:from:to :cc:subject:date:message-id:reply-to; bh=G/sPxbYfssv58dAIcA+hKWDn/dOgPfrZ+XhWzl5JACc=; b=I+kw/SqXA2kzfgfoiE25djGdRmdqLz63ePJzIi6E7zIP6vtJi3C4xFzZZbo0QYKVql cGDkU8HgYlH59XdzwZUWPQl9NIS25EMfjx5hDtHMUfpg4g/V8ggPxXK0/eXzUAo3NoE/ KWEXNGpDxY8n9xuERFo+kjmY/jbQ34MesShiY= X-Google-DKIM-Signature: v=1; a=rsa-sha256; c=relaxed/relaxed; d=1e100.net; s=20230601; t=1753199957; x=1753804757; h=references:in-reply-to:cc:to:from:subject:message-id:date :x-gm-message-state:from:to:cc:subject:date:message-id:reply-to; bh=G/sPxbYfssv58dAIcA+hKWDn/dOgPfrZ+XhWzl5JACc=; b=o7irSln4W0UZ9bts8+Cgnfr1SJ11VDVKoLR11A71iLVs37dqgZrZW0JJo6Dqj3Eusn arPD72MGDvWLUokra38WHGFPiObJj8vsbBZvyqzJtQWqVngraURlQgEz6Ryci4T/4E7+ BP4GVaPMcHOBGNJDxMyllb0+pSpH7kag7IxrnG0CjhFBjAKR4hXruXGmojEvKiefrlM7 PGANnsZ/uRYdgTUmrVSWk/ojNbgVp/NbIEdRhigyPjOarEIP2np/NfHHQIVyKn8hw5QE r+fZ2omv0GgBxfWe+yb0pIy1iTI9VFlPWpuNlLwPgz9AlsHG/efW+NVvc5RzkXYCn+/j 5CjA== X-Gm-Message-State: AOJu0YxkPPTi+Z/dEge0efLrZySRP/goQdsu9Ou3r1yVKSLCPCJUsqFF xKadPs2v5rnP72NaXYGK3h3IoZCeVKmNETIRHUsOHeG/H0HWM1VnCTWuqQXsHAlp/aQvQEcsRbQ B5XyhY6t6yZCXjemULgNqXH2plybniKAxgZQ23fTObFAQ X-Gm-Gg: ASbGncslYdYiJ1latLi3N6HwDct9ZZSgqfzipAtx+D1Fe2FdHzX1Crd8zAa/T/IpZlC jKv/JWTlSMlzAyLTeHaTptJZ6b/g9xI79PLNui2CrSpKIIRubxNW+a3ge81gVVkdrRnQJUC2TRJ dlJ2WfDXW0xNXmo+fAzJg2/cf1OMInViJDHy8DmvXy0esMDILalGaj2+gE9ANb7Q2Mvf3jZsoeg nF+rCbfzVDHI0fzq6uPr7T+M9EtaWLmmklWxpYcAdvIshXdlzHG7QNm1sk0zgE40FgWpaE8V7qU K2nGP9zC69BYtNIAriMSYswg+ykfrO6Imd7t1qSczkGFtBvE81a0nyNj70gDGIM7k2/TtPVI X-Google-Smtp-Source: AGHT+IEhqGCnNl7wxF3xmF2Un17CNcbGhwXmdBwxY39P7k7ZWYylCaFOAkqYdaEgZlntt1pghhQtDsOzw+T2 X-Received: by 2002:a05:6870:7059:10b0:301:a823:9cd1 with SMTP id 586e51a60fabf-301a823a7cbmr7763625fac.22.1753199957609; Tue, 22 Jul 2025 08:59:17 -0700 (PDT) Received: from postal.iol.unh.edu (postal.iol.unh.edu. [132.177.123.84]) by smtp-relay.gmail.com with ESMTPS id 8926c6da1cb9f-5084c976a1fsm491273173.62.2025.07.22.08.59.17 (version=TLS1_2 cipher=ECDHE-ECDSA-AES128-GCM-SHA256 bits=128/128); Tue, 22 Jul 2025 08:59:17 -0700 (PDT) X-Relaying-Domain: iol.unh.edu Date: Tue, 22 Jul 2025 08:59:17 -0700 (PDT) Message-ID: <687fb555.050a0220.5d28d.968eSMTPIN_ADDED_MISSING@mx.google.com> Received: from [172.21.0.2] (unknown [172.18.0.240]) by postal.iol.unh.edu (Postfix) with ESMTP id 208ED604D420; Tue, 22 Jul 2025 11:59:17 -0400 (EDT) Subject: |FAILURE| pw155413-155414 [PATCH] [2/2] net: remove v25 ABI compatib From: dpdklab@iol.unh.edu To: Test Report Cc: dpdk-test-reports@iol.unh.edu, David Marchand In-Reply-To: <20250722132441.3700305-2-david.marchand@redhat.com> References: <20250722132441.3700305-2-david.marchand@redhat.com> Content-Type: text/plain X-BeenThere: test-report@dpdk.org X-Mailman-Version: 2.1.29 Precedence: list List-Id: automatic DPDK test reports List-Unsubscribe: , List-Archive: List-Post: List-Help: List-Subscribe: , Errors-To: test-report-bounces@dpdk.org Test-Label: iol-abi-testing Test-Status: FAILURE http://dpdk.org/patch/155414 _Testing issues_ Submitter: David Marchand Date: Tuesday, July 22 2025 13:24:41 DPDK git baseline: Repo:dpdk Branch: master CommitID:b222395561638f89562e4ef42e1eabf2d6db43dd 155413-155414 --> testing issues Upstream job id: Generic-DPDK-Compile-ABI#135262 Test environment and result as below: +-------------------------------+----------+ | Environment | abi_test | +===============================+==========+ | CentOS Stream 9 | FAIL | +-------------------------------+----------+ | Debian GNU/Linux 12 | FAIL | +-------------------------------+----------+ | CentOS Stream 10 | FAIL | +-------------------------------+----------+ | Fedora Linux 40 | FAIL | +-------------------------------+----------+ | Fedora Linux 41 | FAIL | +-------------------------------+----------+ | Ubuntu 22.04 | FAIL | +-------------------------------+----------+ | Red Hat Enterprise Linux 9.5 | FAIL | +-------------------------------+----------+ | Red Hat Enterprise Linux 8.10 | FAIL | +-------------------------------+----------+ | openSUSE Leap 15.6 | FAIL | +-------------------------------+----------+ | Ubuntu 24.04 | FAIL | +-------------------------------+----------+ ==== 20 line log output for Ubuntu 24.04 (abi_test): ==== Error: cannot find librte_eventdev.so.25.0 in build_install Error: cannot find librte_mbuf.so.25.0 in build_install Error: cannot find librte_lpm.so.25.0 in build_install Error: cannot find librte_reorder.so.25.0 in build_install Error: cannot find librte_meter.so.25.0 in build_install Error: cannot find librte_latencystats.so.25.0 in build_install Error: cannot find librte_net.so.25.0 in build_install Error: cannot find librte_sched.so.25.0 in build_install Error: cannot find librte_fib.so.25.0 in build_install Error: cannot find librte_rcu.so.25.0 in build_install Error: cannot find librte_metrics.so.25.0 in build_install Error: cannot find librte_ip_frag.so.25.0 in build_install Error: cannot find librte_mempool.so.25.0 in build_install Error: cannot find librte_ethdev.so.25.0 in build_install Error: cannot find librte_jobstats.so.25.0 in build_install Error: cannot find librte_regexdev.so.25.0 in build_install Error: cannot find librte_ring.so.25.0 in build_install Error: cannot find librte_vhost.so.25.0 in build_install Error: cannot find librte_security.so.25.0 in build_install Error: cannot find librte_dispatcher.so.25.0 in build_install ==== End log output ==== CentOS Stream 9 Kernel: 5.15 Compiler: gcc gcc (GCC) 11.5.0 20240719 (Red Hat 11.5.0-7) Debian GNU/Linux 12 Kernel: 5.15 Compiler: gcc gcc (Debian 12.2.0-14+deb12u1) 12.2.0 CentOS Stream 10 Kernel: 5.15 Compiler: gcc gcc (GCC) 14.2.1 20250110 (Red Hat 14.2.1-8) Fedora Linux 40 Kernel: 5.15 Compiler: gcc gcc (GCC) 14.2.1 20240912 (Red Hat 14.2.1-3) Fedora Linux 41 Kernel: 5.15 Compiler: gcc gcc (GCC) 14.3.1 20250523 (Red Hat 14.3.1-1) Ubuntu 22.04 Kernel: 5.15 Compiler: gcc gcc (Ubuntu 11.4.0-1ubuntu1~22.04) 11.4.0 Red Hat Enterprise Linux 9.5 Kernel: 5.15 Compiler: gcc gcc (GCC) 11.5.0 20240719 (Red Hat 11.5.0-2) Red Hat Enterprise Linux 8.10 Kernel: 5.15 Compiler: gcc gcc (GCC) 8.5.0 20210514 (Red Hat 8.5.0-22) openSUSE Leap 15.6 Kernel: 5.15 Compiler: gcc gcc (SUSE Linux) 7.5.0 Ubuntu 24.04 Kernel: 5.15 Compiler: gcc gcc (Ubuntu 13.3.0-6ubuntu2~24.04) 13.3.0 To view detailed results, visit: https://lab.dpdk.org/results/dashboard/patchsets/33722/ UNH-IOL DPDK Community Lab To manage your email subscriptions, visit: https://lab.dpdk.org/results/dashboard/preferences/subscriptions/