automatic DPDK test reports
 help / color / mirror / Atom feed
From: dpdklab@iol.unh.edu
To: Test Report <test-report@dpdk.org>
Cc: dpdk-test-reports@iol.unh.edu
Subject: |PENDING| pw155433-155445 [PATCH] [v6,13/13] pdump: mark API and app
Date: Tue, 22 Jul 2025 12:43:11 -0700 (PDT)	[thread overview]
Message-ID: <687fe9cf.170a0220.10d935.5c12SMTPIN_ADDED_MISSING@mx.google.com> (raw)
In-Reply-To: <20250722173552.184141-14-stephen@networkplumber.org>

Test-Label: iol-unit-arm64-testing
Test-Status: PENDING
http://dpdk.org/patch/155445

_Testing pending_

Submitter: Stephen Hemminger <stephen@networkplumber.org>
Date: Tuesday, July 22 2025 17:34:44 
DPDK git baseline: Repo:dpdk
  Branch: master
  CommitID:b222395561638f89562e4ef42e1eabf2d6db43dd

155433-155445 --> testing pending

Upstream job id: Aarch32-Unit-Test#7003

Test environment and result as below:

+------------------------------+----------------+--------------+------------------------------+---------------------------+
|         Environment          | dpdk_unit_test | lpm_autotest | cryptodev_sw_snow3g_autotest | cryptodev_sw_zuc_autotest |
+==============================+================+==============+==============================+===========================+
| CentOS Stream 10             | PEND           | SKIPPED      | SKIPPED                      | SKIPPED                   |
+------------------------------+----------------+--------------+------------------------------+---------------------------+
| CentOS Stream 9              | PEND           | SKIPPED      | SKIPPED                      | SKIPPED                   |
+------------------------------+----------------+--------------+------------------------------+---------------------------+
| Debian GNU/Linux 12          | PEND           | SKIPPED      | SKIPPED                      | SKIPPED                   |
+------------------------------+----------------+--------------+------------------------------+---------------------------+
| Fedora Linux 40              | PEND           | SKIPPED      | SKIPPED                      | SKIPPED                   |
+------------------------------+----------------+--------------+------------------------------+---------------------------+
| Red Hat Enterprise Linux 9.5 | PEND           | SKIPPED      | SKIPPED                      | SKIPPED                   |
+------------------------------+----------------+--------------+------------------------------+---------------------------+
| Ubuntu 20.04                 | PEND           | PEND         | SKIPPED                      | SKIPPED                   |
+------------------------------+----------------+--------------+------------------------------+---------------------------+
| Fedora Linux 41              | PEND           | SKIPPED      | SKIPPED                      | SKIPPED                   |
+------------------------------+----------------+--------------+------------------------------+---------------------------+
| Ubuntu 24.04                 | PEND           | SKIPPED      | SKIPPED                      | SKIPPED                   |
+------------------------------+----------------+--------------+------------------------------+---------------------------+
| Ubuntu 22.04                 | PASS           | SKIPPED      | SKIPPED                      | SKIPPED                   |
+------------------------------+----------------+--------------+------------------------------+---------------------------+
| Debian 12 (arm)              | SKIPPED        | SKIPPED      | PEND                         | PEND                      |
+------------------------------+----------------+--------------+------------------------------+---------------------------+


CentOS Stream 10
	Kernel: 5.4
	Compiler: gcc gcc (GCC) 14.2.1 20250110 (Red Hat 14.2.1-8)

CentOS Stream 9
	Kernel: 5.4
	Compiler: gcc gcc (GCC) 11.5.0 20240719 (Red Hat 11.5.0-7)

Debian GNU/Linux 12
	Kernel: 5.4
	Compiler: gcc gcc (Debian 12.2.0-14+deb12u1) 12.2.0

Fedora Linux 40
	Kernel: 5.4
	Compiler: clang gcc (GCC) 14.2.1 20240912 (Red Hat 14.2.1-3)

Red Hat Enterprise Linux 9.5
	Kernel: 5.4
	Compiler: gcc gcc (GCC) 11.5.0 20240719 (Red Hat 11.5.0-2)

Ubuntu 20.04
	Kernel: 5.4
	Compiler: gcc gcc (Ubuntu 9.4.0-1ubuntu1~20.04.2) 9.4.0

Fedora Linux 41
	Kernel: 5.4
	Compiler: clang gcc (GCC) 14.3.1 20250523 (Red Hat 14.3.1-1)

Ubuntu 24.04
	Kernel: 5.4
	Compiler: gcc gcc (Ubuntu 13.3.0-6ubuntu2~24.04) 13.3.0

Ubuntu 22.04
	Kernel: 5.4
	Compiler: gcc gcc (Ubuntu 11.4.0-1ubuntu1~22.04) 11.4.0

Debian 12 (arm)
	Kernel: Depends on container host
	Compiler: gcc (Debian 12.2.0-14) 12.2.0

To view detailed results, visit:
https://lab.dpdk.org/results/dashboard/patchsets/33730/

UNH-IOL DPDK Community Lab

To manage your email subscriptions, visit: 
https://lab.dpdk.org/results/dashboard/preferences/subscriptions/

  parent reply	other threads:[~2025-07-22 19:43 UTC|newest]

Thread overview: 35+ messages / expand[flat|nested]  mbox.gz  Atom feed  top
     [not found] <20250722173552.184141-14-stephen@networkplumber.org>
2025-07-22 17:17 ` |SUCCESS| pw155433-155445 [PATCH v6 13/13] pdump: mark API and application as deprecated qemudev
2025-07-22 17:22 ` qemudev
2025-07-22 17:35 ` |SUCCESS| pw155445 " checkpatch
2025-07-22 18:44 ` |FAILURE| " 0-day Robot
2025-07-22 19:04 ` |SUCCESS| pw155433-155445 [PATCH] [v6,13/13] pdump: mark API and app dpdklab
2025-07-22 19:12 ` dpdklab
2025-07-22 19:16 ` dpdklab
2025-07-22 19:21 ` dpdklab
2025-07-22 19:24 ` dpdklab
2025-07-22 19:33 ` dpdklab
2025-07-22 19:38 ` dpdklab
2025-07-22 19:43 ` dpdklab [this message]
2025-07-22 20:05 ` |FAILURE| " dpdklab
2025-07-22 21:18 ` dpdklab
2025-07-22 21:18 ` |SUCCESS| " dpdklab
2025-07-22 21:22 ` |FAILURE| " dpdklab
2025-07-22 21:59 ` |SUCCESS| " dpdklab
2025-07-22 23:23 ` |FAILURE| " dpdklab
2025-07-22 23:24 ` dpdklab
2025-07-22 23:25 ` dpdklab
2025-07-22 23:25 ` dpdklab
2025-07-22 23:26 ` dpdklab
2025-07-22 23:26 ` dpdklab
2025-07-22 23:27 ` dpdklab
2025-07-22 23:28 ` dpdklab
2025-07-22 23:28 ` dpdklab
2025-07-22 23:29 ` dpdklab
2025-07-23  1:08 ` |PENDING| " dpdklab
2025-07-23  1:29 ` |FAILURE| " dpdklab
2025-07-23  1:29 ` dpdklab
2025-07-23  1:31 ` dpdklab
2025-07-23  1:32 ` dpdklab
2025-07-23  2:49 ` |SUCCESS| " dpdklab
2025-07-23  3:44 ` dpdklab
2025-07-23  8:08 ` dpdklab

Reply instructions:

You may reply publicly to this message via plain-text email
using any one of the following methods:

* Save the following mbox file, import it into your mail client,
  and reply-to-all from there: mbox

  Avoid top-posting and favor interleaved quoting:
  https://en.wikipedia.org/wiki/Posting_style#Interleaved_style

* Reply using the --to, --cc, and --in-reply-to
  switches of git-send-email(1):

  git send-email \
    --in-reply-to=687fe9cf.170a0220.10d935.5c12SMTPIN_ADDED_MISSING@mx.google.com \
    --to=dpdklab@iol.unh.edu \
    --cc=dpdk-test-reports@iol.unh.edu \
    --cc=test-report@dpdk.org \
    /path/to/YOUR_REPLY

  https://kernel.org/pub/software/scm/git/docs/git-send-email.html

* If your mail client supports setting the In-Reply-To header
  via mailto: links, try the mailto: link
Be sure your reply has a Subject: header at the top and a blank line before the message body.
This is a public inbox, see mirroring instructions
for how to clone and mirror all data and code used for this inbox;
as well as URLs for NNTP newsgroup(s).