From mboxrd@z Thu Jan 1 00:00:00 1970 Return-Path: Received: from mails.dpdk.org (mails.dpdk.org [217.70.189.124]) by inbox.dpdk.org (Postfix) with ESMTP id 9F19746BE9 for ; Tue, 22 Jul 2025 22:05:16 +0200 (CEST) Received: from mails.dpdk.org (localhost [127.0.0.1]) by mails.dpdk.org (Postfix) with ESMTP id 7E3FF40281; Tue, 22 Jul 2025 22:05:16 +0200 (CEST) Received: from mail-pl1-f228.google.com (mail-pl1-f228.google.com [209.85.214.228]) by mails.dpdk.org (Postfix) with ESMTP id A9FE140281 for ; Tue, 22 Jul 2025 22:05:15 +0200 (CEST) Received: by mail-pl1-f228.google.com with SMTP id d9443c01a7336-23dc5bcf49eso73691925ad.2 for ; Tue, 22 Jul 2025 13:05:15 -0700 (PDT) DKIM-Signature: v=1; a=rsa-sha256; c=relaxed/relaxed; d=iol.unh.edu; s=unh-iol; t=1753214715; x=1753819515; darn=dpdk.org; h=references:in-reply-to:cc:to:from:subject:message-id:date:from:to :cc:subject:date:message-id:reply-to; bh=NFt1D6IW9dUOVYeOPWxREkalSQfZvAHKCVxEhUZlRAY=; b=PuCKEFoz973Z6vHHGgQlXU2PBKUv/A65PFuXx2ITsa525LKb7RrRP8ALfXMWmd36HK SqkfmXGJK7Tsxfq43FB0Msg1fcqDDmaR3zafDRn2onl9hQL0ZqCPZQ+hzQO8UGT9zyU5 /x1Xk7k/MKZqKoPF0vgvgPkAREX1Q/0ptRppU= X-Google-DKIM-Signature: v=1; a=rsa-sha256; c=relaxed/relaxed; d=1e100.net; s=20230601; t=1753214715; x=1753819515; h=references:in-reply-to:cc:to:from:subject:message-id:date :x-gm-message-state:from:to:cc:subject:date:message-id:reply-to; bh=NFt1D6IW9dUOVYeOPWxREkalSQfZvAHKCVxEhUZlRAY=; b=b5dA0kIbZo6EgPtq32E592iwlg0DHU2hFXmmpj8GWqW6WjsrY8eK32ZbbTPxTnLcz1 sEzakvtluTEO3FoH9zdx1fDDzl/PIFbzPoseF9ZW4PVVamG3ZadmlfbjB6mfpNFYfD9F 8dw8zy8MzJ/UCShx5wn65jsz3cI632tDnFSVG5oRfjnFvIIqa5iM2lrq64I7CXrlYHnD QORq5jINu95pHgruH1V9JhzZYfg4hHnxhMKgl5jUp+KS4V6hYkjLZEnbjvpfj4pz8V6f u+WzeeAbNaUGgw4kMCPqGUPqR8PTOdbeKNqsm4ZVx8sK+BpsweoOXDRjXcCgKF5OQMr5 nfoQ== X-Gm-Message-State: AOJu0YzQ/eDUNtZq9yQRIGPBISVtUkPZoQxy+tPoCWNH6B6l0WwpT8zL fEydFbid+W6pIcK7vBcUqT0X9Oxzu3Cb0+IPafGEnBEevFvC8x9nlhrvpyrpVyccnCt7mcfj4BV za5RlHUjjrazTl/JtxVFwVSCP6QLK0cFEJUuHOFpYfMfH X-Gm-Gg: ASbGnctq3SNIb7fJX8OPe9GmCpwDAoU79/b3uDQiXxBvt7tsHlQFEKKfBEAtdQaB0cZ 9fz3hkT9kq6UVXGw19jV9EfFvbM9nKpcegD2+4cB5FDvSUFdiUCFNI/Lu5F1l6h9XNIa23UDk6+ GBrkZohhh6RBjjyYsOHRzPwYv4OSy90VOxO+tWgKBfG5wMe//Oq96OHXlbIsKVPrYrKC2c8ssOq C7GyorYTLAeGAgDVtLnrqbeUd7GCh5IH/g9W0CJ8RZOib+fT3Dpa5Jj5amGWZofIWaVa6BGpsQK CKHg6B71Tg63H/frLe+/S0DN3ibHT9M244nrvSMau4QqcymwInrZuXL+1kU0/RBZ2oixrF53 X-Google-Smtp-Source: AGHT+IGI4EiNDqvhZ3ePmC4f48Zc5zP0cpEjh5d0GBmtrXiKMYuai1JZ5GBMLYHYPu1hcF/ePPhQil8OsEZp X-Received: by 2002:a17:903:3c65:b0:234:ed31:fc99 with SMTP id d9443c01a7336-23f9813f7a5mr5031585ad.21.1753214714824; Tue, 22 Jul 2025 13:05:14 -0700 (PDT) Received: from postal.iol.unh.edu (postal.iol.unh.edu. [132.177.123.84]) by smtp-relay.gmail.com with ESMTPS id d9443c01a7336-23e3b61ff9esm5820405ad.44.2025.07.22.13.05.14 (version=TLS1_2 cipher=ECDHE-ECDSA-AES128-GCM-SHA256 bits=128/128); Tue, 22 Jul 2025 13:05:14 -0700 (PDT) X-Relaying-Domain: iol.unh.edu Date: Tue, 22 Jul 2025 13:05:14 -0700 (PDT) Message-ID: <687feefa.170a0220.72758.d0a5SMTPIN_ADDED_MISSING@mx.google.com> Received: from [172.21.0.4] (unknown [172.18.0.240]) by postal.iol.unh.edu (Postfix) with ESMTP id 3DD686050A61; Tue, 22 Jul 2025 16:05:14 -0400 (EDT) Subject: |FAILURE| pw155433-155445 [PATCH] [v6,13/13] pdump: mark API and app From: dpdklab@iol.unh.edu To: Test Report Cc: dpdk-test-reports@iol.unh.edu, Stephen Hemminger In-Reply-To: <20250722173552.184141-14-stephen@networkplumber.org> References: <20250722173552.184141-14-stephen@networkplumber.org> Content-Type: text/plain X-BeenThere: test-report@dpdk.org X-Mailman-Version: 2.1.29 Precedence: list List-Id: automatic DPDK test reports List-Unsubscribe: , List-Archive: List-Post: List-Help: List-Subscribe: , Errors-To: test-report-bounces@dpdk.org Test-Label: iol-compile-amd64-testing Test-Status: FAILURE http://dpdk.org/patch/155445 _Testing issues_ Submitter: Stephen Hemminger Date: Tuesday, July 22 2025 17:34:44 DPDK git baseline: Repo:dpdk Branch: master CommitID:b222395561638f89562e4ef42e1eabf2d6db43dd 155433-155445 --> testing issues Upstream job id: Windows-Compile-DPDK-VS#6433 Test environment and result as below: +---------------------+--------------------+-------------------+ | Environment | dpdk_meson_compile | dpdk_msvc_compile | +=====================+====================+===================+ | FreeBSD 14.2 | PASS | SKIPPED | +---------------------+--------------------+-------------------+ | Ubuntu 20.04 | PASS | SKIPPED | +---------------------+--------------------+-------------------+ | Windows Server 2022 | SKIPPED | FAIL | +---------------------+--------------------+-------------------+ ==== 20 line log output for Windows Server 2022 (dpdk_msvc_compile): ==== [400/454] Compiling C object app/dpdk-test.exe.p/test_test_ptr_compress.c.obj [401/454] Compiling C object app/dpdk-test.exe.p/test_test_net_ether.c.obj [402/454] Compiling C object app/dpdk-test.exe.p/test_test_prefetch.c.obj [403/454] Compiling C object app/dpdk-test.exe.p/test_test_mp_secondary.c.obj FAILED: app/dpdk-test.exe.p/test_test_mp_secondary.c.obj "cl" "-Iapp\dpdk-test.exe.p" "-Iapp" "-I..\app" "-Ilib\cmdline" "-I..\lib\cmdline" "-Ilib\eal\common" "-I..\lib\eal\common" "-I." "-I.." "-Iconfig" "-I..\config" "-Ilib\eal\include" "-I..\lib\eal\include" "-Ilib\eal\windows\include" "-I..\lib\eal\windows\include" "-Ilib\eal\x86\include" "-I..\lib\eal\x86\include" "-Ilib\eal" "-I..\lib\eal" "-Ilib\log" "-I..\lib\log" "-Ilib\kvargs" "-I..\lib\kvargs" "-Ilib\net" "-I..\lib\net" "-Ilib\mbuf" "-I..\lib\mbuf" "-Ilib\mempool" "-I..\lib\mempool" "-Ilib \ring" "-I..\lib\ring" "-Ilib\metrics" "-I..\lib\metrics" "-Ilib\telemetry" "-I..\lib\telemetry" "-Ilib\ethdev" "-I..\lib\ethdev" "-Ilib\meter" "-I..\lib\meter" "-Ilib\argparse" "-I..\lib\argparse" "-Ilib\hash" "-I..\lib\hash" "-Ilib\rcu" "-I..\lib\rcu" "-Ilib\bitratestats" "-I..\lib\bitratestats" "-Ilib\cfgfile" "-I..\lib\cfgfile" "-Ilib\cryptodev" "-I..\lib\cryptodev" "-Ilib\security" "-I..\lib\security" "-Ilib\dmadev" "-I..\lib\dmadev" "-Ilib\fib" "-I..\lib\fib" "-Ilib\rib" "-I..\lib\rib" " -Ilib\lpm" "-I..\lib\lpm" "-Ilib\ip_frag" "-I..\lib\ip_frag" "-Ilib\latencystats" "-I..\lib\latencystats" "-Ilib\pcapng" "-I..\lib\pcapng" "-Ilib\ptr_compress" "-I..\lib\ptr_compress" "-Ilib\reorder" "-I..\lib\reorder" "-Ilib\stack" "-I..\lib\stack" "-Ilib\timer" "-I..\lib\timer" "-Iapp\test\test_cfgfiles" "-IC:\Program Files\Mellanox\MLNX_WinOF2_DevX_SDK\inc" "/MD" "/nologo" "/showIncludes" "/utf-8" "/W3" "/WX" "/std:c11" "/O2" "/Gw" "/wd4244" "/wd4267" "/wd4146" "/experimental:c11atomics" "/d 1experimental:typeof" "/experimental:statementExpressions" "/FI" "rte_config.h" "-D_GNU_SOURCE" "-D_WIN32_WINNT=0x0A00" "-DALLOW_EXPERIMENTAL_API" "-DALLOW_INTERNAL_API" "/Fdapp\dpdk-test.exe.p\test_test_mp_secondary.c.pdb" /Foapp/dpdk-test.exe.p/test_test_mp_secondary.c.obj "/c" ../app/test/test_mp_secondary.c ../app/test/test_mp_secondary.c(19): fatal error C1083: Cannot open include file: 'rte_bus_vdev.h': No such file or directory [404/454] Compiling C object app/dpdk-test.exe.p/test_test_net_ip6.c.obj [405/454] Compiling C object app/dpdk-test.exe.p/test_test_reciprocal_division.c.obj [406/454] Compiling C object app/dpdk-test.exe.p/test_test_rib.c.obj [407/454] Compiling C object app/dpdk-test.exe.p/test_test_pmd_perf.c.obj [408/454] Compiling C object app/dpdk-test.exe.p/test_test_rib6.c.obj [409/454] Compiling C object app/dpdk-test.exe.p/test_test_rcu_qsbr.c.obj [410/454] Compiling C object app/dpdk-test.exe.p/test_test_mempool_perf.c.obj [411/454] Compiling C object app/dpdk-test.exe.p/test_test_ring.c.obj [412/454] Compiling C object app/dpdk-test.exe.p/test_test_memcpy_perf.c.obj ninja: build stopped: subcommand failed. INFO: autodetecting backend as ninja INFO: calculating backend command to run: "C:\Program Files\Meson\ninja.EXE" -C C:/Users/builder/jenkins/workspace/Windows-Compile-DPDK-VS/dpdk/build ==== End log output ==== FreeBSD 14.2 Kernel: 14.2-RELEASE Compiler: clang 18.1.6 Ubuntu 20.04 Kernel: 4.19 Compiler: gcc gcc (Ubuntu 9.4.0-1ubuntu1~20.04.2) 9.4.0 Windows Server 2022 Kernel: 10.0.20348.2031 Compiler: clang 15.0.7, gcc 14.1.0 (MinGW), and MSVC VS 19.39.33521 To view detailed results, visit: https://lab.dpdk.org/results/dashboard/patchsets/33730/ UNH-IOL DPDK Community Lab To manage your email subscriptions, visit: https://lab.dpdk.org/results/dashboard/preferences/subscriptions/