From mboxrd@z Thu Jan 1 00:00:00 1970 Return-Path: Received: from mails.dpdk.org (mails.dpdk.org [217.70.189.124]) by inbox.dpdk.org (Postfix) with ESMTP id 0386746BE9 for ; Tue, 22 Jul 2025 23:22:19 +0200 (CEST) Received: from mails.dpdk.org (localhost [127.0.0.1]) by mails.dpdk.org (Postfix) with ESMTP id F2AEE4003C; Tue, 22 Jul 2025 23:22:18 +0200 (CEST) Received: from mail-yb1-f226.google.com (mail-yb1-f226.google.com [209.85.219.226]) by mails.dpdk.org (Postfix) with ESMTP id 0B8414003C for ; Tue, 22 Jul 2025 23:22:18 +0200 (CEST) Received: by mail-yb1-f226.google.com with SMTP id 3f1490d57ef6-e8d7122c3a5so5123279276.1 for ; Tue, 22 Jul 2025 14:22:17 -0700 (PDT) DKIM-Signature: v=1; a=rsa-sha256; c=relaxed/relaxed; d=iol.unh.edu; s=unh-iol; t=1753219337; x=1753824137; darn=dpdk.org; h=references:in-reply-to:cc:to:from:subject:message-id:date:from:to :cc:subject:date:message-id:reply-to; bh=U86Uobhrr48SBPP/on8ErDzs3fW42xsTx1oy14AZn+w=; b=KnDOYNmUFBNX6593eyVA3YuutEeX0ESOaQOZR2cj14l/e+BKkwhNlTWTMAsp3MMb2+ XIiD8gL/VRjDA6d94tXJkK01+7PtUgntvY2KaUIaSHk/81mfSgZCz6Rm42jQEZqoZDLc C9ebbCBLYzvISNH5nIXvzjNhPjVhv3F+XcNyQ= X-Google-DKIM-Signature: v=1; a=rsa-sha256; c=relaxed/relaxed; d=1e100.net; s=20230601; t=1753219337; x=1753824137; h=references:in-reply-to:cc:to:from:subject:message-id:date :x-gm-message-state:from:to:cc:subject:date:message-id:reply-to; bh=U86Uobhrr48SBPP/on8ErDzs3fW42xsTx1oy14AZn+w=; b=w9xjR8cKdtK5uNc7WZmi6LeOCqtarm3MhhV0PtZ92dRPykCd5wcMWstxkr3DXgfNIC L3f5y7+Feowi61Opc7ZnGRRfTva7C6a+jWHlq2pP5cRVTghT2XO0n8v7i/S7OndHQSyT 8Qg0P0aiUi/wiW9865OugIrMHvubD1QW4lBOXrx9ZmL74CPLjgYwC22ypv1WKsUyEKVe NFqCi4oKAKQA8GsX7UzRh9dHM8h5zU+/r5qsD4C+KfcI6969xD1WDnctX/0rumHdj+9n oh6C4+6PZN1rkdgJT968VPBKc04cSSmu2KxWxp882abHYFvKbVs84xssYhtHG/vZ2Dwb X/pQ== X-Gm-Message-State: AOJu0YzCJdfUWOXHStfPmZJUZaqql8KXeZc7D9iN/V2MeBmUTRoSMOZE Tbv6nEaWvtoL9Ic0gomQ2PcLmC9nzBaqLfbXJNeq4A42kQ8EU3lbOKKswPRbhx7FBsgqNqPy83m dn7xsdU9JB+Z05Pa8Usp1mbMFZ/7xrsTrFEPcQ2dtClMw X-Gm-Gg: ASbGnct4cED/Khkewt8dpxfq3R6/rhiNFDWt2L6Lhsk2A0CmPnKYTmcC7/62EEEWeho gz/eTH8AfcdlwcWKe8X0PvjnQJ6keq2oOIb2Nd0UHxSXyvkjiKxeQybdzEWYoHLc5JYHBKuXgzv wlt6NT8KeQQPsT2Ld2OWkgAiipjT74dMGwfhn8p+7vjCZm41RMooS6xb+2RQlvyVkbhDyC2XGbT LLPO7pAOMx560rf5CdV9utOsqW3z1cFJFwyW1vtmk9CtNSl0PNdhEnetT0LnfK6U7ham/7+dK6A opbBzqM4rbSJiaqJBFnMj1K63tufX3HTY5msZOej/ZCcdXIIkwu/e0rq9A2MKscVSy0Nn3CH X-Google-Smtp-Source: AGHT+IGHe9BNnRFRl4EX7lKpxnpzr/tB4RnnNdEofkzrFmw1xUf3WvY1DrukzPy9t2m6SqVLRSNpwGmGZFdX X-Received: by 2002:a05:690c:60c6:b0:719:5664:87ef with SMTP id 00721157ae682-719b424e084mr9021847b3.30.1753219337439; Tue, 22 Jul 2025 14:22:17 -0700 (PDT) Received: from postal.iol.unh.edu (postal.iol.unh.edu. [132.177.123.84]) by smtp-relay.gmail.com with ESMTPS id 00721157ae682-719532ce908sm5951557b3.35.2025.07.22.14.22.17 (version=TLS1_2 cipher=ECDHE-ECDSA-AES128-GCM-SHA256 bits=128/128); Tue, 22 Jul 2025 14:22:17 -0700 (PDT) X-Relaying-Domain: iol.unh.edu Date: Tue, 22 Jul 2025 14:22:17 -0700 (PDT) Message-ID: <68800109.050a0220.174bc4.eef3SMTPIN_ADDED_MISSING@mx.google.com> Received: from [172.21.0.5] (unknown [172.18.0.240]) by postal.iol.unh.edu (Postfix) with ESMTP id 1107060003E8; Tue, 22 Jul 2025 17:22:17 -0400 (EDT) Subject: |FAILURE| pw155433-155445 [PATCH] [v6,13/13] pdump: mark API and app From: dpdklab@iol.unh.edu To: Test Report Cc: dpdk-test-reports@iol.unh.edu, Stephen Hemminger In-Reply-To: <20250722173552.184141-14-stephen@networkplumber.org> References: <20250722173552.184141-14-stephen@networkplumber.org> Content-Type: text/plain X-BeenThere: test-report@dpdk.org X-Mailman-Version: 2.1.29 Precedence: list List-Id: automatic DPDK test reports List-Unsubscribe: , List-Archive: List-Post: List-Help: List-Subscribe: , Errors-To: test-report-bounces@dpdk.org Test-Label: iol-compile-amd64-testing Test-Status: FAILURE http://dpdk.org/patch/155445 _Testing issues_ Submitter: Stephen Hemminger Date: Tuesday, July 22 2025 17:34:44 DPDK git baseline: Repo:dpdk Branch: master CommitID:b222395561638f89562e4ef42e1eabf2d6db43dd 155433-155445 --> testing issues Upstream job id: Windows-Compile-DPDK-Native#29949 Test environment and result as below: +---------------------+--------------------+-------------------+-------------------------+----------------------+ | Environment | dpdk_meson_compile | dpdk_msvc_compile | dpdk_llvm_clang_compile | dpdk_mingw64_compile | +=====================+====================+===================+=========================+======================+ | FreeBSD 14.2 | PASS | SKIPPED | SKIPPED | SKIPPED | +---------------------+--------------------+-------------------+-------------------------+----------------------+ | Ubuntu 20.04 | PASS | SKIPPED | SKIPPED | SKIPPED | +---------------------+--------------------+-------------------+-------------------------+----------------------+ | Windows Server 2022 | SKIPPED | FAIL | PASS | PASS | +---------------------+--------------------+-------------------+-------------------------+----------------------+ ==== 20 line log output for Windows Server 2022 (dpdk_msvc_compile): ==== [400/454] Compiling C object app/dpdk-test.exe.p/test_test_ptr_compress.c.obj [401/454] Compiling C object app/dpdk-test.exe.p/test_test_net_ether.c.obj [402/454] Compiling C object app/dpdk-test.exe.p/test_test_prefetch.c.obj [403/454] Compiling C object app/dpdk-test.exe.p/test_test_mp_secondary.c.obj FAILED: app/dpdk-test.exe.p/test_test_mp_secondary.c.obj "cl" "-Iapp\dpdk-test.exe.p" "-Iapp" "-I..\app" "-Ilib\cmdline" "-I..\lib\cmdline" "-Ilib\eal\common" "-I..\lib\eal\common" "-I." "-I.." "-Iconfig" "-I..\config" "-Ilib\eal\include" "-I..\lib\eal\include" "-Ilib\eal\windows\include" "-I..\lib\eal\windows\include" "-Ilib\eal\x86\include" "-I..\lib\eal\x86\include" "-Ilib\eal" "-I..\lib\eal" "-Ilib\log" "-I..\lib\log" "-Ilib\kvargs" "-I..\lib\kvargs" "-Ilib\net" "-I..\lib\net" "-Ilib\mbuf" "-I..\lib\mbuf" "-Ilib\mempool" "-I..\lib\mempool" "-Ilib \ring" "-I..\lib\ring" "-Ilib\metrics" "-I..\lib\metrics" "-Ilib\telemetry" "-I..\lib\telemetry" "-Ilib\ethdev" "-I..\lib\ethdev" "-Ilib\meter" "-I..\lib\meter" "-Ilib\argparse" "-I..\lib\argparse" "-Ilib\hash" "-I..\lib\hash" "-Ilib\rcu" "-I..\lib\rcu" "-Ilib\bitratestats" "-I..\lib\bitratestats" "-Ilib\cfgfile" "-I..\lib\cfgfile" "-Ilib\cryptodev" "-I..\lib\cryptodev" "-Ilib\security" "-I..\lib\security" "-Ilib\dmadev" "-I..\lib\dmadev" "-Ilib\fib" "-I..\lib\fib" "-Ilib\rib" "-I..\lib\rib" " -Ilib\lpm" "-I..\lib\lpm" "-Ilib\ip_frag" "-I..\lib\ip_frag" "-Ilib\latencystats" "-I..\lib\latencystats" "-Ilib\pcapng" "-I..\lib\pcapng" "-Ilib\ptr_compress" "-I..\lib\ptr_compress" "-Ilib\reorder" "-I..\lib\reorder" "-Ilib\stack" "-I..\lib\stack" "-Ilib\timer" "-I..\lib\timer" "-Iapp\test\test_cfgfiles" "-IC:\Program Files\Mellanox\MLNX_WinOF2_DevX_SDK\inc" "/MD" "/nologo" "/showIncludes" "/utf-8" "/W3" "/WX" "/std:c11" "/O2" "/Gw" "/wd4244" "/wd4267" "/wd4146" "/experimental:c11atomics" "/d 1experimental:typeof" "/experimental:statementExpressions" "/FI" "rte_config.h" "-D_GNU_SOURCE" "-D_WIN32_WINNT=0x0A00" "-DALLOW_EXPERIMENTAL_API" "-DALLOW_INTERNAL_API" "/Fdapp\dpdk-test.exe.p\test_test_mp_secondary.c.pdb" /Foapp/dpdk-test.exe.p/test_test_mp_secondary.c.obj "/c" ../app/test/test_mp_secondary.c ../app/test/test_mp_secondary.c(19): fatal error C1083: Cannot open include file: 'rte_bus_vdev.h': No such file or directory [404/454] Compiling C object app/dpdk-test.exe.p/test_test_net_ip6.c.obj [405/454] Compiling C object app/dpdk-test.exe.p/test_test_reciprocal_division.c.obj [406/454] Compiling C object app/dpdk-test.exe.p/test_test_rib.c.obj [407/454] Compiling C object app/dpdk-test.exe.p/test_test_pmd_perf.c.obj [408/454] Compiling C object app/dpdk-test.exe.p/test_test_rib6.c.obj [409/454] Compiling C object app/dpdk-test.exe.p/test_test_rcu_qsbr.c.obj [410/454] Compiling C object app/dpdk-test.exe.p/test_test_mempool_perf.c.obj [411/454] Compiling C object app/dpdk-test.exe.p/test_test_ring.c.obj [412/454] Compiling C object app/dpdk-test.exe.p/test_test_memcpy_perf.c.obj ninja: build stopped: subcommand failed. INFO: autodetecting backend as ninja INFO: calculating backend command to run: "C:\Program Files\Meson\ninja.EXE" -C C:/Users/builder/jenkins/workspace/Windows-Compile-DPDK-VS/dpdk/build ==== End log output ==== FreeBSD 14.2 Kernel: 14.2-RELEASE Compiler: clang 18.1.6 Ubuntu 20.04 Kernel: 4.19 Compiler: gcc gcc (Ubuntu 9.4.0-1ubuntu1~20.04.2) 9.4.0 Windows Server 2022 Kernel: 10.0.20348.2031 Compiler: clang 15.0.7, gcc 14.1.0 (MinGW), and MSVC VS 19.39.33521 To view detailed results, visit: https://lab.dpdk.org/results/dashboard/patchsets/33730/ UNH-IOL DPDK Community Lab To manage your email subscriptions, visit: https://lab.dpdk.org/results/dashboard/preferences/subscriptions/