From mboxrd@z Thu Jan 1 00:00:00 1970 Return-Path: Received: from mails.dpdk.org (mails.dpdk.org [217.70.189.124]) by inbox.dpdk.org (Postfix) with ESMTP id 7D78146BE9 for ; Wed, 23 Jul 2025 01:23:54 +0200 (CEST) Received: from mails.dpdk.org (localhost [127.0.0.1]) by mails.dpdk.org (Postfix) with ESMTP id 78D84402D2; Wed, 23 Jul 2025 01:23:54 +0200 (CEST) Received: from mail-qv1-f98.google.com (mail-qv1-f98.google.com [209.85.219.98]) by mails.dpdk.org (Postfix) with ESMTP id 20D5F402D2 for ; Wed, 23 Jul 2025 01:23:51 +0200 (CEST) Received: by mail-qv1-f98.google.com with SMTP id 6a1803df08f44-6fb0eb0f0fbso5313866d6.1 for ; Tue, 22 Jul 2025 16:23:51 -0700 (PDT) DKIM-Signature: v=1; a=rsa-sha256; c=relaxed/relaxed; d=iol.unh.edu; s=unh-iol; t=1753226630; x=1753831430; darn=dpdk.org; h=references:in-reply-to:cc:to:from:subject:message-id:date:from:to :cc:subject:date:message-id:reply-to; bh=WMIxShB9uoAoNYjxSmtf3THJeHhpcjRdhFol4ELxvfc=; b=MiPpsOOnw2A9dMLPpR+fEwLgD+oYxk5WuBHWT9PvUoT0bSSxZS3on1KnfQRf/0js6o LmHy/+b51WU8QyBxHDygLcTPu0QI7bVhCJuBpqGPj/xc2PPh/OQ/UGj5Ak4Y70YLbFnX t4DkMiVB3aZ+7eXxuxeHWGkMpsH7WskFnSuQc= X-Google-DKIM-Signature: v=1; a=rsa-sha256; c=relaxed/relaxed; d=1e100.net; s=20230601; t=1753226630; x=1753831430; h=references:in-reply-to:cc:to:from:subject:message-id:date :x-gm-message-state:from:to:cc:subject:date:message-id:reply-to; bh=WMIxShB9uoAoNYjxSmtf3THJeHhpcjRdhFol4ELxvfc=; b=rpRlrXsZ47pdeAuxOTpNbdrAS+31O0t713O+Udffb9vFfasIH+uaff2k/IojKrfAgi +Xs+3NsMm8Qshgc6TRzMqvoiD9KMiCkhi5nZ15sBBlAY/HKO6A7WEZbuzVPPMdqDxEzB Bo1hq2GVBbG6TV+OtvQ+sklhRIOKqu+1SjdXpeQbR+jW8y0qyhIgdJqPofzTeONvhw+G j4GmOnJ9Bt02xXPZl7Ke7sfYvjAU0GMLJ57MuL7g+c+3RvK/7YEFO9utoTCGmtaWBd64 zIkEFr7Sv3TZv30C3FHw16Z0aVPb8I9+6et1cGcCBq1Gl2hhnKEzBkiWlsw/9jDwrMbv scoA== X-Gm-Message-State: AOJu0YxiL1vq2KeWwyqVXLWfA0vGpgPuVibkVcNiHJJe/6VHaa/Xffr/ qXFsZnPzB2lqEYAXcDGxUKzDRRvC215YYoGy5WVtB3JaJAIY5mMgR89jnicJG732zgkdLW1+yRG Q1BEso6dPx5cJIn8YPWD2A4xfIVWSv2iuDvcvWoYMf6Mo X-Gm-Gg: ASbGncvKIGPLehayjHb2l6QSztbp43faDilHGUjGzbFmkzS9qNTjRlvgdtiUH4049ud BTz8NYxVWFgHyMhPG0rV1sqr/nPrIj8BLMQ4dbz6sUqAGpqAxAxF9/DQN/SKauDL0cS566D4wfu EX2TmL9G9n56LrIwfZ8lm0xBrLZ4Jgju8Jyxm4evskxQ9VEKW8sQArf4/fYsvsJ2LXJOXgFXVB/ VSTG7u+WSN+FllpatumRJ3r3Z2RSQ/ZsKRV0L6R0BfLbStDwJyey+aspT3sbWIiqjJI43aUN5/N XfqyspiR6jk4D6CWLBeca4SYodN5M9NkYMu3e2sjIINMQbBQRZSOQt4n+CciE/zQ5W1X0nBb X-Google-Smtp-Source: AGHT+IEa0SOxG+gMGh/hc24yvYoqFKLR8ItKlWImlzuB7TfNSB+IqQ4UPc41fdI3ZtHXWPQb6c6ayEcNDQtu X-Received: by 2002:ad4:5c4c:0:b0:702:cf15:686a with SMTP id 6a1803df08f44-70700fc805bmr11380566d6.3.1753226630437; Tue, 22 Jul 2025 16:23:50 -0700 (PDT) Received: from postal.iol.unh.edu (postal.iol.unh.edu. [132.177.123.84]) by smtp-relay.gmail.com with ESMTPS id 6a1803df08f44-7051bd57b54sm5745126d6.51.2025.07.22.16.23.50 (version=TLS1_2 cipher=ECDHE-ECDSA-AES128-GCM-SHA256 bits=128/128); Tue, 22 Jul 2025 16:23:50 -0700 (PDT) X-Relaying-Domain: iol.unh.edu Date: Tue, 22 Jul 2025 16:23:50 -0700 (PDT) Message-ID: <68801d86.050a0220.2fd6d0.d1ebSMTPIN_ADDED_MISSING@mx.google.com> Received: from [172.21.0.6] (unknown [172.18.0.240]) by postal.iol.unh.edu (Postfix) with ESMTP id 0F2F96051830; Tue, 22 Jul 2025 19:23:50 -0400 (EDT) Subject: |FAILURE| pw155433-155445 [PATCH] [v6,13/13] pdump: mark API and app From: dpdklab@iol.unh.edu To: Test Report Cc: dpdk-test-reports@iol.unh.edu, Stephen Hemminger In-Reply-To: <20250722173552.184141-14-stephen@networkplumber.org> References: <20250722173552.184141-14-stephen@networkplumber.org> Content-Type: text/plain X-BeenThere: test-report@dpdk.org X-Mailman-Version: 2.1.29 Precedence: list List-Id: automatic DPDK test reports List-Unsubscribe: , List-Archive: List-Post: List-Help: List-Subscribe: , Errors-To: test-report-bounces@dpdk.org Test-Label: iol-abi-testing Test-Status: FAILURE http://dpdk.org/patch/155445 _Testing issues_ Submitter: Stephen Hemminger Date: Tuesday, July 22 2025 17:34:44 DPDK git baseline: Repo:dpdk Branch: master CommitID:b222395561638f89562e4ef42e1eabf2d6db43dd 155433-155445 --> testing issues Upstream job id: Generic-DPDK-Compile-ABI#135328 Test environment and result as below: +-------------------------------+----------+ | Environment | abi_test | +===============================+==========+ | Fedora Linux 40 | FAIL | +-------------------------------+----------+ | Debian GNU/Linux 12 | FAIL | +-------------------------------+----------+ | CentOS Stream 9 | FAIL | +-------------------------------+----------+ | CentOS Stream 10 | FAIL | +-------------------------------+----------+ | Fedora Linux 41 | FAIL | +-------------------------------+----------+ | Ubuntu 22.04 | FAIL | +-------------------------------+----------+ | Red Hat Enterprise Linux 8.10 | FAIL | +-------------------------------+----------+ | Red Hat Enterprise Linux 9.5 | FAIL | +-------------------------------+----------+ | openSUSE Leap 15.6 | FAIL | +-------------------------------+----------+ | Ubuntu 24.04 | FAIL | +-------------------------------+----------+ ==== 20 line log output for Ubuntu 24.04 (abi_test): ==== Variables changes summary: 0 Removed, 0 Changed, 0 Added variable Functions changes summary: 0 Removed, 0 Changed (2 filtered out), 0 Added functions Variables changes summary: 0 Removed, 0 Changed, 0 Added variable Functions changes summary: 0 Removed, 0 Changed (5 filtered out), 0 Added functions Variables changes summary: 0 Removed, 0 Changed, 0 Added variable Functions changes summary: 0 Removed, 0 Changed (296 filtered out), 0 Added (11 filtered out) functions Variables changes summary: 0 Removed, 0 Changed, 0 Added variable Functions changes summary: 0 Removed, 0 Changed (4 filtered out), 0 Added (12 filtered out) functions Variables changes summary: 0 Removed, 0 Changed (1 filtered out), 0 Added variable Functions changes summary: 0 Removed, 0 Changed, 0 Added (5 filtered out) functions Variables changes summary: 0 Removed, 0 Changed, 0 Added variable Functions changes summary: 0 Removed, 0 Changed (215 filtered out), 0 Added (2 filtered out) functions Variables changes summary: 0 Removed, 0 Changed, 0 Added variable ==== End log output ==== Fedora Linux 40 Kernel: 5.15 Compiler: gcc gcc (GCC) 14.2.1 20240912 (Red Hat 14.2.1-3) Debian GNU/Linux 12 Kernel: 5.15 Compiler: gcc gcc (Debian 12.2.0-14+deb12u1) 12.2.0 CentOS Stream 9 Kernel: 5.15 Compiler: gcc gcc (GCC) 11.5.0 20240719 (Red Hat 11.5.0-7) CentOS Stream 10 Kernel: 5.15 Compiler: gcc gcc (GCC) 14.2.1 20250110 (Red Hat 14.2.1-8) Fedora Linux 41 Kernel: 5.15 Compiler: clang gcc (GCC) 14.3.1 20250523 (Red Hat 14.3.1-1) Ubuntu 22.04 Kernel: 5.15 Compiler: gcc gcc (Ubuntu 11.4.0-1ubuntu1~22.04) 11.4.0 Red Hat Enterprise Linux 8.10 Kernel: 5.15 Compiler: gcc gcc (GCC) 8.5.0 20210514 (Red Hat 8.5.0-22) Red Hat Enterprise Linux 9.5 Kernel: 5.15 Compiler: gcc gcc (GCC) 11.5.0 20240719 (Red Hat 11.5.0-2) openSUSE Leap 15.6 Kernel: 5.15 Compiler: gcc gcc (SUSE Linux) 7.5.0 Ubuntu 24.04 Kernel: 5.15 Compiler: gcc gcc (Ubuntu 13.3.0-6ubuntu2~24.04) 13.3.0 To view detailed results, visit: https://lab.dpdk.org/results/dashboard/patchsets/33730/ UNH-IOL DPDK Community Lab To manage your email subscriptions, visit: https://lab.dpdk.org/results/dashboard/preferences/subscriptions/