From mboxrd@z Thu Jan 1 00:00:00 1970 Return-Path: Received: from mails.dpdk.org (mails.dpdk.org [217.70.189.124]) by inbox.dpdk.org (Postfix) with ESMTP id BA2EC46B8C for ; Wed, 23 Jul 2025 01:25:18 +0200 (CEST) Received: from mails.dpdk.org (localhost [127.0.0.1]) by mails.dpdk.org (Postfix) with ESMTP id B59D4402D2; Wed, 23 Jul 2025 01:25:18 +0200 (CEST) Received: from mail-qv1-f100.google.com (mail-qv1-f100.google.com [209.85.219.100]) by mails.dpdk.org (Postfix) with ESMTP id B347E402D2 for ; Wed, 23 Jul 2025 01:25:16 +0200 (CEST) Received: by mail-qv1-f100.google.com with SMTP id 6a1803df08f44-6fad4a1dc33so55732386d6.1 for ; Tue, 22 Jul 2025 16:25:16 -0700 (PDT) DKIM-Signature: v=1; a=rsa-sha256; c=relaxed/relaxed; d=iol.unh.edu; s=unh-iol; t=1753226716; x=1753831516; darn=dpdk.org; h=references:in-reply-to:cc:to:from:subject:message-id:date:from:to :cc:subject:date:message-id:reply-to; bh=wZwysqnpZF/NXiPhM5BvFkp1hJabjygoEIFaoDeTsE0=; b=W0s97Mg9GmpSNAw8pwnervL2QWPwTtdNmRp5k/dI3oF7ECsThf/mlqLKoSVmzJct1X aXql6Obx1WJ42VD2Bv46EShSObzTZuCVATMZC5vnRvFSd+8rSgiHL9ADOt1hHsFGgf7B qcSrwUIwEQUYvF2i6gPo4XhRCI5hGDDdmwk8I= X-Google-DKIM-Signature: v=1; a=rsa-sha256; c=relaxed/relaxed; d=1e100.net; s=20230601; t=1753226716; x=1753831516; h=references:in-reply-to:cc:to:from:subject:message-id:date :x-gm-message-state:from:to:cc:subject:date:message-id:reply-to; bh=wZwysqnpZF/NXiPhM5BvFkp1hJabjygoEIFaoDeTsE0=; b=OqN8XWf+SFGBWD6dda/uGhlRKoZCF3Qyj57STGz/26dlB3b+CggPO86+wU7GmtaFMc atWO4AsBrDkin4zg41FYtP5gTXyxtas4QcwwBmUQ6IynVJNWm28AFXYy54Z9ofm//YSA Va538ZEKsVsguNoN8ie+a9bg6bDcZNeMNqySFoKB35RsubnD3QHSHLTSFwnneq4e8lSH EUs40pAhzSq45pmpjDzm8UqheGFdNLBEbmqVQYQrgUuxHyAzRmIeLmRpQnlam2KIst7z MxQml0Of4gd8adDuMTG6cIB4FqfMl36QMGc48wl96jmBfbloxP6+bpqKAkzLqxPnhP9K J+hg== X-Gm-Message-State: AOJu0YyIz+GotGgK1UYRp+tMNCpcd9KE0nYtD4fLvOAg+ErflDQFHs1d XQ8VmgP49vcwQq4Zl5/87LehSFA6ho2PCgBzjVchcEjK3DFUrNhEClYSBAGXfQegZCvq0OKDasx ufK09gJ2FVAKPbq/mKRlYn+YWiTWh0MMcGq7NfJcbUq4c X-Gm-Gg: ASbGnctilXp3Nea3b9QOx0CaXcYqdudPXea1xa2Ydpg5VAwK2OaMPc5iG5qSNSW9LM5 o0WSU2hLFydMcJZNwN4txZ/FPH92XOn8KoUhG+j+/4iXswQxQUwHQVxK6A7FCaQeqO3lVnt6dwD hZ38Y5pewT5FTxasPQ2AqsxlULHnMR4NfH9/zAWC1yfSOMnXNzjd3dOjo5xrkb35IAEdJutzOj5 UH/EB/zwXznzgoVpEFSBQ1Tf9+pd7uv5utnEueN2y+rvMdtFlP0zZ08mQjqWp4+9Jhk3gvpORp1 vS94AalfaO0PtnIa5z/C/0nRHN7kGFYLF2MAW+FqUAARWcrIWVeHknTrD1Y3h7l5RhUGLV0f X-Google-Smtp-Source: AGHT+IHoAZBgU6yugRypSV5JHaR28UFCFFwFXKmRgSWFhQShC1gCg+b5Nv0rZ7s4gJAVfQxq69MD9oLGolvi X-Received: by 2002:ad4:5bef:0:b0:702:d6e7:18bf with SMTP id 6a1803df08f44-707006a8954mr14822556d6.3.1753226716070; Tue, 22 Jul 2025 16:25:16 -0700 (PDT) Received: from postal.iol.unh.edu (postal.iol.unh.edu. [132.177.123.84]) by smtp-relay.gmail.com with ESMTPS id 6a1803df08f44-7051bccef83sm5658996d6.32.2025.07.22.16.25.16 (version=TLS1_2 cipher=ECDHE-ECDSA-AES128-GCM-SHA256 bits=128/128); Tue, 22 Jul 2025 16:25:16 -0700 (PDT) X-Relaying-Domain: iol.unh.edu Date: Tue, 22 Jul 2025 16:25:16 -0700 (PDT) Message-ID: <68801ddc.050a0220.357e88.cae5SMTPIN_ADDED_MISSING@mx.google.com> Received: from [172.21.0.6] (unknown [172.18.0.240]) by postal.iol.unh.edu (Postfix) with ESMTP id C54BD6051830; Tue, 22 Jul 2025 19:25:15 -0400 (EDT) Subject: |FAILURE| pw155433-155445 [PATCH] [v6,13/13] pdump: mark API and app From: dpdklab@iol.unh.edu To: Test Report Cc: dpdk-test-reports@iol.unh.edu, Stephen Hemminger In-Reply-To: <20250722173552.184141-14-stephen@networkplumber.org> References: <20250722173552.184141-14-stephen@networkplumber.org> Content-Type: text/plain X-BeenThere: test-report@dpdk.org X-Mailman-Version: 2.1.29 Precedence: list List-Id: automatic DPDK test reports List-Unsubscribe: , List-Archive: List-Post: List-Help: List-Subscribe: , Errors-To: test-report-bounces@dpdk.org Test-Label: iol-abi-testing Test-Status: FAILURE http://dpdk.org/patch/155445 _Testing issues_ Submitter: Stephen Hemminger Date: Tuesday, July 22 2025 17:34:44 DPDK git baseline: Repo:dpdk Branch: master CommitID:b222395561638f89562e4ef42e1eabf2d6db43dd 155433-155445 --> testing issues Upstream job id: Generic-DPDK-Compile-ABI#135327 Test environment and result as below: +-------------------------------+----------+ | Environment | abi_test | +===============================+==========+ | Fedora Linux 40 | FAIL | +-------------------------------+----------+ | Debian GNU/Linux 12 | FAIL | +-------------------------------+----------+ | CentOS Stream 9 | FAIL | +-------------------------------+----------+ | CentOS Stream 10 | FAIL | +-------------------------------+----------+ | Fedora Linux 41 | FAIL | +-------------------------------+----------+ | Ubuntu 22.04 | FAIL | +-------------------------------+----------+ | Red Hat Enterprise Linux 8.10 | FAIL | +-------------------------------+----------+ | Red Hat Enterprise Linux 9.5 | FAIL | +-------------------------------+----------+ | openSUSE Leap 15.6 | FAIL | +-------------------------------+----------+ | Ubuntu 24.04 | FAIL | +-------------------------------+----------+ ==== 20 line log output for Ubuntu 24.04 (abi_test): ==== Variables changes summary: 0 Removed, 0 Changed, 0 Added variable Functions changes summary: 0 Removed, 0 Changed (2 filtered out), 0 Added functions Variables changes summary: 0 Removed, 0 Changed, 0 Added variable Functions changes summary: 0 Removed, 0 Changed (5 filtered out), 0 Added functions Variables changes summary: 0 Removed, 0 Changed, 0 Added variable Functions changes summary: 0 Removed, 0 Changed (296 filtered out), 0 Added (11 filtered out) functions Variables changes summary: 0 Removed, 0 Changed, 0 Added variable Functions changes summary: 0 Removed, 0 Changed (4 filtered out), 0 Added (12 filtered out) functions Variables changes summary: 0 Removed, 0 Changed (1 filtered out), 0 Added variable Functions changes summary: 0 Removed, 0 Changed, 0 Added (5 filtered out) functions Variables changes summary: 0 Removed, 0 Changed, 0 Added variable Functions changes summary: 0 Removed, 0 Changed (215 filtered out), 0 Added (2 filtered out) functions Variables changes summary: 0 Removed, 0 Changed, 0 Added variable ==== End log output ==== Fedora Linux 40 Kernel: 5.15 Compiler: gcc gcc (GCC) 14.2.1 20240912 (Red Hat 14.2.1-3) Debian GNU/Linux 12 Kernel: 5.15 Compiler: gcc gcc (Debian 12.2.0-14+deb12u1) 12.2.0 CentOS Stream 9 Kernel: 5.15 Compiler: gcc gcc (GCC) 11.5.0 20240719 (Red Hat 11.5.0-7) CentOS Stream 10 Kernel: 5.15 Compiler: gcc gcc (GCC) 14.2.1 20250110 (Red Hat 14.2.1-8) Fedora Linux 41 Kernel: 5.15 Compiler: clang gcc (GCC) 14.3.1 20250523 (Red Hat 14.3.1-1) Ubuntu 22.04 Kernel: 5.15 Compiler: gcc gcc (Ubuntu 11.4.0-1ubuntu1~22.04) 11.4.0 Red Hat Enterprise Linux 8.10 Kernel: 5.15 Compiler: gcc gcc (GCC) 8.5.0 20210514 (Red Hat 8.5.0-22) Red Hat Enterprise Linux 9.5 Kernel: 5.15 Compiler: gcc gcc (GCC) 11.5.0 20240719 (Red Hat 11.5.0-2) openSUSE Leap 15.6 Kernel: 5.15 Compiler: gcc gcc (SUSE Linux) 7.5.0 Ubuntu 24.04 Kernel: 5.15 Compiler: gcc gcc (Ubuntu 13.3.0-6ubuntu2~24.04) 13.3.0 To view detailed results, visit: https://lab.dpdk.org/results/dashboard/patchsets/33730/ UNH-IOL DPDK Community Lab To manage your email subscriptions, visit: https://lab.dpdk.org/results/dashboard/preferences/subscriptions/