From mboxrd@z Thu Jan 1 00:00:00 1970 Return-Path: Received: from mails.dpdk.org (mails.dpdk.org [217.70.189.124]) by inbox.dpdk.org (Postfix) with ESMTP id CF76146B8C for ; Wed, 23 Jul 2025 01:25:21 +0200 (CEST) Received: from mails.dpdk.org (localhost [127.0.0.1]) by mails.dpdk.org (Postfix) with ESMTP id C1615402D2; Wed, 23 Jul 2025 01:25:21 +0200 (CEST) Received: from mail-yb1-f225.google.com (mail-yb1-f225.google.com [209.85.219.225]) by mails.dpdk.org (Postfix) with ESMTP id 60830402D2 for ; Wed, 23 Jul 2025 01:25:19 +0200 (CEST) Received: by mail-yb1-f225.google.com with SMTP id 3f1490d57ef6-e8bbb02b887so5222611276.3 for ; Tue, 22 Jul 2025 16:25:19 -0700 (PDT) DKIM-Signature: v=1; a=rsa-sha256; c=relaxed/relaxed; d=iol.unh.edu; s=unh-iol; t=1753226719; x=1753831519; darn=dpdk.org; h=references:in-reply-to:cc:to:from:subject:message-id:date:from:to :cc:subject:date:message-id:reply-to; bh=whti5tFY9zhlKM/qK0Qd+kaaCTjtVbhWGrxysXmRDcA=; b=gw0SwZJrNo2XC2h3Tk9Chf7UHp45Cl4pPlnWvlyafmaO2DCnfj5F17t1TCkO/7MkW8 6J1pT9mBzxIGldBs/7t5Ozey0LtcqguWCqStyWS2aZIZkEPcsV9kwO19ipqZ4thSmRr1 Pb+a82FW1c2yYICRTKcb8Wry/+yA01f4zB8jI= X-Google-DKIM-Signature: v=1; a=rsa-sha256; c=relaxed/relaxed; d=1e100.net; s=20230601; t=1753226719; x=1753831519; h=references:in-reply-to:cc:to:from:subject:message-id:date :x-gm-message-state:from:to:cc:subject:date:message-id:reply-to; bh=whti5tFY9zhlKM/qK0Qd+kaaCTjtVbhWGrxysXmRDcA=; b=A7Gzt3Gke6YBPcLWCwzHiZLwPtwHO0p53oR7B2AACA3q043UFi3ldShaClnNh9EMdg 2C+RvLmO0U6ExZea+lK3N/b7IHTFVz7sWiC3LIuVwk8HyYcxvdBqmevSP0jVN2bIb5Sa wFVfzDc0pZyz7vo+Rn7gsN2304cwrmJF/3EYQhnS7y327yjKYMMUtUTYvJQgJUifHr7Y 3ES1niN1bpy/3ShLkVjQBNcNv0JxZXdlA5f05C5Kynh4XxvBKh3Tp5VyJUqVq2BnJ7zH jdg8ECOwRmCiGDwbx3uXW7EPZ6HGmjQNN4i2vrIpBp9+ASTbQCISVOcTuvc9hwC1QlSP 02XA== X-Gm-Message-State: AOJu0YxfZqjuYizz7KVh4adbtrwSnBOiLqiHaHfAZIa6vfcLQDFreiFi egnPzVjn0qJJmSamnw1mnR6K+lRmwszXDlAq/8ibWixl+YSbEZldNF/vY7ugTkzBzuC78ljKp7J 7TIbocZzNUGsIPba33wB2MBnFIfy7wQHsOW7UY5SoLyFl+37UfEfkbMN1kGUA X-Gm-Gg: ASbGncsxD9IAfVMRUGn35W78Lz6Pi0V2uQgVkq8WTBarz1UoQpdL+OACWLawz9DE/J0 yagXETsLJNuOULNwmw2eYiQg2vXI5RcqnepQLzUjCSPIflst2ScE+3hJh76t0Fx18O0gzmyVsWF LnAuUOtngLvPsamcLPsP38UC5zeIUWVjy+pFQx0CSCfr83gxmMGKrpH5AsGzF423oqrCW3CQx9S SKEtt+xYygHKqMbFQ9TkUCIVjGJpQB2IPa5/1Poqj8kMBpBJIQc6awaUN2JpYnOm3CgN/OocPYO +QMCELgANDmJNKL6O5fDayEWwMwNwPOt/xHf6yzHLyXIEHrz6Q== X-Google-Smtp-Source: AGHT+IGTrURCb6cI5Ik+zyAAU1QtGc8Ec+m1sp76+vQ+gO7LVWs9+97WwcFUc9H5H9iI+pxeRPnoe17yX4tJ X-Received: by 2002:a05:6902:1b8e:b0:e84:27a0:6ad0 with SMTP id 3f1490d57ef6-e8dc57e6c81mr1429674276.7.1753226718781; Tue, 22 Jul 2025 16:25:18 -0700 (PDT) Received: from postal.iol.unh.edu (postal.iol.unh.edu. [2606:4100:3880:1234::84]) by smtp-relay.gmail.com with ESMTPS id 3f1490d57ef6-e8dc01ffd77sm90324276.19.2025.07.22.16.25.18 (version=TLS1_2 cipher=ECDHE-ECDSA-AES128-GCM-SHA256 bits=128/128); Tue, 22 Jul 2025 16:25:18 -0700 (PDT) X-Relaying-Domain: iol.unh.edu Date: Tue, 22 Jul 2025 16:25:18 -0700 (PDT) Message-ID: <68801dde.050a0220.4ec5b.4cd5SMTPIN_ADDED_MISSING@mx.google.com> Received: from [172.21.0.7] (unknown [172.18.0.240]) by postal.iol.unh.edu (Postfix) with ESMTP id 7232D6051830; Tue, 22 Jul 2025 19:25:18 -0400 (EDT) Subject: |FAILURE| pw155433-155445 [PATCH] [v6,13/13] pdump: mark API and app From: dpdklab@iol.unh.edu To: Test Report Cc: dpdk-test-reports@iol.unh.edu, Stephen Hemminger In-Reply-To: <20250722173552.184141-14-stephen@networkplumber.org> References: <20250722173552.184141-14-stephen@networkplumber.org> Content-Type: text/plain X-BeenThere: test-report@dpdk.org X-Mailman-Version: 2.1.29 Precedence: list List-Id: automatic DPDK test reports List-Unsubscribe: , List-Archive: List-Post: List-Help: List-Subscribe: , Errors-To: test-report-bounces@dpdk.org Test-Label: iol-abi-testing Test-Status: FAILURE http://dpdk.org/patch/155445 _Testing issues_ Submitter: Stephen Hemminger Date: Tuesday, July 22 2025 17:34:44 DPDK git baseline: Repo:dpdk Branch: master CommitID:b222395561638f89562e4ef42e1eabf2d6db43dd 155433-155445 --> testing issues Upstream job id: Generic-DPDK-Compile-ABI#135322 Test environment and result as below: +-------------------------------+----------+ | Environment | abi_test | +===============================+==========+ | Fedora Linux 40 | FAIL | +-------------------------------+----------+ | Debian GNU/Linux 12 | FAIL | +-------------------------------+----------+ | CentOS Stream 9 | FAIL | +-------------------------------+----------+ | CentOS Stream 10 | FAIL | +-------------------------------+----------+ | Fedora Linux 41 | FAIL | +-------------------------------+----------+ | Ubuntu 22.04 | FAIL | +-------------------------------+----------+ | Red Hat Enterprise Linux 8.10 | FAIL | +-------------------------------+----------+ | Red Hat Enterprise Linux 9.5 | FAIL | +-------------------------------+----------+ | openSUSE Leap 15.6 | FAIL | +-------------------------------+----------+ | Ubuntu 24.04 | FAIL | +-------------------------------+----------+ ==== 20 line log output for Ubuntu 24.04 (abi_test): ==== Variables changes summary: 0 Removed, 0 Changed, 0 Added variable Functions changes summary: 0 Removed, 0 Changed (2 filtered out), 0 Added functions Variables changes summary: 0 Removed, 0 Changed, 0 Added variable Functions changes summary: 0 Removed, 0 Changed (5 filtered out), 0 Added functions Variables changes summary: 0 Removed, 0 Changed, 0 Added variable Functions changes summary: 0 Removed, 0 Changed (296 filtered out), 0 Added (11 filtered out) functions Variables changes summary: 0 Removed, 0 Changed, 0 Added variable Functions changes summary: 0 Removed, 0 Changed (4 filtered out), 0 Added (12 filtered out) functions Variables changes summary: 0 Removed, 0 Changed (1 filtered out), 0 Added variable Functions changes summary: 0 Removed, 0 Changed, 0 Added (5 filtered out) functions Variables changes summary: 0 Removed, 0 Changed, 0 Added variable Functions changes summary: 0 Removed, 0 Changed (215 filtered out), 0 Added (2 filtered out) functions Variables changes summary: 0 Removed, 0 Changed, 0 Added variable ==== End log output ==== Fedora Linux 40 Kernel: 5.15 Compiler: gcc gcc (GCC) 14.2.1 20240912 (Red Hat 14.2.1-3) Debian GNU/Linux 12 Kernel: 5.15 Compiler: gcc gcc (Debian 12.2.0-14+deb12u1) 12.2.0 CentOS Stream 9 Kernel: 5.15 Compiler: gcc gcc (GCC) 11.5.0 20240719 (Red Hat 11.5.0-7) CentOS Stream 10 Kernel: 5.15 Compiler: gcc gcc (GCC) 14.2.1 20250110 (Red Hat 14.2.1-8) Fedora Linux 41 Kernel: 5.15 Compiler: clang gcc (GCC) 14.3.1 20250523 (Red Hat 14.3.1-1) Ubuntu 22.04 Kernel: 5.15 Compiler: gcc gcc (Ubuntu 11.4.0-1ubuntu1~22.04) 11.4.0 Red Hat Enterprise Linux 8.10 Kernel: 5.15 Compiler: gcc gcc (GCC) 8.5.0 20210514 (Red Hat 8.5.0-22) Red Hat Enterprise Linux 9.5 Kernel: 5.15 Compiler: gcc gcc (GCC) 11.5.0 20240719 (Red Hat 11.5.0-2) openSUSE Leap 15.6 Kernel: 5.15 Compiler: gcc gcc (SUSE Linux) 7.5.0 Ubuntu 24.04 Kernel: 5.15 Compiler: gcc gcc (Ubuntu 13.3.0-6ubuntu2~24.04) 13.3.0 To view detailed results, visit: https://lab.dpdk.org/results/dashboard/patchsets/33730/ UNH-IOL DPDK Community Lab To manage your email subscriptions, visit: https://lab.dpdk.org/results/dashboard/preferences/subscriptions/