From mboxrd@z Thu Jan 1 00:00:00 1970 Return-Path: Received: from mails.dpdk.org (mails.dpdk.org [217.70.189.124]) by inbox.dpdk.org (Postfix) with ESMTP id 00DC146BE9 for ; Wed, 23 Jul 2025 01:26:14 +0200 (CEST) Received: from mails.dpdk.org (localhost [127.0.0.1]) by mails.dpdk.org (Postfix) with ESMTP id EF65A402D2; Wed, 23 Jul 2025 01:26:14 +0200 (CEST) Received: from mail-pl1-f228.google.com (mail-pl1-f228.google.com [209.85.214.228]) by mails.dpdk.org (Postfix) with ESMTP id 89A70402D2 for ; Wed, 23 Jul 2025 01:26:13 +0200 (CEST) Received: by mail-pl1-f228.google.com with SMTP id d9443c01a7336-235ea292956so55955415ad.1 for ; Tue, 22 Jul 2025 16:26:13 -0700 (PDT) DKIM-Signature: v=1; a=rsa-sha256; c=relaxed/relaxed; d=iol.unh.edu; s=unh-iol; t=1753226773; x=1753831573; darn=dpdk.org; h=references:in-reply-to:cc:to:from:subject:message-id:date:from:to :cc:subject:date:message-id:reply-to; bh=ACCJ/ltcDFFZHvsqRSh2Wh6jPg4IZwe268zPwWhaRPk=; b=AB4oV5Dax3nwOaDz3iAQKwmwk+eubUaXjUyPxN6vHjqipDceYaza6yB1uTSI8/wNBW Wzy0QhU6pkNBRdsw9PqvawFn7iefKFuGVOY6tROo5SnOgw+Ai9SIFP3ZpXGG22EaWZvf gWX8ter4CT2GVVcPNMMFlPzVNu2VIE/6D20/4= X-Google-DKIM-Signature: v=1; a=rsa-sha256; c=relaxed/relaxed; d=1e100.net; s=20230601; t=1753226773; x=1753831573; h=references:in-reply-to:cc:to:from:subject:message-id:date :x-gm-message-state:from:to:cc:subject:date:message-id:reply-to; bh=ACCJ/ltcDFFZHvsqRSh2Wh6jPg4IZwe268zPwWhaRPk=; b=TckNQFTwaAnOy8g68iDNOHYVY9lVmHLTx7mJ0zNILhaQVl4MTt5WgSu2MJvQwaO57G h7U2VMB3t7Y59FzI9qJXI3DaRUPiC9U33F8VTUBLDpI3a/bNPJQfWaXtg/Lybjtv5a8Q vv+1Ifg5rwN+8QE2IeW5+3aR4aYzVm9GqV8zrdDMoCbVJkSk+id6eN4NrwjoMUkU1by6 kARa+g0Tv3qVPMNEno1fcVeBAOi2kT2okBSbk5aWI2PDIG8fmWrCRKI+waQKal633XD3 BfenigpIElWYi5HGtTnH2WZJ1bHxttmJzfiUZ0IyiN1ntcvRXcgsWJWgDd9fQIHiy19V r2Og== X-Gm-Message-State: AOJu0Yw4+e4ZeMPkw8TlVhGTlkJ1tvmMTthLie6Nxyb6md8Tn75yK1ri exG3q94n1vvTCLpMpa7ks+eN/p9xv19d0LK/NfBA0r7w2ErG2Uj2gHt6AsyGtPh0wObEXwD9tVy vGnTDm0qmeGweNPAXux86EN8blPQQ1RGK+9+orjBrrMtwCZF3KqhaNeVz9m7k X-Gm-Gg: ASbGnctVot9MMWi9NdvheyNJ9IkTiE1WSqsjuifwDX17OH/Q+1HhafE3xyqeRwUlE+H MoQ4OwvYG71nrTI5metM4rpXEq4brkTEucHPxQDvx3qSeKtJLDZDxwKJ4VyzS7tzU3NbiiiRL9X Kx2tzd+QRTpVjHUoQ8dsRfQ/JIhPsmU6kouRws77gfrm59Louc+Kgiea3kWk0WeHLy4FME1BON9 W+QKsUsyxHQQBOqDt35ByR73iYu1zKQew25cYAogU9Qc+b4WAmlBy/DMDLzwr3Gqe0c03eFl3n9 IwAxOpHVL1rMWZTRu/QS9IyrBRJDU6YU7taEpmp3sJp7NjAnlQ== X-Google-Smtp-Source: AGHT+IFlGnESFiKMdTQ+t8b7HZABHGySK/aHJx/zHUST81lOXsJfu7ex6bmyrdTK2tauOsZpg0IKnMi7RpOf X-Received: by 2002:a17:903:178b:b0:23e:317a:abc6 with SMTP id d9443c01a7336-23f981e5a3fmr10632145ad.47.1753226772742; Tue, 22 Jul 2025 16:26:12 -0700 (PDT) Received: from postal.iol.unh.edu (postal.iol.unh.edu. [2606:4100:3880:1234::84]) by smtp-relay.gmail.com with ESMTPS id d9443c01a7336-23f8dd1fbecsm1318015ad.96.2025.07.22.16.26.12 (version=TLS1_2 cipher=ECDHE-ECDSA-AES128-GCM-SHA256 bits=128/128); Tue, 22 Jul 2025 16:26:12 -0700 (PDT) X-Relaying-Domain: iol.unh.edu Date: Tue, 22 Jul 2025 16:26:12 -0700 (PDT) Message-ID: <68801e14.170a0220.10d935.6d10SMTPIN_ADDED_MISSING@mx.google.com> Received: from [172.21.0.3] (unknown [172.18.0.240]) by postal.iol.unh.edu (Postfix) with ESMTP id EB2AD6051830; Tue, 22 Jul 2025 19:26:11 -0400 (EDT) Subject: |FAILURE| pw155433-155445 [PATCH] [v6,13/13] pdump: mark API and app From: dpdklab@iol.unh.edu To: Test Report Cc: dpdk-test-reports@iol.unh.edu, Stephen Hemminger In-Reply-To: <20250722173552.184141-14-stephen@networkplumber.org> References: <20250722173552.184141-14-stephen@networkplumber.org> Content-Type: text/plain X-BeenThere: test-report@dpdk.org X-Mailman-Version: 2.1.29 Precedence: list List-Id: automatic DPDK test reports List-Unsubscribe: , List-Archive: List-Post: List-Help: List-Subscribe: , Errors-To: test-report-bounces@dpdk.org Test-Label: iol-abi-testing Test-Status: FAILURE http://dpdk.org/patch/155445 _Testing issues_ Submitter: Stephen Hemminger Date: Tuesday, July 22 2025 17:34:44 DPDK git baseline: Repo:dpdk Branch: master CommitID:b222395561638f89562e4ef42e1eabf2d6db43dd 155433-155445 --> testing issues Upstream job id: Generic-DPDK-Compile-ABI#135326 Test environment and result as below: +-------------------------------+----------+ | Environment | abi_test | +===============================+==========+ | Fedora Linux 40 | FAIL | +-------------------------------+----------+ | Debian GNU/Linux 12 | FAIL | +-------------------------------+----------+ | CentOS Stream 9 | FAIL | +-------------------------------+----------+ | CentOS Stream 10 | FAIL | +-------------------------------+----------+ | Fedora Linux 41 | FAIL | +-------------------------------+----------+ | Ubuntu 22.04 | FAIL | +-------------------------------+----------+ | Red Hat Enterprise Linux 8.10 | FAIL | +-------------------------------+----------+ | Red Hat Enterprise Linux 9.5 | FAIL | +-------------------------------+----------+ | openSUSE Leap 15.6 | FAIL | +-------------------------------+----------+ | Ubuntu 24.04 | FAIL | +-------------------------------+----------+ ==== 20 line log output for Ubuntu 24.04 (abi_test): ==== Variables changes summary: 0 Removed, 0 Changed, 0 Added variable Functions changes summary: 0 Removed, 0 Changed (2 filtered out), 0 Added functions Variables changes summary: 0 Removed, 0 Changed, 0 Added variable Functions changes summary: 0 Removed, 0 Changed (5 filtered out), 0 Added functions Variables changes summary: 0 Removed, 0 Changed, 0 Added variable Functions changes summary: 0 Removed, 0 Changed (296 filtered out), 0 Added (11 filtered out) functions Variables changes summary: 0 Removed, 0 Changed, 0 Added variable Functions changes summary: 0 Removed, 0 Changed (4 filtered out), 0 Added (12 filtered out) functions Variables changes summary: 0 Removed, 0 Changed (1 filtered out), 0 Added variable Functions changes summary: 0 Removed, 0 Changed, 0 Added (5 filtered out) functions Variables changes summary: 0 Removed, 0 Changed, 0 Added variable Functions changes summary: 0 Removed, 0 Changed (215 filtered out), 0 Added (2 filtered out) functions Variables changes summary: 0 Removed, 0 Changed, 0 Added variable ==== End log output ==== Fedora Linux 40 Kernel: 5.15 Compiler: gcc gcc (GCC) 14.2.1 20240912 (Red Hat 14.2.1-3) Debian GNU/Linux 12 Kernel: 5.15 Compiler: gcc gcc (Debian 12.2.0-14+deb12u1) 12.2.0 CentOS Stream 9 Kernel: 5.15 Compiler: gcc gcc (GCC) 11.5.0 20240719 (Red Hat 11.5.0-7) CentOS Stream 10 Kernel: 5.15 Compiler: gcc gcc (GCC) 14.2.1 20250110 (Red Hat 14.2.1-8) Fedora Linux 41 Kernel: 5.15 Compiler: clang gcc (GCC) 14.3.1 20250523 (Red Hat 14.3.1-1) Ubuntu 22.04 Kernel: 5.15 Compiler: gcc gcc (Ubuntu 11.4.0-1ubuntu1~22.04) 11.4.0 Red Hat Enterprise Linux 8.10 Kernel: 5.15 Compiler: gcc gcc (GCC) 8.5.0 20210514 (Red Hat 8.5.0-22) Red Hat Enterprise Linux 9.5 Kernel: 5.15 Compiler: gcc gcc (GCC) 11.5.0 20240719 (Red Hat 11.5.0-2) openSUSE Leap 15.6 Kernel: 5.15 Compiler: gcc gcc (SUSE Linux) 7.5.0 Ubuntu 24.04 Kernel: 5.15 Compiler: gcc gcc (Ubuntu 13.3.0-6ubuntu2~24.04) 13.3.0 To view detailed results, visit: https://lab.dpdk.org/results/dashboard/patchsets/33730/ UNH-IOL DPDK Community Lab To manage your email subscriptions, visit: https://lab.dpdk.org/results/dashboard/preferences/subscriptions/