From mboxrd@z Thu Jan 1 00:00:00 1970 Return-Path: Received: from mails.dpdk.org (mails.dpdk.org [217.70.189.124]) by inbox.dpdk.org (Postfix) with ESMTP id 0B06446BE9 for ; Wed, 23 Jul 2025 01:26:22 +0200 (CEST) Received: from mails.dpdk.org (localhost [127.0.0.1]) by mails.dpdk.org (Postfix) with ESMTP id 06975402D2; Wed, 23 Jul 2025 01:26:22 +0200 (CEST) Received: from mail-io1-f98.google.com (mail-io1-f98.google.com [209.85.166.98]) by mails.dpdk.org (Postfix) with ESMTP id 08AA1402D2 for ; Wed, 23 Jul 2025 01:26:21 +0200 (CEST) Received: by mail-io1-f98.google.com with SMTP id ca18e2360f4ac-87c0bb1ee4eso146475939f.2 for ; Tue, 22 Jul 2025 16:26:20 -0700 (PDT) DKIM-Signature: v=1; a=rsa-sha256; c=relaxed/relaxed; d=iol.unh.edu; s=unh-iol; t=1753226780; x=1753831580; darn=dpdk.org; h=references:in-reply-to:cc:to:from:subject:message-id:date:from:to :cc:subject:date:message-id:reply-to; bh=Z1NOmEhUTO2tCNYMyfFHu9d8orNj6dQH5zQP2+A+jiY=; b=Ln7meMN+iKhPZN0u8DoeqVl+R7SIls+gIuzuvbHs2u1qFb+xTiRJsd3hlwCwo5Jpv1 Rx9IGyk/Iq6mbYh/s5+tI2WQrTGYcmCr4yYbdvU0OqkVd1PNaOZLsUOiM/vK+H4LKJDK vVJCJ9SubI4kRw10BXwZeiJnEClYHgzOKHurs= X-Google-DKIM-Signature: v=1; a=rsa-sha256; c=relaxed/relaxed; d=1e100.net; s=20230601; t=1753226780; x=1753831580; h=references:in-reply-to:cc:to:from:subject:message-id:date :x-gm-message-state:from:to:cc:subject:date:message-id:reply-to; bh=Z1NOmEhUTO2tCNYMyfFHu9d8orNj6dQH5zQP2+A+jiY=; b=GW2MOX0mlDnUVH+i//rQOuZhgOmpVLOOUSPQvwvjJhAxWR3RtOGP4R9wpB9yoHSa0q wip8vqF/+IiH5XX5xJpZwNE6s1c5CuqJSoY7ksU4HWSzvk/1LUnrJ2Pk0BniBxwE65WY J0ZTC4mUF+Q6gaXuDac+l+fne4d7qLuys4uhQuelLgxsD+Eqs1ACO3Ri9fCPDa5Pl5FS n0GV/wa9z5FBJfCuqz3ctqriRWQQt7Su3pVKhihO2UQqspHoK5/jQamoehInA/Tssyi3 zoAB3HvyKxUMq9hoL+ld5Mw3JF8plKgbH1iq4ZnQ5HZIc0wMozeap4NTX0DoSJgMX6ng i6Bw== X-Gm-Message-State: AOJu0Yxs9lqhvwWQZOQyduDbV13uLc579UNvYgKiiGsnJ/W5umMzFcGd 9onBgXIssL7W/FkJD9YsPnxykRBWYSF8vG9IxUWQ9LL8lRlxyJ6+U1sfwWhSa+4vmTSGdfWHxUK 3acFmPIy5RzDLDCiRX9Mh+pQPHk7T2HB+dv/zSMRpmOfeehUloqBXgMb+15Qg X-Gm-Gg: ASbGncsKtHA8tAMHLORKO23zYi0928IQTOVuO257usulWg5mI+hqd9j8DE5F620nJ5y celDDmx/b3Z+SQGSQxPMWm/gq1FonqLvDuyqQdAg3P/CG0Tc0MpmlzuPMub+4Br9B53t5o9+oEf Z0sXNWSbpgjz3M15xkk6aUtL0o0U7XYNsVQg8/LdsfizOgy6ZGSWSEqyv4uHrYG3EWTKMh2K6Cu db+EnGYhBPfqOLgZqDhKC2AjGIGNQc+6jiAeAG5rUdYSutcPHGhSltvt/dovAknOPreUOw/0E4Y ilem49j6JMpHWFN632tg61Hilz+4L2Vb58CKhep3z+dcIXUi9Q== X-Google-Smtp-Source: AGHT+IGn1ctMTgyriWZvjfXL4qUyAgInuHcyhNH6gZgD3qCLaMB1KaHtRs3/NdL/PhGHS4vo3btZ8dVfphlh X-Received: by 2002:a05:6602:1649:b0:87c:2540:2338 with SMTP id ca18e2360f4ac-87c64f87010mr209573139f.2.1753226780262; Tue, 22 Jul 2025 16:26:20 -0700 (PDT) Received: from postal.iol.unh.edu (postal.iol.unh.edu. [2606:4100:3880:1234::84]) by smtp-relay.gmail.com with ESMTPS id ca18e2360f4ac-87c0e77258dsm48982639f.28.2025.07.22.16.26.20 (version=TLS1_2 cipher=ECDHE-ECDSA-AES128-GCM-SHA256 bits=128/128); Tue, 22 Jul 2025 16:26:20 -0700 (PDT) X-Relaying-Domain: iol.unh.edu Date: Tue, 22 Jul 2025 16:26:20 -0700 (PDT) Message-ID: <68801e1c.050a0220.5dd7.a7a2SMTPIN_ADDED_MISSING@mx.google.com> Received: from [172.21.0.5] (unknown [172.18.0.240]) by postal.iol.unh.edu (Postfix) with ESMTP id C75756051830; Tue, 22 Jul 2025 19:26:19 -0400 (EDT) Subject: |FAILURE| pw155433-155445 [PATCH] [v6,13/13] pdump: mark API and app From: dpdklab@iol.unh.edu To: Test Report Cc: dpdk-test-reports@iol.unh.edu, Stephen Hemminger In-Reply-To: <20250722173552.184141-14-stephen@networkplumber.org> References: <20250722173552.184141-14-stephen@networkplumber.org> Content-Type: text/plain X-BeenThere: test-report@dpdk.org X-Mailman-Version: 2.1.29 Precedence: list List-Id: automatic DPDK test reports List-Unsubscribe: , List-Archive: List-Post: List-Help: List-Subscribe: , Errors-To: test-report-bounces@dpdk.org Test-Label: iol-abi-testing Test-Status: FAILURE http://dpdk.org/patch/155445 _Testing issues_ Submitter: Stephen Hemminger Date: Tuesday, July 22 2025 17:34:44 DPDK git baseline: Repo:dpdk Branch: master CommitID:b222395561638f89562e4ef42e1eabf2d6db43dd 155433-155445 --> testing issues Upstream job id: Generic-DPDK-Compile-ABI#135323 Test environment and result as below: +-------------------------------+----------+ | Environment | abi_test | +===============================+==========+ | Fedora Linux 40 | FAIL | +-------------------------------+----------+ | Debian GNU/Linux 12 | FAIL | +-------------------------------+----------+ | CentOS Stream 9 | FAIL | +-------------------------------+----------+ | CentOS Stream 10 | FAIL | +-------------------------------+----------+ | Fedora Linux 41 | FAIL | +-------------------------------+----------+ | Ubuntu 22.04 | FAIL | +-------------------------------+----------+ | Red Hat Enterprise Linux 8.10 | FAIL | +-------------------------------+----------+ | Red Hat Enterprise Linux 9.5 | FAIL | +-------------------------------+----------+ | openSUSE Leap 15.6 | FAIL | +-------------------------------+----------+ | Ubuntu 24.04 | FAIL | +-------------------------------+----------+ ==== 20 line log output for Ubuntu 24.04 (abi_test): ==== Variables changes summary: 0 Removed, 0 Changed, 0 Added variable Functions changes summary: 0 Removed, 0 Changed (2 filtered out), 0 Added functions Variables changes summary: 0 Removed, 0 Changed, 0 Added variable Functions changes summary: 0 Removed, 0 Changed (5 filtered out), 0 Added functions Variables changes summary: 0 Removed, 0 Changed, 0 Added variable Functions changes summary: 0 Removed, 0 Changed (296 filtered out), 0 Added (11 filtered out) functions Variables changes summary: 0 Removed, 0 Changed, 0 Added variable Functions changes summary: 0 Removed, 0 Changed (4 filtered out), 0 Added (12 filtered out) functions Variables changes summary: 0 Removed, 0 Changed (1 filtered out), 0 Added variable Functions changes summary: 0 Removed, 0 Changed, 0 Added (5 filtered out) functions Variables changes summary: 0 Removed, 0 Changed, 0 Added variable Functions changes summary: 0 Removed, 0 Changed (215 filtered out), 0 Added (2 filtered out) functions Variables changes summary: 0 Removed, 0 Changed, 0 Added variable ==== End log output ==== Fedora Linux 40 Kernel: 5.15 Compiler: gcc gcc (GCC) 14.2.1 20240912 (Red Hat 14.2.1-3) Debian GNU/Linux 12 Kernel: 5.15 Compiler: gcc gcc (Debian 12.2.0-14+deb12u1) 12.2.0 CentOS Stream 9 Kernel: 5.15 Compiler: gcc gcc (GCC) 11.5.0 20240719 (Red Hat 11.5.0-7) CentOS Stream 10 Kernel: 5.15 Compiler: gcc gcc (GCC) 14.2.1 20250110 (Red Hat 14.2.1-8) Fedora Linux 41 Kernel: 5.15 Compiler: clang gcc (GCC) 14.3.1 20250523 (Red Hat 14.3.1-1) Ubuntu 22.04 Kernel: 5.15 Compiler: gcc gcc (Ubuntu 11.4.0-1ubuntu1~22.04) 11.4.0 Red Hat Enterprise Linux 8.10 Kernel: 5.15 Compiler: gcc gcc (GCC) 8.5.0 20210514 (Red Hat 8.5.0-22) Red Hat Enterprise Linux 9.5 Kernel: 5.15 Compiler: gcc gcc (GCC) 11.5.0 20240719 (Red Hat 11.5.0-2) openSUSE Leap 15.6 Kernel: 5.15 Compiler: gcc gcc (SUSE Linux) 7.5.0 Ubuntu 24.04 Kernel: 5.15 Compiler: gcc gcc (Ubuntu 13.3.0-6ubuntu2~24.04) 13.3.0 To view detailed results, visit: https://lab.dpdk.org/results/dashboard/patchsets/33730/ UNH-IOL DPDK Community Lab To manage your email subscriptions, visit: https://lab.dpdk.org/results/dashboard/preferences/subscriptions/