From mboxrd@z Thu Jan 1 00:00:00 1970 Return-Path: Received: from mails.dpdk.org (mails.dpdk.org [217.70.189.124]) by inbox.dpdk.org (Postfix) with ESMTP id 31D1E46BE9 for ; Wed, 23 Jul 2025 01:27:14 +0200 (CEST) Received: from mails.dpdk.org (localhost [127.0.0.1]) by mails.dpdk.org (Postfix) with ESMTP id 2CB82402D2; Wed, 23 Jul 2025 01:27:14 +0200 (CEST) Received: from mail-pl1-f227.google.com (mail-pl1-f227.google.com [209.85.214.227]) by mails.dpdk.org (Postfix) with ESMTP id 94603402D2 for ; Wed, 23 Jul 2025 01:27:12 +0200 (CEST) Received: by mail-pl1-f227.google.com with SMTP id d9443c01a7336-23649faf69fso49468555ad.0 for ; Tue, 22 Jul 2025 16:27:12 -0700 (PDT) DKIM-Signature: v=1; a=rsa-sha256; c=relaxed/relaxed; d=iol.unh.edu; s=unh-iol; t=1753226832; x=1753831632; darn=dpdk.org; h=references:in-reply-to:cc:to:from:subject:message-id:date:from:to :cc:subject:date:message-id:reply-to; bh=XueEfI4uSz81RlJYPKWBlUmVfeUg6ru+UsdV8F7zmoE=; b=DUGwnu2AHtr68js9O3BplDdVZjiEKTVa/XyISOHTcZm4+wJgyRnVUUVelN1mZAyIoV 3huIcNXfJb4Vcry0Cbiy6PCbq6RQcIzxZA4Z147hmedrrKNmNxANt2QSo45pna6t8sDd FX3zFhnaw0QhTtDQafCnXWtw1BRJZD4uOq4uU= X-Google-DKIM-Signature: v=1; a=rsa-sha256; c=relaxed/relaxed; d=1e100.net; s=20230601; t=1753226832; x=1753831632; h=references:in-reply-to:cc:to:from:subject:message-id:date :x-gm-message-state:from:to:cc:subject:date:message-id:reply-to; bh=XueEfI4uSz81RlJYPKWBlUmVfeUg6ru+UsdV8F7zmoE=; b=B+HF2zGuRMqcGA+f3tODx6JaK+etuYzLbn9ruEFR3CTwLTSrPdeQTwXy9gF3AoMavt fPWkI6M07fJu523CaUzCSDNZS3DT2n2kUgBI6FNTPmwDIkyiAUxyZtk7oMNZ9FPeglGv 2yPn+qN2LyT68vd0wsR0mIybMs4WWsUcG8eZFA03E5tHOq4XQXk7hYWarqTY/8jMFqxO 1F9/IUOwtDpsqrAcWDfPjR22igqbDQ9e1drY6bHtLXob40HWKdlpAFGw9kg151kzF9OU FhCAC2LLtsj8xXfQE0H9s+scx9sCJG3dZdBEMKHsgbXwkv+IQ+32Wr8bbHdkgg7TcOBv 8h3Q== X-Gm-Message-State: AOJu0YzZqGjmLWrmtEa1flQDNZELgTCdAoywh7bag8mwpLjrGCATQ/w6 Aceht36PjKd44S6AkRIdE0Q3/rbYxCRigEEwuzRGcIqIVpiEInzo+rO53f7Mv3otsqDrkbFzNJX 2S24vAiPvZ3jtfnVZY2gEFIHLvuXR8xj5pUbj7huAK26m8FnC1KFXSy4ha9Mq X-Gm-Gg: ASbGncsRZoiDUJVnW5ePIRzKcQk+XRIAoAWzCH61H4kKWsTlGHLFYGFrdNyH7H+U7Yw xRFMSOM6J+g6lGacx49Io2Dhb8wY5jbRr1LsHhtlRlzRcFKGKXH3qAr2gl4dB+dnCsrr1ks2h6b +FuxBxASm1nV7Y3kug2Fbb2p5RA/oPdtL9r/XuzcVvJ6cIDCKJp1HaFiAN2Hs7KBnAAa+slC1gg LQ2JkOwZf2zXB7/XXZOTBTB6V1mzMGITKTLzge6Y+bozUgjSPfpXJWdH5qcMlxPiEKQ6Lf7Gl/4 AfOXzor4Xk9kYLdB3xrO3WsFikskYS2d5+ruL5D5c5Xbpqzyaw== X-Google-Smtp-Source: AGHT+IGbDA3xLVzabRuW6GOVP3Dxn4zAXv2GOLhTE7sHYsYF17tk4XTmaHvuEYdh/YsTGEW7pnb4d5n1KdfF X-Received: by 2002:a17:903:200b:b0:23d:dd04:28d4 with SMTP id d9443c01a7336-23f981d23e3mr7258815ad.43.1753226831884; Tue, 22 Jul 2025 16:27:11 -0700 (PDT) Received: from postal.iol.unh.edu (postal.iol.unh.edu. [2606:4100:3880:1234::84]) by smtp-relay.gmail.com with ESMTPS id d9443c01a7336-23e3b6f55b8sm6099355ad.113.2025.07.22.16.27.11 (version=TLS1_2 cipher=ECDHE-ECDSA-AES128-GCM-SHA256 bits=128/128); Tue, 22 Jul 2025 16:27:11 -0700 (PDT) X-Relaying-Domain: iol.unh.edu Date: Tue, 22 Jul 2025 16:27:11 -0700 (PDT) Message-ID: <68801e4f.170a0220.37e150.0346SMTPIN_ADDED_MISSING@mx.google.com> Received: from [172.21.0.2] (unknown [172.18.0.240]) by postal.iol.unh.edu (Postfix) with ESMTP id 26F566051830; Tue, 22 Jul 2025 19:27:11 -0400 (EDT) Subject: |FAILURE| pw155433-155445 [PATCH] [v6,13/13] pdump: mark API and app From: dpdklab@iol.unh.edu To: Test Report Cc: dpdk-test-reports@iol.unh.edu, Stephen Hemminger In-Reply-To: <20250722173552.184141-14-stephen@networkplumber.org> References: <20250722173552.184141-14-stephen@networkplumber.org> Content-Type: text/plain X-BeenThere: test-report@dpdk.org X-Mailman-Version: 2.1.29 Precedence: list List-Id: automatic DPDK test reports List-Unsubscribe: , List-Archive: List-Post: List-Help: List-Subscribe: , Errors-To: test-report-bounces@dpdk.org Test-Label: iol-abi-testing Test-Status: FAILURE http://dpdk.org/patch/155445 _Testing issues_ Submitter: Stephen Hemminger Date: Tuesday, July 22 2025 17:34:44 DPDK git baseline: Repo:dpdk Branch: master CommitID:b222395561638f89562e4ef42e1eabf2d6db43dd 155433-155445 --> testing issues Upstream job id: Generic-DPDK-Compile-ABI#135321 Test environment and result as below: +-------------------------------+----------+ | Environment | abi_test | +===============================+==========+ | Fedora Linux 40 | FAIL | +-------------------------------+----------+ | Debian GNU/Linux 12 | FAIL | +-------------------------------+----------+ | CentOS Stream 9 | FAIL | +-------------------------------+----------+ | CentOS Stream 10 | FAIL | +-------------------------------+----------+ | Fedora Linux 41 | FAIL | +-------------------------------+----------+ | Ubuntu 22.04 | FAIL | +-------------------------------+----------+ | Red Hat Enterprise Linux 8.10 | FAIL | +-------------------------------+----------+ | Red Hat Enterprise Linux 9.5 | FAIL | +-------------------------------+----------+ | openSUSE Leap 15.6 | FAIL | +-------------------------------+----------+ | Ubuntu 24.04 | FAIL | +-------------------------------+----------+ ==== 20 line log output for Ubuntu 24.04 (abi_test): ==== Variables changes summary: 0 Removed, 0 Changed, 0 Added variable Functions changes summary: 0 Removed, 0 Changed (2 filtered out), 0 Added functions Variables changes summary: 0 Removed, 0 Changed, 0 Added variable Functions changes summary: 0 Removed, 0 Changed (5 filtered out), 0 Added functions Variables changes summary: 0 Removed, 0 Changed, 0 Added variable Functions changes summary: 0 Removed, 0 Changed (296 filtered out), 0 Added (11 filtered out) functions Variables changes summary: 0 Removed, 0 Changed, 0 Added variable Functions changes summary: 0 Removed, 0 Changed (4 filtered out), 0 Added (12 filtered out) functions Variables changes summary: 0 Removed, 0 Changed (1 filtered out), 0 Added variable Functions changes summary: 0 Removed, 0 Changed, 0 Added (5 filtered out) functions Variables changes summary: 0 Removed, 0 Changed, 0 Added variable Functions changes summary: 0 Removed, 0 Changed (215 filtered out), 0 Added (2 filtered out) functions Variables changes summary: 0 Removed, 0 Changed, 0 Added variable ==== End log output ==== Fedora Linux 40 Kernel: 5.15 Compiler: gcc gcc (GCC) 14.2.1 20240912 (Red Hat 14.2.1-3) Debian GNU/Linux 12 Kernel: 5.15 Compiler: gcc gcc (Debian 12.2.0-14+deb12u1) 12.2.0 CentOS Stream 9 Kernel: 5.15 Compiler: gcc gcc (GCC) 11.5.0 20240719 (Red Hat 11.5.0-7) CentOS Stream 10 Kernel: 5.15 Compiler: gcc gcc (GCC) 14.2.1 20250110 (Red Hat 14.2.1-8) Fedora Linux 41 Kernel: 5.15 Compiler: clang gcc (GCC) 14.3.1 20250523 (Red Hat 14.3.1-1) Ubuntu 22.04 Kernel: 5.15 Compiler: gcc gcc (Ubuntu 11.4.0-1ubuntu1~22.04) 11.4.0 Red Hat Enterprise Linux 8.10 Kernel: 5.15 Compiler: gcc gcc (GCC) 8.5.0 20210514 (Red Hat 8.5.0-22) Red Hat Enterprise Linux 9.5 Kernel: 5.15 Compiler: gcc gcc (GCC) 11.5.0 20240719 (Red Hat 11.5.0-2) openSUSE Leap 15.6 Kernel: 5.15 Compiler: gcc gcc (SUSE Linux) 7.5.0 Ubuntu 24.04 Kernel: 5.15 Compiler: gcc gcc (Ubuntu 13.3.0-6ubuntu2~24.04) 13.3.0 To view detailed results, visit: https://lab.dpdk.org/results/dashboard/patchsets/33730/ UNH-IOL DPDK Community Lab To manage your email subscriptions, visit: https://lab.dpdk.org/results/dashboard/preferences/subscriptions/