From mboxrd@z Thu Jan 1 00:00:00 1970 Return-Path: Received: from mails.dpdk.org (mails.dpdk.org [217.70.189.124]) by inbox.dpdk.org (Postfix) with ESMTP id 5281446BE9 for ; Wed, 23 Jul 2025 01:28:22 +0200 (CEST) Received: from mails.dpdk.org (localhost [127.0.0.1]) by mails.dpdk.org (Postfix) with ESMTP id 49F59402D2; Wed, 23 Jul 2025 01:28:22 +0200 (CEST) Received: from mail-pf1-f227.google.com (mail-pf1-f227.google.com [209.85.210.227]) by mails.dpdk.org (Postfix) with ESMTP id 93675402D2 for ; Wed, 23 Jul 2025 01:28:20 +0200 (CEST) Received: by mail-pf1-f227.google.com with SMTP id d2e1a72fcca58-7600271f3e9so362905b3a.0 for ; Tue, 22 Jul 2025 16:28:20 -0700 (PDT) DKIM-Signature: v=1; a=rsa-sha256; c=relaxed/relaxed; d=iol.unh.edu; s=unh-iol; t=1753226900; x=1753831700; darn=dpdk.org; h=references:in-reply-to:cc:to:from:subject:message-id:date:from:to :cc:subject:date:message-id:reply-to; bh=yYyKQSAav7FajhV/1T4EnFbqbpmbPA3W/kdkBWvunHc=; b=bkEFYaXX8A3rEKZMmrzVtpxJnQ7xegjm9bMv8gXpJzK7vWZBEfh2heO27IVPxCWSHj xpIMevHNBLvMqksc4GZwsvXHjsPTO79HAVJ1AgqKCngafDQFxxIPBXaPis1NiExLAULX M/nmf3BWNmcDE1RF9I1Q255p+/R91DNftzvPQ= X-Google-DKIM-Signature: v=1; a=rsa-sha256; c=relaxed/relaxed; d=1e100.net; s=20230601; t=1753226900; x=1753831700; h=references:in-reply-to:cc:to:from:subject:message-id:date :x-gm-message-state:from:to:cc:subject:date:message-id:reply-to; bh=yYyKQSAav7FajhV/1T4EnFbqbpmbPA3W/kdkBWvunHc=; b=r7hazoawFsM+Sw4qO5P0hP1i9pHQa4FXwIui/oMzAkN8B9PMKE5ZLkXa5hArLJgS01 r/XB4LRxfF6/X++ABV9TVW1JZf50t5YXVkPnzFdo2KE8qYKy3DjlHhJMEUP79SLritPz wz76k0iVTrkGv2clJs23WbK9mwFn0G7b8h274Sjo4L3zEAsSFJeB/oNwvEoCq9I1oEYC jBwzkJVcHz6a3UoHhAvAYpV4POj6rfkp+SLkreTs4rvpUDThbxJwurqzp2Y+cK0cIn54 y+QYl60a/PdYj/wl1DS4vAOrPN2MYY6aNlAeaPSl2WeF/hhXSuLCddG7i+yfW2cY3qBV Z/7A== X-Gm-Message-State: AOJu0YzIvYL1z4Onw7j+UtMwLS4OVh32B++KQKWlVstUJM6zUf38psdt nGGG1TzSZkHBzCMKBY7KPxZWAMcMEcwWSnltvKuLxNqupnCYMn/+jhnUIh358QwIT1M6LI1vZ0H +6VzVQDQYlo2z/duoPOIsq0nXymfsIpienC6Y6LnRDV6V X-Gm-Gg: ASbGnct/7LzZ4g7caO8zZNj0nDOhZ/hVuw5ePKNXg1e/auGKu2c9R0dDnDR08XDgkeq 2dbW+STsLXKMFiH5EqksN6dSQbOa7a7rYTZdxyYq+fel385NheKAu3wA7K7Nx9pusKYWVqqaojk x1XqWRkxwDp7uju6KLwMZMIV1hqh0divjSI7iIqXiOaA6gjCocEu+XF8siwFBtQ9q88Jh2Xotfr U1zLgNXOfH3corTff3fJ9jQNpIwROGy2r5kMdebyTf4SXIcbct8zGrkYc/rhq4RMfvJ6jDJi89H upsBaV63j7upDQuJvIElgEViO+Op0+R+BG6AgWi20p7nawDdiIo0TIGdxCWQcTz2zuNFtVBR X-Google-Smtp-Source: AGHT+IGa0pGoA2ZHNutunIsQ26UWhDjxGuZMu1Zc2Xx3KkvPQdbzY3tF0nXjecJ+MLzGPnDyNS8q8UiYTETN X-Received: by 2002:a05:6a21:113:b0:232:9530:22fe with SMTP id adf61e73a8af0-23d37cf7f3amr7868569637.6.1753226899664; Tue, 22 Jul 2025 16:28:19 -0700 (PDT) Received: from postal.iol.unh.edu (postal.iol.unh.edu. [132.177.123.84]) by smtp-relay.gmail.com with ESMTPS id 41be03b00d2f7-b3f2fea4a94sm675626a12.12.2025.07.22.16.28.19 (version=TLS1_2 cipher=ECDHE-ECDSA-AES128-GCM-SHA256 bits=128/128); Tue, 22 Jul 2025 16:28:19 -0700 (PDT) X-Relaying-Domain: iol.unh.edu Date: Tue, 22 Jul 2025 16:28:19 -0700 (PDT) Message-ID: <68801e93.630a0220.37b39b.1685SMTPIN_ADDED_MISSING@mx.google.com> Received: from [172.21.0.2] (unknown [172.18.0.240]) by postal.iol.unh.edu (Postfix) with ESMTP id D7EC06051830; Tue, 22 Jul 2025 19:28:18 -0400 (EDT) Subject: |FAILURE| pw155433-155445 [PATCH] [v6,13/13] pdump: mark API and app From: dpdklab@iol.unh.edu To: Test Report Cc: dpdk-test-reports@iol.unh.edu, Stephen Hemminger In-Reply-To: <20250722173552.184141-14-stephen@networkplumber.org> References: <20250722173552.184141-14-stephen@networkplumber.org> Content-Type: text/plain X-BeenThere: test-report@dpdk.org X-Mailman-Version: 2.1.29 Precedence: list List-Id: automatic DPDK test reports List-Unsubscribe: , List-Archive: List-Post: List-Help: List-Subscribe: , Errors-To: test-report-bounces@dpdk.org Test-Label: iol-abi-testing Test-Status: FAILURE http://dpdk.org/patch/155445 _Testing issues_ Submitter: Stephen Hemminger Date: Tuesday, July 22 2025 17:34:44 DPDK git baseline: Repo:dpdk Branch: master CommitID:b222395561638f89562e4ef42e1eabf2d6db43dd 155433-155445 --> testing issues Upstream job id: Generic-DPDK-Compile-ABI#135324 Test environment and result as below: +-------------------------------+----------+ | Environment | abi_test | +===============================+==========+ | Fedora Linux 40 | FAIL | +-------------------------------+----------+ | Debian GNU/Linux 12 | FAIL | +-------------------------------+----------+ | CentOS Stream 9 | FAIL | +-------------------------------+----------+ | CentOS Stream 10 | FAIL | +-------------------------------+----------+ | Fedora Linux 41 | FAIL | +-------------------------------+----------+ | Ubuntu 22.04 | FAIL | +-------------------------------+----------+ | Red Hat Enterprise Linux 8.10 | FAIL | +-------------------------------+----------+ | Red Hat Enterprise Linux 9.5 | FAIL | +-------------------------------+----------+ | openSUSE Leap 15.6 | FAIL | +-------------------------------+----------+ | Ubuntu 24.04 | FAIL | +-------------------------------+----------+ ==== 20 line log output for Ubuntu 24.04 (abi_test): ==== Variables changes summary: 0 Removed, 0 Changed, 0 Added variable Functions changes summary: 0 Removed, 0 Changed (2 filtered out), 0 Added functions Variables changes summary: 0 Removed, 0 Changed, 0 Added variable Functions changes summary: 0 Removed, 0 Changed (5 filtered out), 0 Added functions Variables changes summary: 0 Removed, 0 Changed, 0 Added variable Functions changes summary: 0 Removed, 0 Changed (296 filtered out), 0 Added (11 filtered out) functions Variables changes summary: 0 Removed, 0 Changed, 0 Added variable Functions changes summary: 0 Removed, 0 Changed (4 filtered out), 0 Added (12 filtered out) functions Variables changes summary: 0 Removed, 0 Changed (1 filtered out), 0 Added variable Functions changes summary: 0 Removed, 0 Changed, 0 Added (5 filtered out) functions Variables changes summary: 0 Removed, 0 Changed, 0 Added variable Functions changes summary: 0 Removed, 0 Changed (215 filtered out), 0 Added (2 filtered out) functions Variables changes summary: 0 Removed, 0 Changed, 0 Added variable ==== End log output ==== Fedora Linux 40 Kernel: 5.15 Compiler: gcc gcc (GCC) 14.2.1 20240912 (Red Hat 14.2.1-3) Debian GNU/Linux 12 Kernel: 5.15 Compiler: gcc gcc (Debian 12.2.0-14+deb12u1) 12.2.0 CentOS Stream 9 Kernel: 5.15 Compiler: gcc gcc (GCC) 11.5.0 20240719 (Red Hat 11.5.0-7) CentOS Stream 10 Kernel: 5.15 Compiler: gcc gcc (GCC) 14.2.1 20250110 (Red Hat 14.2.1-8) Fedora Linux 41 Kernel: 5.15 Compiler: clang gcc (GCC) 14.3.1 20250523 (Red Hat 14.3.1-1) Ubuntu 22.04 Kernel: 5.15 Compiler: gcc gcc (Ubuntu 11.4.0-1ubuntu1~22.04) 11.4.0 Red Hat Enterprise Linux 8.10 Kernel: 5.15 Compiler: gcc gcc (GCC) 8.5.0 20210514 (Red Hat 8.5.0-22) Red Hat Enterprise Linux 9.5 Kernel: 5.15 Compiler: gcc gcc (GCC) 11.5.0 20240719 (Red Hat 11.5.0-2) openSUSE Leap 15.6 Kernel: 5.15 Compiler: gcc gcc (SUSE Linux) 7.5.0 Ubuntu 24.04 Kernel: 5.15 Compiler: gcc gcc (Ubuntu 13.3.0-6ubuntu2~24.04) 13.3.0 To view detailed results, visit: https://lab.dpdk.org/results/dashboard/patchsets/33730/ UNH-IOL DPDK Community Lab To manage your email subscriptions, visit: https://lab.dpdk.org/results/dashboard/preferences/subscriptions/