From mboxrd@z Thu Jan 1 00:00:00 1970 Return-Path: Received: from mails.dpdk.org (mails.dpdk.org [217.70.189.124]) by inbox.dpdk.org (Postfix) with ESMTP id AA4D146BE9 for ; Wed, 23 Jul 2025 01:30:01 +0200 (CEST) Received: from mails.dpdk.org (localhost [127.0.0.1]) by mails.dpdk.org (Postfix) with ESMTP id A129A402D2; Wed, 23 Jul 2025 01:30:01 +0200 (CEST) Received: from mail-pl1-f228.google.com (mail-pl1-f228.google.com [209.85.214.228]) by mails.dpdk.org (Postfix) with ESMTP id AFBC2402D2 for ; Wed, 23 Jul 2025 01:29:59 +0200 (CEST) Received: by mail-pl1-f228.google.com with SMTP id d9443c01a7336-235ea292956so55969515ad.1 for ; Tue, 22 Jul 2025 16:29:59 -0700 (PDT) DKIM-Signature: v=1; a=rsa-sha256; c=relaxed/relaxed; d=iol.unh.edu; s=unh-iol; t=1753226999; x=1753831799; darn=dpdk.org; h=references:in-reply-to:cc:to:from:subject:message-id:date:from:to :cc:subject:date:message-id:reply-to; bh=/V6XPgW1CGxCOQc8u4U5YDXcCmMFRWU09FWgUMGQuuY=; b=PxSGtgosPWCB+15zEq/acntKPPsxS/5fC6y/aiUWnYco5N3bAJP2TdQa9wd8FbUCB7 z51Bif1kLw0o4bdxtwKf8ZaBD9tGVGKZdgjt7aHs3pDR432aXmcootQGm0xJ4Vduvq56 66R1lfMpmHQz6/KW/1nkFfiNRAJCgjG5IrM8I= X-Google-DKIM-Signature: v=1; a=rsa-sha256; c=relaxed/relaxed; d=1e100.net; s=20230601; t=1753226999; x=1753831799; h=references:in-reply-to:cc:to:from:subject:message-id:date :x-gm-message-state:from:to:cc:subject:date:message-id:reply-to; bh=/V6XPgW1CGxCOQc8u4U5YDXcCmMFRWU09FWgUMGQuuY=; b=M4Qzke8gx7QMXLOjcLqQWw2MWcFqutxssU+1PoeP/DiWconC7pPIyJUx0wtb8wcEPr JFPqWWa38YTVlrfWiAuyAZ33uirfoVzyq6eD3b3RvtXSu1hG3yZI41lmJm2OuqFgK8o/ mkAZBEyUzWeIxWVOuZOtjSqnGd26gmtnRC8n9IO/jOS1//XniBjG9AM6mdEjwBS8nt/O JGLOPJJL6C8EJE0U/KoyXfH5DrDb/4PEz7JqmT9y9CVWz1NX+z0ITy8a222eE9pr6Eqi iEAhkkYjJ2EX9S0yOS+woyfqplYLYFuiAQhfSARRIwjnx5KmSMaFX3CwZvzEXHnBe6B+ OyKQ== X-Gm-Message-State: AOJu0YxDGz5f6zMLIB4g/hI5OBTtdCvSiVrVTNCx7NLHaOzMpfIMOnBV gcfk5XEqB1qa3qiu+hmv8fX/S47Bw4+dYlBLHXtuGYBLj65lq63Z9e56v1V3FxRc8kQjP6pwvCQ pEVmCLbCUmqqprfsIXyyMw4hghDYS7q3HyyLcnAdlHul151mjNK8R1GZ9L2xo X-Gm-Gg: ASbGncs7CtAKvBcamgKxdE2wqQh7Bn03v0OPwpjKx3lJD/QkVLQGXC1oEeIiLzXpaip R5maCPndVLc1n3vCOvTboPYK4NxBryMfNcAJ5L9dJwWV8onQzfLtI/zgR4qroW3DoEfbwXLQ51g KW+V8SoYX6uOdBCEzkjsyLaP/qMnugqkq+UmQ7H+iKdgXK5qdFSoidAtOUe69AMd0AoD7G9ltQL t9ErciR5yEBNCTJkna8TqXLhSSSFyyiGw6gvDSLRAsT9jjqAvajlbSoJv4vl1nLvknP964mtQU7 bwBBhlAjECkbP1plnfoNuN6y2OcVZPdkDCaov57DFQmMDUAWzw== X-Google-Smtp-Source: AGHT+IG184cisgTWz6EEHPw6kuWrz2ydm4ywMGJHNatp/C3yIT4AL91imIRvNNlBxuoKcbp6gMhooxXMnWCO X-Received: by 2002:a17:902:c410:b0:235:2375:7eaa with SMTP id d9443c01a7336-23f9814b12dmr11349665ad.22.1753226998801; Tue, 22 Jul 2025 16:29:58 -0700 (PDT) Received: from postal.iol.unh.edu (postal.iol.unh.edu. [2606:4100:3880:1234::84]) by smtp-relay.gmail.com with ESMTPS id d9443c01a7336-23e3b6da596sm5966995ad.91.2025.07.22.16.29.58 (version=TLS1_2 cipher=ECDHE-ECDSA-AES128-GCM-SHA256 bits=128/128); Tue, 22 Jul 2025 16:29:58 -0700 (PDT) X-Relaying-Domain: iol.unh.edu Date: Tue, 22 Jul 2025 16:29:58 -0700 (PDT) Message-ID: <68801ef6.170a0220.77bc6.dcdeSMTPIN_ADDED_MISSING@mx.google.com> Received: from [172.21.0.3] (unknown [172.18.0.240]) by postal.iol.unh.edu (Postfix) with ESMTP id 10B116051830; Tue, 22 Jul 2025 19:29:58 -0400 (EDT) Subject: |FAILURE| pw155433-155445 [PATCH] [v6,13/13] pdump: mark API and app From: dpdklab@iol.unh.edu To: Test Report Cc: dpdk-test-reports@iol.unh.edu, Stephen Hemminger In-Reply-To: <20250722173552.184141-14-stephen@networkplumber.org> References: <20250722173552.184141-14-stephen@networkplumber.org> Content-Type: text/plain X-BeenThere: test-report@dpdk.org X-Mailman-Version: 2.1.29 Precedence: list List-Id: automatic DPDK test reports List-Unsubscribe: , List-Archive: List-Post: List-Help: List-Subscribe: , Errors-To: test-report-bounces@dpdk.org Test-Label: iol-abi-testing Test-Status: FAILURE http://dpdk.org/patch/155445 _Testing issues_ Submitter: Stephen Hemminger Date: Tuesday, July 22 2025 17:34:44 DPDK git baseline: Repo:dpdk Branch: master CommitID:b222395561638f89562e4ef42e1eabf2d6db43dd 155433-155445 --> testing issues Upstream job id: Generic-DPDK-Compile-ABI#135329 Test environment and result as below: +-------------------------------+----------+ | Environment | abi_test | +===============================+==========+ | Fedora Linux 40 | FAIL | +-------------------------------+----------+ | Debian GNU/Linux 12 | FAIL | +-------------------------------+----------+ | CentOS Stream 9 | FAIL | +-------------------------------+----------+ | CentOS Stream 10 | FAIL | +-------------------------------+----------+ | Fedora Linux 41 | FAIL | +-------------------------------+----------+ | Ubuntu 22.04 | FAIL | +-------------------------------+----------+ | Red Hat Enterprise Linux 8.10 | FAIL | +-------------------------------+----------+ | Red Hat Enterprise Linux 9.5 | FAIL | +-------------------------------+----------+ | openSUSE Leap 15.6 | FAIL | +-------------------------------+----------+ | Ubuntu 24.04 | FAIL | +-------------------------------+----------+ ==== 20 line log output for Ubuntu 24.04 (abi_test): ==== Variables changes summary: 0 Removed, 0 Changed, 0 Added variable Functions changes summary: 0 Removed, 0 Changed (2 filtered out), 0 Added functions Variables changes summary: 0 Removed, 0 Changed, 0 Added variable Functions changes summary: 0 Removed, 0 Changed (5 filtered out), 0 Added functions Variables changes summary: 0 Removed, 0 Changed, 0 Added variable Functions changes summary: 0 Removed, 0 Changed (296 filtered out), 0 Added (11 filtered out) functions Variables changes summary: 0 Removed, 0 Changed, 0 Added variable Functions changes summary: 0 Removed, 0 Changed (4 filtered out), 0 Added (12 filtered out) functions Variables changes summary: 0 Removed, 0 Changed (1 filtered out), 0 Added variable Functions changes summary: 0 Removed, 0 Changed, 0 Added (5 filtered out) functions Variables changes summary: 0 Removed, 0 Changed, 0 Added variable Functions changes summary: 0 Removed, 0 Changed (215 filtered out), 0 Added (2 filtered out) functions Variables changes summary: 0 Removed, 0 Changed, 0 Added variable ==== End log output ==== Fedora Linux 40 Kernel: 5.15 Compiler: gcc gcc (GCC) 14.2.1 20240912 (Red Hat 14.2.1-3) Debian GNU/Linux 12 Kernel: 5.15 Compiler: gcc gcc (Debian 12.2.0-14+deb12u1) 12.2.0 CentOS Stream 9 Kernel: 5.15 Compiler: gcc gcc (GCC) 11.5.0 20240719 (Red Hat 11.5.0-7) CentOS Stream 10 Kernel: 5.15 Compiler: gcc gcc (GCC) 14.2.1 20250110 (Red Hat 14.2.1-8) Fedora Linux 41 Kernel: 5.15 Compiler: clang gcc (GCC) 14.3.1 20250523 (Red Hat 14.3.1-1) Ubuntu 22.04 Kernel: 5.15 Compiler: gcc gcc (Ubuntu 11.4.0-1ubuntu1~22.04) 11.4.0 Red Hat Enterprise Linux 8.10 Kernel: 5.15 Compiler: gcc gcc (GCC) 8.5.0 20210514 (Red Hat 8.5.0-22) Red Hat Enterprise Linux 9.5 Kernel: 5.15 Compiler: gcc gcc (GCC) 11.5.0 20240719 (Red Hat 11.5.0-2) openSUSE Leap 15.6 Kernel: 5.15 Compiler: gcc gcc (SUSE Linux) 7.5.0 Ubuntu 24.04 Kernel: 5.15 Compiler: gcc gcc (Ubuntu 13.3.0-6ubuntu2~24.04) 13.3.0 To view detailed results, visit: https://lab.dpdk.org/results/dashboard/patchsets/33730/ UNH-IOL DPDK Community Lab To manage your email subscriptions, visit: https://lab.dpdk.org/results/dashboard/preferences/subscriptions/