From mboxrd@z Thu Jan 1 00:00:00 1970 Return-Path: Received: from mails.dpdk.org (mails.dpdk.org [217.70.189.124]) by inbox.dpdk.org (Postfix) with ESMTP id 83D0F46BEA for ; Wed, 23 Jul 2025 03:29:31 +0200 (CEST) Received: from mails.dpdk.org (localhost [127.0.0.1]) by mails.dpdk.org (Postfix) with ESMTP id 7C83E4026D; Wed, 23 Jul 2025 03:29:31 +0200 (CEST) Received: from mail-vk1-f227.google.com (mail-vk1-f227.google.com [209.85.221.227]) by mails.dpdk.org (Postfix) with ESMTP id 1ED3C4026D for ; Wed, 23 Jul 2025 03:29:30 +0200 (CEST) Received: by mail-vk1-f227.google.com with SMTP id 71dfb90a1353d-531a1fad7faso1659511e0c.2 for ; Tue, 22 Jul 2025 18:29:30 -0700 (PDT) DKIM-Signature: v=1; a=rsa-sha256; c=relaxed/relaxed; d=iol.unh.edu; s=unh-iol; t=1753234169; x=1753838969; darn=dpdk.org; h=references:in-reply-to:cc:to:from:subject:message-id:date:from:to :cc:subject:date:message-id:reply-to; bh=chL5+BYsk0dqV4sjox5BshGo83eTadFj99PGunDaPXQ=; b=BwSQKYQH4Znp54klZPxrauExynnZnoA5TqAtaYdXbfAc86SWdacuN5kcrFXTHMIGza 7BC5xJIjJHCTlYJzuzDnhZ8rJzDf6LdRQDSjd6gMIzv2nMoBc0/lmL2tSoVKxDzZlciM uwJjKZa25Wa5g63ESuRUDQsrSmRfyt09qoTLw= X-Google-DKIM-Signature: v=1; a=rsa-sha256; c=relaxed/relaxed; d=1e100.net; s=20230601; t=1753234169; x=1753838969; h=references:in-reply-to:cc:to:from:subject:message-id:date :x-gm-message-state:from:to:cc:subject:date:message-id:reply-to; bh=chL5+BYsk0dqV4sjox5BshGo83eTadFj99PGunDaPXQ=; b=d1lr+7fiaZbgFLfHn+5XrTIAEPqq/4vkPrKyBPJAs98nCpH7zgD28pJuzN32AqFtb4 m2JkpYK/svsywK99ie5j6rOCxws5hJQs3Tviojw72kRIlSCUT1HwTKApBpbwnXhQEWmz kVweCKQA+4MwluEn1K9nIuiVCBpGUbi6sz98OYDQLAppO7mb7mGcrePL8wCVsqbeiEit QXrOszDPlImcMDYgWie2xr4DFjoYtLVL+Bsc2LOYTieLt1t698J2pRFWg/Rx6eLw+Ajq TKq1Ctu4jjMmq2GvO4ynwuAga4A5msomBWoL6SjD4zVR6TLz/ixmXCy9htLmrAnqJE/x MGzw== X-Gm-Message-State: AOJu0YxDHeLqfzJNBgd07r4Ed/3FDkCAUlI/SLysjYW7/l6OT4hgjnz7 i7jaKjAkHNye3QlFQgVfnT45hmHF/RTdZRJBPPUjwHfo8UUsX8SRZKwbELUOBQzyCsaqGX2WxLa K2s+2BZbRsBBP4lfH8NEqXZ+edSsVXfgs0I+UeUxN92hy X-Gm-Gg: ASbGncvNFA/7/fkX/uxuJ2kFbYVOtXN3d2gd31Foz8L4ZDPuJ9rGXGLYq772PHaPU3c JG8ji5r71CwadU/1Ma0OmmdG6+PT/QkM8si4RBc9IVP6IG8boc8S1NFsb+1AVOdK0eDU/zrg5ah MbK7r4+ZxXd1yrGJwwDYGKt7hIQ8DrS2tLIzxd7+6DB6B3Pah1ffStrsFFVbAF7GARSgMdlQCQD tIQQ/RcaNERl6OSdNlNtsujrqx0fgUFY04kl4Bi6ZF4IGifx3uZF0EWtoWR2tJNyfDOt2o1COpG mPc2Mzj6bQuljQHVoz+dRe7wyj2dLLLnJCLXe6GLKF3/d3reI+jimOt4f6Da6ZrSOwjZ1tcf X-Google-Smtp-Source: AGHT+IG7Jri7SKJ0Zz32Cjh/3O9silUuQ/KqmyfLH6VfGYGhohYuv9Ww9lJDuKZWxQxtnod9yQHjXBYh0z+X X-Received: by 2002:a05:6122:1793:b0:520:6773:e5ea with SMTP id 71dfb90a1353d-537af59eeeemr455278e0c.7.1753234169492; Tue, 22 Jul 2025 18:29:29 -0700 (PDT) Received: from postal.iol.unh.edu (postal.iol.unh.edu. [132.177.123.84]) by smtp-relay.gmail.com with ESMTPS id a1e0cc1a2514c-88b0aaa71b3sm355082241.6.2025.07.22.18.29.29 (version=TLS1_2 cipher=ECDHE-ECDSA-AES128-GCM-SHA256 bits=128/128); Tue, 22 Jul 2025 18:29:29 -0700 (PDT) X-Relaying-Domain: iol.unh.edu Date: Tue, 22 Jul 2025 18:29:29 -0700 (PDT) Message-ID: <68803af9.050a0220.9ac5a.1df2SMTPIN_ADDED_MISSING@mx.google.com> Received: from [172.21.0.10] (unknown [172.18.0.240]) by postal.iol.unh.edu (Postfix) with ESMTP id 25ADC6051830; Tue, 22 Jul 2025 21:29:29 -0400 (EDT) Subject: |FAILURE| pw155433-155445 [PATCH] [v6,13/13] pdump: mark API and app From: dpdklab@iol.unh.edu To: Test Report Cc: dpdk-test-reports@iol.unh.edu, Stephen Hemminger In-Reply-To: <20250722173552.184141-14-stephen@networkplumber.org> References: <20250722173552.184141-14-stephen@networkplumber.org> Content-Type: text/plain X-BeenThere: test-report@dpdk.org X-Mailman-Version: 2.1.29 Precedence: list List-Id: automatic DPDK test reports List-Unsubscribe: , List-Archive: List-Post: List-Help: List-Subscribe: , Errors-To: test-report-bounces@dpdk.org Test-Label: iol-compile-amd64-testing Test-Status: FAILURE http://dpdk.org/patch/155445 _Testing issues_ Submitter: Stephen Hemminger Date: Tuesday, July 22 2025 17:34:44 DPDK git baseline: Repo:dpdk Branch: master CommitID:b222395561638f89562e4ef42e1eabf2d6db43dd 155433-155445 --> testing issues Upstream job id: Generic-DPDK-Compile-Meson#411196 Test environment and result as below: +-------------------------------+--------------------+-------------------+-------------------------+----------------------+-------------------+------------------+ | Environment | dpdk_meson_compile | dpdk_msvc_compile | dpdk_llvm_clang_compile | dpdk_mingw64_compile | dpdk_compile_spdk | dpdk_compile_ovs | +===============================+====================+===================+=========================+======================+===================+==================+ | FreeBSD 14.2 | PASS | SKIPPED | SKIPPED | SKIPPED | SKIPPED | SKIPPED | +-------------------------------+--------------------+-------------------+-------------------------+----------------------+-------------------+------------------+ | Ubuntu 20.04 | PASS | SKIPPED | SKIPPED | SKIPPED | SKIPPED | SKIPPED | +-------------------------------+--------------------+-------------------+-------------------------+----------------------+-------------------+------------------+ | CentOS Stream 9 | PASS | SKIPPED | SKIPPED | SKIPPED | PASS | SKIPPED | +-------------------------------+--------------------+-------------------+-------------------------+----------------------+-------------------+------------------+ | CentOS Stream 10 | PASS | SKIPPED | SKIPPED | SKIPPED | SKIPPED | SKIPPED | +-------------------------------+--------------------+-------------------+-------------------------+----------------------+-------------------+------------------+ | Debian GNU/Linux 12 | PASS | SKIPPED | SKIPPED | SKIPPED | PASS | SKIPPED | +-------------------------------+--------------------+-------------------+-------------------------+----------------------+-------------------+------------------+ | Fedora Linux 40 | PASS | SKIPPED | SKIPPED | SKIPPED | PASS | SKIPPED | +-------------------------------+--------------------+-------------------+-------------------------+----------------------+-------------------+------------------+ | Fedora Linux 41 | PASS | SKIPPED | SKIPPED | SKIPPED | PASS | WARN | +-------------------------------+--------------------+-------------------+-------------------------+----------------------+-------------------+------------------+ | openSUSE Leap 15.6 | PASS | SKIPPED | SKIPPED | SKIPPED | SKIPPED | SKIPPED | +-------------------------------+--------------------+-------------------+-------------------------+----------------------+-------------------+------------------+ | Red Hat Enterprise Linux 8.10 | PASS | SKIPPED | SKIPPED | SKIPPED | SKIPPED | SKIPPED | +-------------------------------+--------------------+-------------------+-------------------------+----------------------+-------------------+------------------+ | Red Hat Enterprise Linux 9.5 | PASS | SKIPPED | SKIPPED | SKIPPED | SKIPPED | SKIPPED | +-------------------------------+--------------------+-------------------+-------------------------+----------------------+-------------------+------------------+ | Ubuntu 22.04 | PASS | SKIPPED | SKIPPED | SKIPPED | PASS | SKIPPED | +-------------------------------+--------------------+-------------------+-------------------------+----------------------+-------------------+------------------+ | Ubuntu 24.04 | PASS | SKIPPED | SKIPPED | SKIPPED | PASS | WARN | +-------------------------------+--------------------+-------------------+-------------------------+----------------------+-------------------+------------------+ | Alpine Linux 3.22.0 | PASS | SKIPPED | SKIPPED | SKIPPED | SKIPPED | SKIPPED | +-------------------------------+--------------------+-------------------+-------------------------+----------------------+-------------------+------------------+ | Windows Server 2022 | SKIPPED | FAIL | PASS | PASS | SKIPPED | SKIPPED | +-------------------------------+--------------------+-------------------+-------------------------+----------------------+-------------------+------------------+ ==== 20 line log output for Windows Server 2022 (dpdk_msvc_compile): ==== [400/454] Compiling C object app/dpdk-test.exe.p/test_test_ptr_compress.c.obj [401/454] Compiling C object app/dpdk-test.exe.p/test_test_net_ether.c.obj [402/454] Compiling C object app/dpdk-test.exe.p/test_test_prefetch.c.obj [403/454] Compiling C object app/dpdk-test.exe.p/test_test_mp_secondary.c.obj FAILED: app/dpdk-test.exe.p/test_test_mp_secondary.c.obj "cl" "-Iapp\dpdk-test.exe.p" "-Iapp" "-I..\app" "-Ilib\cmdline" "-I..\lib\cmdline" "-Ilib\eal\common" "-I..\lib\eal\common" "-I." "-I.." "-Iconfig" "-I..\config" "-Ilib\eal\include" "-I..\lib\eal\include" "-Ilib\eal\windows\include" "-I..\lib\eal\windows\include" "-Ilib\eal\x86\include" "-I..\lib\eal\x86\include" "-Ilib\eal" "-I..\lib\eal" "-Ilib\log" "-I..\lib\log" "-Ilib\kvargs" "-I..\lib\kvargs" "-Ilib\net" "-I..\lib\net" "-Ilib\mbuf" "-I..\lib\mbuf" "-Ilib\mempool" "-I..\lib\mempool" "-Ilib \ring" "-I..\lib\ring" "-Ilib\metrics" "-I..\lib\metrics" "-Ilib\telemetry" "-I..\lib\telemetry" "-Ilib\ethdev" "-I..\lib\ethdev" "-Ilib\meter" "-I..\lib\meter" "-Ilib\argparse" "-I..\lib\argparse" "-Ilib\hash" "-I..\lib\hash" "-Ilib\rcu" "-I..\lib\rcu" "-Ilib\bitratestats" "-I..\lib\bitratestats" "-Ilib\cfgfile" "-I..\lib\cfgfile" "-Ilib\cryptodev" "-I..\lib\cryptodev" "-Ilib\security" "-I..\lib\security" "-Ilib\dmadev" "-I..\lib\dmadev" "-Ilib\fib" "-I..\lib\fib" "-Ilib\rib" "-I..\lib\rib" " -Ilib\lpm" "-I..\lib\lpm" "-Ilib\ip_frag" "-I..\lib\ip_frag" "-Ilib\latencystats" "-I..\lib\latencystats" "-Ilib\pcapng" "-I..\lib\pcapng" "-Ilib\ptr_compress" "-I..\lib\ptr_compress" "-Ilib\reorder" "-I..\lib\reorder" "-Ilib\stack" "-I..\lib\stack" "-Ilib\timer" "-I..\lib\timer" "-Iapp\test\test_cfgfiles" "-IC:\Program Files\Mellanox\MLNX_WinOF2_DevX_SDK\inc" "/MD" "/nologo" "/showIncludes" "/utf-8" "/W3" "/WX" "/std:c11" "/O2" "/Gw" "/wd4244" "/wd4267" "/wd4146" "/experimental:c11atomics" "/d 1experimental:typeof" "/experimental:statementExpressions" "/FI" "rte_config.h" "-D_GNU_SOURCE" "-D_WIN32_WINNT=0x0A00" "-DALLOW_EXPERIMENTAL_API" "-DALLOW_INTERNAL_API" "/Fdapp\dpdk-test.exe.p\test_test_mp_secondary.c.pdb" /Foapp/dpdk-test.exe.p/test_test_mp_secondary.c.obj "/c" ../app/test/test_mp_secondary.c ../app/test/test_mp_secondary.c(19): fatal error C1083: Cannot open include file: 'rte_bus_vdev.h': No such file or directory [404/454] Compiling C object app/dpdk-test.exe.p/test_test_net_ip6.c.obj [405/454] Compiling C object app/dpdk-test.exe.p/test_test_reciprocal_division.c.obj [406/454] Compiling C object app/dpdk-test.exe.p/test_test_rib.c.obj [407/454] Compiling C object app/dpdk-test.exe.p/test_test_pmd_perf.c.obj [408/454] Compiling C object app/dpdk-test.exe.p/test_test_rib6.c.obj [409/454] Compiling C object app/dpdk-test.exe.p/test_test_rcu_qsbr.c.obj [410/454] Compiling C object app/dpdk-test.exe.p/test_test_mempool_perf.c.obj [411/454] Compiling C object app/dpdk-test.exe.p/test_test_ring.c.obj [412/454] Compiling C object app/dpdk-test.exe.p/test_test_memcpy_perf.c.obj ninja: build stopped: subcommand failed. INFO: autodetecting backend as ninja INFO: calculating backend command to run: "C:\Program Files\Meson\ninja.EXE" -C C:/Users/builder/jenkins/workspace/Windows-Compile-DPDK-VS/dpdk/build ==== End log output ==== FreeBSD 14.2 Kernel: 14.2-RELEASE Compiler: clang 18.1.6 Ubuntu 20.04 Kernel: 4.19 Compiler: gcc gcc (Ubuntu 9.4.0-1ubuntu1~20.04.2) 9.4.0 CentOS Stream 9 Kernel: 5.15 Compiler: gcc gcc (GCC) 11.5.0 20240719 (Red Hat 11.5.0-7) CentOS Stream 10 Kernel: 5.15 Compiler: gcc gcc (GCC) 14.2.1 20250110 (Red Hat 14.2.1-8) Debian GNU/Linux 12 Kernel: 5.15 Compiler: gcc gcc (Debian 12.2.0-14+deb12u1) 12.2.0 Fedora Linux 40 Kernel: 5.15 Compiler: clang gcc (GCC) 14.2.1 20240912 (Red Hat 14.2.1-3) Fedora Linux 41 Kernel: 5.15 Compiler: clang gcc (GCC) 14.3.1 20250523 (Red Hat 14.3.1-1) openSUSE Leap 15.6 Kernel: 5.15 Compiler: gcc gcc (SUSE Linux) 7.5.0 Red Hat Enterprise Linux 8.10 Kernel: 5.15 Compiler: gcc gcc (GCC) 8.5.0 20210514 (Red Hat 8.5.0-22) Red Hat Enterprise Linux 9.5 Kernel: 5.15 Compiler: gcc gcc (GCC) 11.5.0 20240719 (Red Hat 11.5.0-2) Ubuntu 22.04 Kernel: 5.15 Compiler: gcc gcc (Ubuntu 11.4.0-1ubuntu1~22.04) 11.4.0 Ubuntu 24.04 Kernel: 5.15 Compiler: gcc gcc (Ubuntu 13.3.0-6ubuntu2~24.04) 13.3.0 Alpine Linux 3.22.0 Kernel: 5.15 Compiler: gcc gcc (Alpine 14.2.0) 14.2.0 Windows Server 2022 Kernel: 10.0.20348.2031 Compiler: clang 15.0.7, gcc 14.1.0 (MinGW), and MSVC VS 19.39.33521 To view detailed results, visit: https://lab.dpdk.org/results/dashboard/patchsets/33730/ UNH-IOL DPDK Community Lab To manage your email subscriptions, visit: https://lab.dpdk.org/results/dashboard/preferences/subscriptions/