From mboxrd@z Thu Jan 1 00:00:00 1970 Return-Path: Received: from mails.dpdk.org (mails.dpdk.org [217.70.189.124]) by inbox.dpdk.org (Postfix) with ESMTP id 46D4646BEA for ; Wed, 23 Jul 2025 03:32:41 +0200 (CEST) Received: from mails.dpdk.org (localhost [127.0.0.1]) by mails.dpdk.org (Postfix) with ESMTP id 3BAC14026D; Wed, 23 Jul 2025 03:32:41 +0200 (CEST) Received: from mail-oo1-f98.google.com (mail-oo1-f98.google.com [209.85.161.98]) by mails.dpdk.org (Postfix) with ESMTP id 70CDB4026D for ; Wed, 23 Jul 2025 03:32:39 +0200 (CEST) Received: by mail-oo1-f98.google.com with SMTP id 006d021491bc7-615df2e8c27so1599112eaf.2 for ; Tue, 22 Jul 2025 18:32:39 -0700 (PDT) DKIM-Signature: v=1; a=rsa-sha256; c=relaxed/relaxed; d=iol.unh.edu; s=unh-iol; t=1753234358; x=1753839158; darn=dpdk.org; h=references:in-reply-to:cc:to:from:subject:message-id:date:from:to :cc:subject:date:message-id:reply-to; bh=FcpoPZFxds3apa2vg3NdArIJQkZElVTL+/6jq9JkoWI=; b=cOb5sDq4nfuMRoyh8UdAAjaTmMikxq/P153sKFERNbBMDmATVPtGnu/mfQqCrpKprW SeOfyHNf3MJesT6lZmCfY9Pftn8IWTSlwMy/KSc2bIwz3O8mIWXQZpiqtf/iQ6jkHAWi aynnUrr2kn/VY6QaS4mpit50TcbNcoieVxo2Q= X-Google-DKIM-Signature: v=1; a=rsa-sha256; c=relaxed/relaxed; d=1e100.net; s=20230601; t=1753234358; x=1753839158; h=references:in-reply-to:cc:to:from:subject:message-id:date :x-gm-message-state:from:to:cc:subject:date:message-id:reply-to; bh=FcpoPZFxds3apa2vg3NdArIJQkZElVTL+/6jq9JkoWI=; b=k6nCr6bK/ZDWdNDI7P/Fkgdy5XnKCodaxcRgqgnmwpZ4s4jHZRdQxVrz43IK0eOt1v 35I6NfcpeFzSvF9E96d1anK6UGl0dmfqYxykruBwiasQLAcMniKheOJQPMAuOFuq7OJj q3Fxfu7E/h2pSzYAUg9c4ZR2sbmU5cR+5G1c1rzK0MQnt6eMJ36Dn4CKpvPgal/xb7Cq 6DN49bdZN5SvMmKrRW6rRgjEnYbR8eWMxqF9tNobpisQgOo5X/qTeTpUn1S4mufphn3i 9ODKD5drYakglMb6hTFEcUaeQNiL9dn+RWlBFP0ONejasBzDRknqHf9UNK5yqzBnHkvk FNtA== X-Gm-Message-State: AOJu0YznruJ/OkgBJwHEsLTsps+xq22F3+mO/bayG+rQrl0B07V+We0Z 54wAqXuw9nzavSR9yfXtBHfMWkZkyZzA9XlKnRx1Mp2fKIAYrgnLfOGcLp2OtBYc5v8e1ZYFEkD 8KqdER6YrNJu9/YQuSzhQFX3FKeVuVNOX8uTo4ZR7nuuI X-Gm-Gg: ASbGncuCOyHCw+qwe8L50mysS1twyAv+SXMnqBzceiqcyCmsXmGWSIRXdQhR3w8Z1xf BDSZRz0YcCencemBCzkTj2sXBGEZ/jIFHg3QsvAj3ULU0npgHCMxZ/UW+fBMyDG+IoOBoPCKjce xxLL1vMyJ2LzR8fNP+t7nwFFYoqr38QSSQEJARZw4s4yD0T5Q5kpsI5NpAKawcObNIYWjTIjoS6 a7Fq2k29x/Z7fpzkh6ywfeIGdqKQRGmtsPuE+UuT2iPaXbCb70FQnfnABaBvzdOW4WjPZmiS9Yi hh1Hf/S+kXJBhDWR2UQuDpuu9nRJ+CgAgL5iGSUJdC7hXilBYWH+JgcSJYlCsDvvJfcil61O X-Google-Smtp-Source: AGHT+IEO4FrbCgoHJrmPvW0datw0ITZVHRm5h6Lk4IamH1LOn/3B/CCrZsYLZyWjGNZP0UKh/Ccb8XgdpkTb X-Received: by 2002:a05:6871:d2:b0:2ff:a805:52dd with SMTP id 586e51a60fabf-306c72a1a65mr874510fac.26.1753234358573; Tue, 22 Jul 2025 18:32:38 -0700 (PDT) Received: from postal.iol.unh.edu (postal.iol.unh.edu. [132.177.123.84]) by smtp-relay.gmail.com with ESMTPS id 586e51a60fabf-301019b811csm839042fac.0.2025.07.22.18.32.38 (version=TLS1_2 cipher=ECDHE-ECDSA-AES128-GCM-SHA256 bits=128/128); Tue, 22 Jul 2025 18:32:38 -0700 (PDT) X-Relaying-Domain: iol.unh.edu Date: Tue, 22 Jul 2025 18:32:38 -0700 (PDT) Message-ID: <68803bb6.050a0220.2043bd.ca37SMTPIN_ADDED_MISSING@mx.google.com> Received: from [172.21.0.3] (unknown [172.18.0.240]) by postal.iol.unh.edu (Postfix) with ESMTP id 169346051830; Tue, 22 Jul 2025 21:32:38 -0400 (EDT) Subject: |FAILURE| pw155433-155445 [PATCH] [v6,13/13] pdump: mark API and app From: dpdklab@iol.unh.edu To: Test Report Cc: dpdk-test-reports@iol.unh.edu, Stephen Hemminger In-Reply-To: <20250722173552.184141-14-stephen@networkplumber.org> References: <20250722173552.184141-14-stephen@networkplumber.org> Content-Type: text/plain X-BeenThere: test-report@dpdk.org X-Mailman-Version: 2.1.29 Precedence: list List-Id: automatic DPDK test reports List-Unsubscribe: , List-Archive: List-Post: List-Help: List-Subscribe: , Errors-To: test-report-bounces@dpdk.org Test-Label: iol-compile-amd64-testing Test-Status: FAILURE http://dpdk.org/patch/155445 _Testing issues_ Submitter: Stephen Hemminger Date: Tuesday, July 22 2025 17:34:44 DPDK git baseline: Repo:dpdk Branch: master CommitID:b222395561638f89562e4ef42e1eabf2d6db43dd 155433-155445 --> testing issues Upstream job id: Generic-DPDK-Compile-Meson#411205 Test environment and result as below: +-------------------------------+--------------------+-------------------+-------------------------+----------------------+-------------------+------------------+ | Environment | dpdk_meson_compile | dpdk_msvc_compile | dpdk_llvm_clang_compile | dpdk_mingw64_compile | dpdk_compile_spdk | dpdk_compile_ovs | +===============================+====================+===================+=========================+======================+===================+==================+ | FreeBSD 14.2 | PASS | SKIPPED | SKIPPED | SKIPPED | SKIPPED | SKIPPED | +-------------------------------+--------------------+-------------------+-------------------------+----------------------+-------------------+------------------+ | Ubuntu 20.04 | PASS | SKIPPED | SKIPPED | SKIPPED | SKIPPED | SKIPPED | +-------------------------------+--------------------+-------------------+-------------------------+----------------------+-------------------+------------------+ | CentOS Stream 9 | PASS | SKIPPED | SKIPPED | SKIPPED | PASS | SKIPPED | +-------------------------------+--------------------+-------------------+-------------------------+----------------------+-------------------+------------------+ | CentOS Stream 10 | PASS | SKIPPED | SKIPPED | SKIPPED | SKIPPED | SKIPPED | +-------------------------------+--------------------+-------------------+-------------------------+----------------------+-------------------+------------------+ | Debian GNU/Linux 12 | PASS | SKIPPED | SKIPPED | SKIPPED | PASS | SKIPPED | +-------------------------------+--------------------+-------------------+-------------------------+----------------------+-------------------+------------------+ | Fedora Linux 40 | PASS | SKIPPED | SKIPPED | SKIPPED | PASS | SKIPPED | +-------------------------------+--------------------+-------------------+-------------------------+----------------------+-------------------+------------------+ | Fedora Linux 41 | PASS | SKIPPED | SKIPPED | SKIPPED | PASS | WARN | +-------------------------------+--------------------+-------------------+-------------------------+----------------------+-------------------+------------------+ | openSUSE Leap 15.6 | PASS | SKIPPED | SKIPPED | SKIPPED | SKIPPED | SKIPPED | +-------------------------------+--------------------+-------------------+-------------------------+----------------------+-------------------+------------------+ | Red Hat Enterprise Linux 8.10 | PASS | SKIPPED | SKIPPED | SKIPPED | SKIPPED | SKIPPED | +-------------------------------+--------------------+-------------------+-------------------------+----------------------+-------------------+------------------+ | Red Hat Enterprise Linux 9.5 | PASS | SKIPPED | SKIPPED | SKIPPED | SKIPPED | SKIPPED | +-------------------------------+--------------------+-------------------+-------------------------+----------------------+-------------------+------------------+ | Ubuntu 22.04 | PASS | SKIPPED | SKIPPED | SKIPPED | PASS | SKIPPED | +-------------------------------+--------------------+-------------------+-------------------------+----------------------+-------------------+------------------+ | Ubuntu 24.04 | PASS | SKIPPED | SKIPPED | SKIPPED | PASS | WARN | +-------------------------------+--------------------+-------------------+-------------------------+----------------------+-------------------+------------------+ | Alpine Linux 3.22.0 | PASS | SKIPPED | SKIPPED | SKIPPED | SKIPPED | SKIPPED | +-------------------------------+--------------------+-------------------+-------------------------+----------------------+-------------------+------------------+ | Windows Server 2022 | SKIPPED | FAIL | PASS | PASS | SKIPPED | SKIPPED | +-------------------------------+--------------------+-------------------+-------------------------+----------------------+-------------------+------------------+ ==== 20 line log output for Windows Server 2022 (dpdk_msvc_compile): ==== [400/454] Compiling C object app/dpdk-test.exe.p/test_test_ptr_compress.c.obj [401/454] Compiling C object app/dpdk-test.exe.p/test_test_net_ether.c.obj [402/454] Compiling C object app/dpdk-test.exe.p/test_test_prefetch.c.obj [403/454] Compiling C object app/dpdk-test.exe.p/test_test_mp_secondary.c.obj FAILED: app/dpdk-test.exe.p/test_test_mp_secondary.c.obj "cl" "-Iapp\dpdk-test.exe.p" "-Iapp" "-I..\app" "-Ilib\cmdline" "-I..\lib\cmdline" "-Ilib\eal\common" "-I..\lib\eal\common" "-I." "-I.." "-Iconfig" "-I..\config" "-Ilib\eal\include" "-I..\lib\eal\include" "-Ilib\eal\windows\include" "-I..\lib\eal\windows\include" "-Ilib\eal\x86\include" "-I..\lib\eal\x86\include" "-Ilib\eal" "-I..\lib\eal" "-Ilib\log" "-I..\lib\log" "-Ilib\kvargs" "-I..\lib\kvargs" "-Ilib\net" "-I..\lib\net" "-Ilib\mbuf" "-I..\lib\mbuf" "-Ilib\mempool" "-I..\lib\mempool" "-Ilib \ring" "-I..\lib\ring" "-Ilib\metrics" "-I..\lib\metrics" "-Ilib\telemetry" "-I..\lib\telemetry" "-Ilib\ethdev" "-I..\lib\ethdev" "-Ilib\meter" "-I..\lib\meter" "-Ilib\argparse" "-I..\lib\argparse" "-Ilib\hash" "-I..\lib\hash" "-Ilib\rcu" "-I..\lib\rcu" "-Ilib\bitratestats" "-I..\lib\bitratestats" "-Ilib\cfgfile" "-I..\lib\cfgfile" "-Ilib\cryptodev" "-I..\lib\cryptodev" "-Ilib\security" "-I..\lib\security" "-Ilib\dmadev" "-I..\lib\dmadev" "-Ilib\fib" "-I..\lib\fib" "-Ilib\rib" "-I..\lib\rib" " -Ilib\lpm" "-I..\lib\lpm" "-Ilib\ip_frag" "-I..\lib\ip_frag" "-Ilib\latencystats" "-I..\lib\latencystats" "-Ilib\pcapng" "-I..\lib\pcapng" "-Ilib\ptr_compress" "-I..\lib\ptr_compress" "-Ilib\reorder" "-I..\lib\reorder" "-Ilib\stack" "-I..\lib\stack" "-Ilib\timer" "-I..\lib\timer" "-Iapp\test\test_cfgfiles" "-IC:\Program Files\Mellanox\MLNX_WinOF2_DevX_SDK\inc" "/MD" "/nologo" "/showIncludes" "/utf-8" "/W3" "/WX" "/std:c11" "/O2" "/Gw" "/wd4244" "/wd4267" "/wd4146" "/experimental:c11atomics" "/d 1experimental:typeof" "/experimental:statementExpressions" "/FI" "rte_config.h" "-D_GNU_SOURCE" "-D_WIN32_WINNT=0x0A00" "-DALLOW_EXPERIMENTAL_API" "-DALLOW_INTERNAL_API" "/Fdapp\dpdk-test.exe.p\test_test_mp_secondary.c.pdb" /Foapp/dpdk-test.exe.p/test_test_mp_secondary.c.obj "/c" ../app/test/test_mp_secondary.c ../app/test/test_mp_secondary.c(19): fatal error C1083: Cannot open include file: 'rte_bus_vdev.h': No such file or directory [404/454] Compiling C object app/dpdk-test.exe.p/test_test_net_ip6.c.obj [405/454] Compiling C object app/dpdk-test.exe.p/test_test_reciprocal_division.c.obj [406/454] Compiling C object app/dpdk-test.exe.p/test_test_rib.c.obj [407/454] Compiling C object app/dpdk-test.exe.p/test_test_pmd_perf.c.obj [408/454] Compiling C object app/dpdk-test.exe.p/test_test_rib6.c.obj [409/454] Compiling C object app/dpdk-test.exe.p/test_test_rcu_qsbr.c.obj [410/454] Compiling C object app/dpdk-test.exe.p/test_test_mempool_perf.c.obj [411/454] Compiling C object app/dpdk-test.exe.p/test_test_ring.c.obj [412/454] Compiling C object app/dpdk-test.exe.p/test_test_memcpy_perf.c.obj ninja: build stopped: subcommand failed. INFO: autodetecting backend as ninja INFO: calculating backend command to run: "C:\Program Files\Meson\ninja.EXE" -C C:/Users/builder/jenkins/workspace/Windows-Compile-DPDK-VS/dpdk/build ==== End log output ==== FreeBSD 14.2 Kernel: 14.2-RELEASE Compiler: clang 18.1.6 Ubuntu 20.04 Kernel: 4.19 Compiler: gcc gcc (Ubuntu 9.4.0-1ubuntu1~20.04.2) 9.4.0 CentOS Stream 9 Kernel: 5.15 Compiler: gcc gcc (GCC) 11.5.0 20240719 (Red Hat 11.5.0-7) CentOS Stream 10 Kernel: 5.15 Compiler: gcc gcc (GCC) 14.2.1 20250110 (Red Hat 14.2.1-8) Debian GNU/Linux 12 Kernel: 5.15 Compiler: gcc gcc (Debian 12.2.0-14+deb12u1) 12.2.0 Fedora Linux 40 Kernel: 5.15 Compiler: clang gcc (GCC) 14.2.1 20240912 (Red Hat 14.2.1-3) Fedora Linux 41 Kernel: 5.15 Compiler: clang gcc (GCC) 14.3.1 20250523 (Red Hat 14.3.1-1) openSUSE Leap 15.6 Kernel: 5.15 Compiler: gcc gcc (SUSE Linux) 7.5.0 Red Hat Enterprise Linux 8.10 Kernel: 5.15 Compiler: gcc gcc (GCC) 8.5.0 20210514 (Red Hat 8.5.0-22) Red Hat Enterprise Linux 9.5 Kernel: 5.15 Compiler: gcc gcc (GCC) 11.5.0 20240719 (Red Hat 11.5.0-2) Ubuntu 22.04 Kernel: 5.15 Compiler: gcc gcc (Ubuntu 11.4.0-1ubuntu1~22.04) 11.4.0 Ubuntu 24.04 Kernel: 5.15 Compiler: gcc gcc (Ubuntu 13.3.0-6ubuntu2~24.04) 13.3.0 Alpine Linux 3.22.0 Kernel: 5.15 Compiler: gcc gcc (Alpine 14.2.0) 14.2.0 Windows Server 2022 Kernel: 10.0.20348.2031 Compiler: clang 15.0.7, gcc 14.1.0 (MinGW), and MSVC VS 19.39.33521 To view detailed results, visit: https://lab.dpdk.org/results/dashboard/patchsets/33730/ UNH-IOL DPDK Community Lab To manage your email subscriptions, visit: https://lab.dpdk.org/results/dashboard/preferences/subscriptions/