automatic DPDK test reports
 help / color / mirror / Atom feed
* |SUCCESS| pw155447-155454 [PATCH v9 8/8] lib/pmu: fix out-of-bound access
       [not found] <20250723044118.2962318-9-tduszynski@marvell.com>
@ 2025-07-23  4:38 ` qemudev
  2025-07-23  4:40 ` |SUCCESS| pw155454 " checkpatch
                   ` (28 subsequent siblings)
  29 siblings, 0 replies; 30+ messages in thread
From: qemudev @ 2025-07-23  4:38 UTC (permalink / raw)
  To: test-report

Test-Label: loongarch-compilation
Test-Status: SUCCESS
http://dpdk.org/patch/155454

_Compilation OK_

Submitter: Tomasz Duszynski <tduszynski@marvell.com>
Date: Wed, 23 Jul 2025 06:41:11 +0200
DPDK git baseline: Repo:dpdk
  Branch: main
  CommitID: b222395561638f89562e4ef42e1eabf2d6db43dd

155447-155454 --> meson & ninja build successfully

Test environment and result as below:

+---------------------+----------------+
|     Environment     | compilation    |
+---------------------+----------------+
| Loongnix-Server 8.3 | PASS           |
+---------------------+----------------+

Loongnix-Server 8.3
    Kernel: 4.19.190+
    Compiler: gcc 8.3


^ permalink raw reply	[flat|nested] 30+ messages in thread

* |SUCCESS| pw155454 [PATCH v9 8/8] lib/pmu: fix out-of-bound access
       [not found] <20250723044118.2962318-9-tduszynski@marvell.com>
  2025-07-23  4:38 ` |SUCCESS| pw155447-155454 [PATCH v9 8/8] lib/pmu: fix out-of-bound access qemudev
@ 2025-07-23  4:40 ` checkpatch
  2025-07-23  4:42 ` |SUCCESS| pw155447-155454 " qemudev
                   ` (27 subsequent siblings)
  29 siblings, 0 replies; 30+ messages in thread
From: checkpatch @ 2025-07-23  4:40 UTC (permalink / raw)
  To: test-report

Test-Label: checkpatch
Test-Status: SUCCESS
http://dpdk.org/patch/155454

_coding style OK_



^ permalink raw reply	[flat|nested] 30+ messages in thread

* |SUCCESS| pw155447-155454 [PATCH v9 8/8] lib/pmu: fix out-of-bound access
       [not found] <20250723044118.2962318-9-tduszynski@marvell.com>
  2025-07-23  4:38 ` |SUCCESS| pw155447-155454 [PATCH v9 8/8] lib/pmu: fix out-of-bound access qemudev
  2025-07-23  4:40 ` |SUCCESS| pw155454 " checkpatch
@ 2025-07-23  4:42 ` qemudev
  2025-07-23  6:29 ` |SUCCESS| pw155447-155454 [PATCH] [v9,8/8] lib/pmu: fix out-of-bound dpdklab
                   ` (26 subsequent siblings)
  29 siblings, 0 replies; 30+ messages in thread
From: qemudev @ 2025-07-23  4:42 UTC (permalink / raw)
  To: test-report

Test-Label: loongarch-unit-testing
Test-Status: SUCCESS
http://dpdk.org/patch/155454

_Unit Testing PASS_

Submitter: Tomasz Duszynski <tduszynski@marvell.com>
Date: Wed, 23 Jul 2025 06:41:11 +0200
DPDK git baseline: Repo:dpdk
  Branch: main
  CommitID: b222395561638f89562e4ef42e1eabf2d6db43dd

155447-155454 --> testing pass

Test environment and result as below:

+---------------------+----------------+
|     Environment     | dpdk_unit_test |
+---------------------+----------------+
| Loongnix-Server 8.3 | PASS           |
+---------------------+----------------+

Loongnix-Server 8.3
    Kernel: 4.19.190+
    Compiler: gcc 8.3


Test result details:
  1/121 DPDK:fast-tests / acl_autotest                            OK              3.32s
  2/121 DPDK:fast-tests / alarm_autotest                          OK              1.52s
  3/121 DPDK:fast-tests / argparse_autotest                       OK              0.51s
  4/121 DPDK:fast-tests / atomic_autotest                         OK              6.90s
  5/121 DPDK:fast-tests / bitcount_autotest                       OK              0.20s
  6/121 DPDK:fast-tests / bitmap_autotest                         OK              0.20s
  7/121 DPDK:fast-tests / bitops_autotest                         OK              1.70s
  8/121 DPDK:fast-tests / bitratestats_autotest                   OK              0.20s
  9/121 DPDK:fast-tests / bitset_autotest                         OK              2.95s
 10/121 DPDK:fast-tests / bpf_autotest                            OK              0.20s
 11/121 DPDK:fast-tests / bpf_convert_autotest                    OK              0.21s
 12/121 DPDK:fast-tests / byteorder_autotest                      OK              0.20s
 13/121 DPDK:fast-tests / cfgfile_autotest                        OK              0.20s
 14/121 DPDK:fast-tests / cksum_autotest                          OK              0.20s
 15/121 DPDK:fast-tests / cmdline_autotest                        OK              0.20s
 16/121 DPDK:fast-tests / common_autotest                         OK              1.08s
 17/121 DPDK:fast-tests / compressdev_autotest                    SKIP            0.06s   exit status 77
 18/121 DPDK:fast-tests / cpuflags_autotest                       OK              0.20s
 19/121 DPDK:fast-tests / crc_autotest                            OK              0.20s
 20/121 DPDK:fast-tests / user_delay_us                           OK              0.20s
 21/121 DPDK:fast-tests / debug_autotest                          OK             13.17s
 22/121 DPDK:fast-tests / devargs_autotest                        OK              0.20s
 23/121 DPDK:fast-tests / dispatcher_autotest                     OK              2.55s
 24/121 DPDK:fast-tests / distributor_autotest                    OK              1.19s
 25/121 DPDK:fast-tests / eal_flags_c_opt_autotest                OK              0.83s
 26/121 DPDK:fast-tests / eal_flags_main_opt_autotest             OK              0.23s
 27/121 DPDK:fast-tests / eal_flags_n_opt_autotest                OK              0.20s
 28/121 DPDK:fast-tests / eal_flags_hpet_autotest                 OK              0.13s
 29/121 DPDK:fast-tests / eal_flags_no_huge_autotest              OK              0.22s
 30/121 DPDK:fast-tests / eal_flags_a_opt_autotest                OK              0.31s
 31/121 DPDK:fast-tests / eal_flags_b_opt_autotest                OK              0.25s
 32/121 DPDK:fast-tests / eal_flags_vdev_opt_autotest             OK              0.20s
 33/121 DPDK:fast-tests / eal_flags_r_opt_autotest                OK              0.19s
 34/121 DPDK:fast-tests / eal_flags_mem_autotest                  OK              0.60s
 35/121 DPDK:fast-tests / eal_flags_file_prefix_autotest          OK             22.22s
 36/121 DPDK:fast-tests / eal_flags_misc_autotest                 OK              1.08s
 37/121 DPDK:fast-tests / eal_fs_autotest                         OK              0.20s
 38/121 DPDK:fast-tests / errno_autotest                          OK              0.20s
 39/121 DPDK:fast-tests / ethdev_link_status                      OK              0.20s
 40/121 DPDK:fast-tests / event_eth_tx_adapter_autotest           OK              1.68s
 41/121 DPDK:fast-tests / event_ring_autotest                     OK              0.21s
 42/121 DPDK:fast-tests / eventdev_common_autotest                OK              0.20s
 43/121 DPDK:fast-tests / eventdev_selftest_sw                    OK              7.11s
 44/121 DPDK:fast-tests / fbarray_autotest                        OK              0.21s
 45/121 DPDK:fast-tests / fib_autotest                            OK              1.07s
 46/121 DPDK:fast-tests / fib6_autotest                           OK              0.86s
 47/121 DPDK:fast-tests / func_reentrancy_autotest                OK              2.22s
 48/121 DPDK:fast-tests / graph_autotest                          OK              0.21s
 49/121 DPDK:fast-tests / node_list_dump                          OK              0.44s
 50/121 DPDK:fast-tests / graph_feature_arc_autotest              OK              0.37s
 51/121 DPDK:fast-tests / hash_autotest                           OK              0.99s
 52/121 DPDK:fast-tests / hash_readwrite_func_autotest            OK              6.40s
 53/121 DPDK:fast-tests / interrupt_autotest                      OK              1.70s
 54/121 DPDK:fast-tests / ipfrag_autotest                         OK              0.08s
 55/121 DPDK:fast-tests / ipsec_autotest                          SKIP            0.40s   exit status 77
 56/121 DPDK:fast-tests / kvargs_autotest                         OK              0.40s
 57/121 DPDK:fast-tests / latencystats_autotest                   OK              0.40s
 58/121 DPDK:fast-tests / lcore_var_autotest                      OK              0.54s
 59/121 DPDK:fast-tests / lcores_autotest                         OK              5.21s
 60/121 DPDK:fast-tests / logs_autotest                           OK              0.40s
 61/121 DPDK:fast-tests / lpm_autotest                            OK              2.45s
 62/121 DPDK:fast-tests / lpm6_autotest                           OK              5.56s
 63/121 DPDK:fast-tests / malloc_autotest                         OK             60.55s
 64/121 DPDK:fast-tests / mbuf_autotest                           OK              5.07s
 65/121 DPDK:fast-tests / mcslock_autotest                        OK              4.06s
 66/121 DPDK:fast-tests / member_autotest                         OK              1.58s
 67/121 DPDK:fast-tests / memcpy_autotest                         OK              6.86s
 68/121 DPDK:fast-tests / memory_autotest                         OK              0.09s
 69/121 DPDK:fast-tests / mempool_autotest                        OK              0.44s
 70/121 DPDK:fast-tests / memzone_autotest                        OK              0.14s
 71/121 DPDK:fast-tests / meter_autotest                          OK              0.39s
 72/121 DPDK:fast-tests / metrics_autotest                        OK              0.40s
 73/121 DPDK:fast-tests / multiprocess_autotest                   OK              0.19s
 74/121 DPDK:fast-tests / net_ether_autotest                      OK              1.06s
 75/121 DPDK:fast-tests / net_ipv6_autotest                       OK              0.40s
 76/121 DPDK:fast-tests / pcapng_autotest                         OK              7.33s
 77/121 DPDK:fast-tests / pdcp_autotest                           SKIP            0.07s   exit status 77
 78/121 DPDK:fast-tests / pdump_autotest                          OK              0.51s
 79/121 DPDK:fast-tests / per_lcore_autotest                      OK              0.50s
 80/121 DPDK:fast-tests / pflock_autotest                         OK              1.21s
 81/121 DPDK:fast-tests / pie_autotest                            OK              0.40s
 82/121 DPDK:fast-tests / ring_pmd_autotest                       OK              0.40s
 83/121 DPDK:fast-tests / pmu_autotest                            SKIP            0.40s   exit status 77
 84/121 DPDK:fast-tests / power_autotest                          OK              0.40s
 85/121 DPDK:fast-tests / power_cpufreq_autotest                  SKIP            0.07s   exit status 77
 86/121 DPDK:fast-tests / power_intel_uncore_autotest             SKIP            0.39s   exit status 77
 87/121 DPDK:fast-tests / power_kvm_vm_autotest                   SKIP            0.07s   exit status 77
 88/121 DPDK:fast-tests / prefetch_autotest                       OK              0.39s
 89/121 DPDK:fast-tests / ptr_compress_autotest                   OK              0.40s
 90/121 DPDK:fast-tests / rawdev_autotest                         OK              0.40s
 91/121 DPDK:fast-tests / rcu_qsbr_autotest                       OK              0.92s
 92/121 DPDK:fast-tests / reorder_autotest                        OK              0.46s
 93/121 DPDK:fast-tests / rib_autotest                            OK              9.06s
 94/121 DPDK:fast-tests / rib6_autotest                           OK              9.07s
 95/121 DPDK:fast-tests / ring_autotest                           OK              0.43s
 96/121 DPDK:fast-tests / rwlock_test1_autotest                   OK              1.15s
 97/121 DPDK:fast-tests / rwlock_rda_autotest                     OK              5.40s
 98/121 DPDK:fast-tests / rwlock_rds_wrm_autotest                 OK              5.40s
 99/121 DPDK:fast-tests / rwlock_rde_wro_autotest                 OK              5.50s
100/121 DPDK:fast-tests / sched_autotest                          OK              0.40s
101/121 DPDK:fast-tests / security_autotest                       OK              0.07s
102/121 DPDK:fast-tests / seqlock_autotest                        OK              2.40s
103/121 DPDK:fast-tests / service_autotest                        OK              3.10s
104/121 DPDK:fast-tests / soring_autotest                         OK              0.47s
105/121 DPDK:fast-tests / spinlock_autotest                       OK              0.48s
106/121 DPDK:fast-tests / stack_autotest                          OK              0.87s
107/121 DPDK:fast-tests / stack_lf_autotest                       SKIP            0.06s   exit status 77
108/121 DPDK:fast-tests / string_autotest                         OK              0.39s
109/121 DPDK:fast-tests / table_autotest                          OK              7.71s
110/121 DPDK:fast-tests / tailq_autotest                          OK              0.39s
111/121 DPDK:fast-tests / telemetry_data_autotest                 OK              0.40s
112/121 DPDK:fast-tests / telemetry_json_autotest                 OK              0.40s
113/121 DPDK:fast-tests / thash_autotest                          OK              0.41s
114/121 DPDK:fast-tests / threads_autotest                        OK              0.57s
115/121 DPDK:fast-tests / ticketlock_autotest                     OK              0.55s
116/121 DPDK:fast-tests / timer_autotest                          OK              3.89s
117/121 DPDK:fast-tests / trace_autotest                          OK              0.39s
118/121 DPDK:fast-tests / trace_autotest_with_traces              OK              0.40s
119/121 DPDK:fast-tests / vdev_autotest                           OK              0.39s
120/121 DPDK:fast-tests / version_autotest                        OK              0.40s
121/121 DPDK:fast-tests / telemetry_all                           OK              1.32s


Ok:                 113
Expected Fail:      0
Fail:               0
Unexpected Pass:    0
Skipped:            8
Timeout:            0


^ permalink raw reply	[flat|nested] 30+ messages in thread

* |SUCCESS| pw155447-155454 [PATCH] [v9,8/8] lib/pmu: fix out-of-bound
       [not found] <20250723044118.2962318-9-tduszynski@marvell.com>
                   ` (2 preceding siblings ...)
  2025-07-23  4:42 ` |SUCCESS| pw155447-155454 " qemudev
@ 2025-07-23  6:29 ` dpdklab
  2025-07-23  6:34 ` dpdklab
                   ` (25 subsequent siblings)
  29 siblings, 0 replies; 30+ messages in thread
From: dpdklab @ 2025-07-23  6:29 UTC (permalink / raw)
  To: Test Report; +Cc: dpdk-test-reports

Test-Label: iol-marvell-Functional
Test-Status: SUCCESS
http://dpdk.org/patch/155454

_Functional Testing PASS_

Submitter: Tomasz Duszynski <tduszynski@marvell.com>
Date: Wednesday, July 23 2025 04:41:18 
DPDK git baseline: Repo:dpdk
  Branch: master
  CommitID:b222395561638f89562e4ef42e1eabf2d6db43dd

155447-155454 --> functional testing pass

Upstream job id: Template-DTS-Pipeline#237847

Test environment and result as below:

Ubuntu 20.04.6
Kernel: 5.4.105
Compiler: gcc 9.4
NIC: Marvell CN106XX 50000 Mbps
Target: arm64-native-linuxapp-gcc

Aggregate Results by Test Suite
+----------------+--------+
|   Test Suite   | Result |
+================+========+
| cmdline        |  PASS  |
+----------------+--------+
| rxtx_callbacks |  PASS  |
+----------------+--------+


To view detailed results, visit:
https://lab.dpdk.org/results/dashboard/patchsets/33732/

UNH-IOL DPDK Community Lab

To manage your email subscriptions, visit: 
https://lab.dpdk.org/results/dashboard/preferences/subscriptions/

^ permalink raw reply	[flat|nested] 30+ messages in thread

* |SUCCESS| pw155447-155454 [PATCH] [v9,8/8] lib/pmu: fix out-of-bound
       [not found] <20250723044118.2962318-9-tduszynski@marvell.com>
                   ` (3 preceding siblings ...)
  2025-07-23  6:29 ` |SUCCESS| pw155447-155454 [PATCH] [v9,8/8] lib/pmu: fix out-of-bound dpdklab
@ 2025-07-23  6:34 ` dpdklab
  2025-07-23  6:43 ` |FAILURE| pw155454 [PATCH v9 8/8] lib/pmu: fix out-of-bound access 0-day Robot
                   ` (24 subsequent siblings)
  29 siblings, 0 replies; 30+ messages in thread
From: dpdklab @ 2025-07-23  6:34 UTC (permalink / raw)
  To: Test Report; +Cc: dpdk-test-reports

Test-Label: iol-intel-Functional
Test-Status: SUCCESS
http://dpdk.org/patch/155454

_Functional Testing PASS_

Submitter: Tomasz Duszynski <tduszynski@marvell.com>
Date: Wednesday, July 23 2025 04:41:18 
DPDK git baseline: Repo:dpdk
  Branch: master
  CommitID:b222395561638f89562e4ef42e1eabf2d6db43dd

155447-155454 --> functional testing pass

Upstream job id: Template-DTS-Pipeline#237848

Test environment and result as below:

Ubuntu 24.04
Kernel: 6.8
Compiler: gcc gcc (Ubuntu 13.3.0-6ubuntu2~24.04) 13.3.0
NIC: Intel Corporation 4xxx Series QAT 0 Mbps

Aggregate Results by Test Suite
+----------------------------+--------+
|         Test Suite         | Result |
+============================+========+
| crypto_perf_cryptodev_perf |  PASS  |
+----------------------------+--------+


To view detailed results, visit:
https://lab.dpdk.org/results/dashboard/patchsets/33732/

UNH-IOL DPDK Community Lab

To manage your email subscriptions, visit: 
https://lab.dpdk.org/results/dashboard/preferences/subscriptions/

^ permalink raw reply	[flat|nested] 30+ messages in thread

* |FAILURE| pw155454 [PATCH v9 8/8] lib/pmu: fix out-of-bound access
       [not found] <20250723044118.2962318-9-tduszynski@marvell.com>
                   ` (4 preceding siblings ...)
  2025-07-23  6:34 ` dpdklab
@ 2025-07-23  6:43 ` 0-day Robot
  2025-07-23  6:44 ` |PENDING| pw155447-155454 [PATCH] [v9,8/8] lib/pmu: fix out-of-bound dpdklab
                   ` (23 subsequent siblings)
  29 siblings, 0 replies; 30+ messages in thread
From: 0-day Robot @ 2025-07-23  6:43 UTC (permalink / raw)
  To: test-report; +Cc: tduszynski, robot

From: robot@bytheb.org

Test-Label: github-robot: build
Test-Status: FAILURE
http://patchwork.dpdk.org/patch/155454/

_github build: failed_
Build URL: https://github.com/ovsrobot/dpdk/actions/runs/16462004153
Build Logs:
-----------------------Summary of failed steps-----------------------
"ubuntu-22.04-gcc-abi+debug+doc+examples+tests" failed at step Build and test
----------------------End summary of failed steps--------------------

-------------------------------BEGIN LOGS----------------------------
####################################################################################
#### [Begin job log] "ubuntu-22.04-gcc-abi+debug+doc+examples+tests" at step Build and test
####################################################################################
[1939/1996] Linking target examples/dpdk-distributor
[1940/1996] Linking target examples/dpdk-dma
[1941/1996] Linking target examples/dpdk-ethtool
[1942/1996] Linking target examples/dpdk-eventdev_pipeline
[1943/1996] Linking target examples/dpdk-fips_validation
[1944/1996] Linking target app/dpdk-test
FAILED: [code=1] app/dpdk-test 
gcc  -o app/dpdk-test app/dpdk-test.p/test_commands.c.o app/dpdk-test.p/test_test.c.o app/dpdk-test.p/test_packet_burst_generator.c.o app/dpdk-test.p/test_sample_packet_forward.c.o app/dpdk-test.p/test_test_acl.c.o app/dpdk-test.p/test_test_alarm.c.o app/dpdk-test.p/test_test_argparse.c.o app/dpdk-test.p/test_test_atomic.c.o app/dpdk-test.p/test_test_barrier.c.o app/dpdk-test.p/test_test_bitcount.c.o app/dpdk-test.p/test_test_bitmap.c.o app/dpdk-test.p/test_test_bitops.c.o app/dpdk-test.p/test_test_bitratestats.c.o app/dpdk-test.p/test_test_bitset.c.o app/dpdk-test.p/test_test_bpf.c.o app/dpdk-test.p/test_test_byteorder.c.o app/dpdk-test.p/test_test_cfgfile.c.o app/dpdk-test.p/test_test_cksum.c.o app/dpdk-test.p/test_test_cksum_perf.c.o app/dpdk-test.p/test_test_cmdline.c.o app/dpdk-test.p/test_test_cmdline_cirbuf.c.o app/dpdk-test.p/test_test_cmdline_etheraddr.c.o app/dpdk-test.p/test_test_cmdline_ipaddr.c.o app/dpdk-test.p/test_test_cmdline_lib.c.o app/dpdk-test.p/test_test_cmdline_num.c.o app/dpdk-test.p/test_test_cmdline_portlist.c.o app/dpdk-test.p/test_test_cmdline_string.c.o app/dpdk-test.p/test_test_common.c.o app/dpdk-test.p/test_test_compressdev.c.o app/dpdk-test.p/test_test_cpuflags.c.o app/dpdk-test.p/test_test_crc.c.o app/dpdk-test.p/test_test_cryptodev.c.o app/dpdk-test.p/test_test_cryptodev_asym.c.o app/dpdk-test.p/test_test_cryptodev_blockcipher.c.o app/dpdk-test.p/test_test_cryptodev_crosscheck.c.o app/dpdk-test.p/test_test_cryptodev_security_ipsec.c.o app/dpdk-test.p/test_test_cryptodev_security_pdcp.c.o app/dpdk-test.p/test_test_cryptodev_security_tls_record.c.o app/dpdk-test.p/test_test_cycles.c.o app/dpdk-test.p/test_test_debug.c.o app/dpdk-test.p/test_test_devargs.c.o app/dpdk-test.p/test_test_dispatcher.c.o app/dpdk-test.p/test_test_distributor.c.o app/dpdk-test.p/test_test_distributor_perf.c.o app/dpdk-test.p/test_test_dmadev.c.o app/dpdk-test.p/test_test_dmadev_api.c.o app/dpdk-test.p/test_test_eal_flags.c.o app/dpdk-test.p/test_test_eal_fs.c.o app/dpdk-test.p/test_test_efd.c.o app/dpdk-test.p/test_test_efd_perf.c.o app/dpdk-test.p/test_test_errno.c.o app/dpdk-test.p/test_test_ethdev_api.c.o app/dpdk-test.p/test_test_ethdev_link.c.o app/dpdk-test.p/test_test_event_crypto_adapter.c.o app/dpdk-test.p/test_test_event_dma_adapter.c.o app/dpdk-test.p/test_test_event_eth_rx_adapter.c.o app/dpdk-test.p/test_test_event_eth_tx_adapter.c.o app/dpdk-test.p/test_test_event_ring.c.o app/dpdk-test.p/test_test_event_timer_adapter.c.o app/dpdk-test.p/test_test_event_vector_adapter.c.o app/dpdk-test.p/test_test_eventdev.c.o app/dpdk-test.p/test_test_external_mem.c.o app/dpdk-test.p/test_test_fbarray.c.o app/dpdk-test.p/test_test_fib.c.o app/dpdk-test.p/test_test_fib6.c.o app/dpdk-test.p/test_test_fib6_perf.c.o app/dpdk-test.p/test_test_fib_perf.c.o app/dpdk-test.p/test_test_func_reentrancy.c.o app/dpdk-test.p/test_test_graph.c.o app/dpdk-test.p/test_test_graph_feature_arc.c.o app/dpdk-test.p/test_test_graph_perf.c.o app/dpdk-test.p/test_test_hash.c.o app/dpdk-test.p/test_test_hash_functions.c.o app/dpdk-test.p/test_test_hash_multiwriter.c.o app/dpdk-test.p/test_test_hash_perf.c.o app/dpdk-test.p/test_test_hash_readwrite.c.o app/dpdk-test.p/test_test_hash_readwrite_lf_perf.c.o app/dpdk-test.p/test_test_interrupts.c.o app/dpdk-test.p/test_test_ipfrag.c.o app/dpdk-test.p/test_test_ipsec.c.o app/dpdk-test.p/test_test_ipsec_perf.c.o app/dpdk-test.p/test_test_ipsec_sad.c.o app/dpdk-test.p/test_test_kvargs.c.o app/dpdk-test.p/test_test_latencystats.c.o app/dpdk-test.p/test_test_lcore_var.c.o app/dpdk-test.p/test_test_lcore_var_perf.c.o app/dpdk-test.p/test_test_lcores.c.o app/dpdk-test.p/test_test_link_bonding.c.o app/dpdk-test.p/test_test_link_bonding_mode4.c.o app/dpdk-test.p/test_test_link_bonding_rssconf.c.o app/dpdk-test.p/test_test_logs.c.o app/dpdk-test.p/test_test_lpm.c.o app/dpdk-test.p/test_test_lpm6.c.o app/dpdk-test.p/test_test_lpm6_perf.c.o app/dpdk-test.p/test_test_lpm_perf.c.o app/dpdk-test.p/test_test_malloc.c.o app/dpdk-test.p/test_test_malloc_perf.c.o app/dpdk-test.p/test_test_mbuf.c.o app/dpdk-test.p/test_test_mcslock.c.o app/dpdk-test.p/test_test_member.c.o app/dpdk-test.p/test_test_member_perf.c.o app/dpdk-test.p/test_test_memcpy.c.o app/dpdk-test.p/test_test_memcpy_perf.c.o app/dpdk-test.p/test_test_memory.c.o app/dpdk-test.p/test_test_mempool.c.o app/dpdk-test.p/test_test_mempool_perf.c.o app/dpdk-test.p/test_test_memzone.c.o app/dpdk-test.p/test_test_meter.c.o app/dpdk-test.p/test_test_metrics.c.o app/dpdk-test.p/test_test_mp_secondary.c.o app/dpdk-test.p/test_test_net_ether.c.o app/dpdk-test.p/test_test_net_ip6.c.o app/dpdk-test.p/test_test_pcapng.c.o app/dpdk-test.p/test_test_pdcp.c.o app/dpdk-test.p/test_test_pdump.c.o app/dpdk-test.p/test_test_per_lcore.c.o app/dpdk-test.p/test_test_pflock.c.o app/dpdk-test.p/test_test_pie.c.o app/dpdk-test.p/test_test_pmd_perf.c.o app/dpdk-test.p/test_test_pmd_ring.c.o app/dpdk-test.p/test_test_pmd_ring_perf.c.o app/dpdk-test.p/test_test_pmu.c.o app/dpdk-test.p/test_test_power.c.o app/dpdk-test.p/test_test_power_cpufreq.c.o app/dpdk-test.p/test_test_power_intel_uncore.c.o app/dpdk-test.p/test_test_power_kvm_vm.c.o app/dpdk-test.p/test_test_prefetch.c.o app/dpdk-test.p/test_test_ptr_compress.c.o app/dpdk-test.p/test_test_rand_perf.c.o app/dpdk-test.p/test_test_rawdev.c.o app/dpdk-test.p/test_test_rcu_qsbr.c.o app/dpdk-test.p/test_test_rcu_qsbr_perf.c.o app/dpdk-test.p/test_test_reassembly_perf.c.o app/dpdk-test.p/test_test_reciprocal_division.c.o app/dpdk-test.p/test_test_reciprocal_division_perf.c.o app/dpdk-test.p/test_test_red.c.o app/dpdk-test.p/test_test_reorder.c.o app/dpdk-test.p/test_test_rib.c.o app/dpdk-test.p/test_test_rib6.c.o app/dpdk-test.p/test_test_ring.c.o app/dpdk-test.p/test_test_ring_hts_stress.c.o app/dpdk-test.p/test_test_ring_mpmc_stress.c.o app/dpdk-test.p/test_test_ring_mt_peek_stress.c.o app/dpdk-test.p/test_test_ring_mt_peek_stress_zc.c.o app/dpdk-test.p/test_test_ring_perf.c.o app/dpdk-test.p/test_test_ring_rts_stress.c.o app/dpdk-test.p/test_test_ring_st_peek_stress.c.o app/dpdk-test.p/test_test_ring_st_peek_stress_zc.c.o app/dpdk-test.p/test_test_ring_stress.c.o app/dpdk-test.p/test_test_rwlock.c.o app/dpdk-test.p/test_test_sched.c.o app/dpdk-test.p/test_test_security.c.o app/dpdk-test.p/test_test_security_inline_macsec.c.o app/dpdk-test.p/test_test_security_inline_proto.c.o app/dpdk-test.p/test_test_security_proto.c.o app/dpdk-test.p/test_test_seqlock.c.o app/dpdk-test.p/test_test_service_cores.c.o app/dpdk-test.p/test_test_soring.c.o app/dpdk-test.p/test_test_soring_mt_stress.c.o app/dpdk-test.p/test_test_soring_stress.c.o app/dpdk-test.p/test_test_spinlock.c.o app/dpdk-test.p/test_test_stack.c.o app/dpdk-test.p/test_test_stack_perf.c.o app/dpdk-test.p/test_test_string_fns.c.o app/dpdk-test.p/test_test_table.c.o app/dpdk-test.p/test_test_table_acl.c.o app/dpdk-test.p/test_test_table_combined.c.o app/dpdk-test.p/test_test_table_pipeline.c.o app/dpdk-test.p/test_test_table_ports.c.o app/dpdk-test.p/test_test_table_tables.c.o app/dpdk-test.p/test_test_tailq.c.o app/dpdk-test.p/test_test_telemetry_data.c.o app/dpdk-test.p/test_test_telemetry_json.c.o app/dpdk-test.p/test_test_thash.c.o app/dpdk-test.p/test_test_thash_perf.c.o app/dpdk-test.p/test_test_threads.c.o app/dpdk-test.p/test_test_ticketlock.c.o app/dpdk-test.p/test_test_timer.c.o app/dpdk-test.p/test_test_timer_perf.c.o app/dpdk-test.p/test_test_timer_racecond.c.o app/dpdk-test.p/test_test_timer_secondary.c.o app/dpdk-test.p/test_test_trace.c.o app/dpdk-test.p/test_test_trace_perf.c.o app/dpdk-test.p/test_test_trace_register.c.o app/dpdk-test.p/test_test_vdev.c.o app/dpdk-test.p/test_test_version.c.o app/dpdk-test.p/test_virtual_pmd.c.o -Wl,--as-needed -Wl,--no-undefined -Wl,--no-as-needed -pthread -Wl,--start-group -lm -ldl -lnuma -lfdt '-Wl,-rpath,$ORIGIN/../lib:$ORIGIN/../drivers' -Wl,-rpath-link,/home/runner/work/dpdk/dpdk/build/lib -Wl,-rpath-link,/home/runner/work/dpdk/dpdk/build/drivers lib/librte_cmdline.so.25.2 lib/librte_eal.so.25.2 lib/librte_kvargs.so.25.2 lib/librte_log.so.25.2 lib/librte_telemetry.so.25.2 lib/librte_pmu.so.25.2 lib/librte_net.so.25.2 lib/librte_mbuf.so.25.2 lib/librte_mempool.so.25.2 lib/librte_ring.so.25.2 drivers/librte_net_ring.so.25.2 lib/librte_ethdev.so.25.2 lib/librte_meter.so.25.2 drivers/librte_bus_pci.so.25.2 lib/librte_pci.so.25.2 drivers/librte_bus_vdev.so.25.2 lib/librte_acl.so.25.2 lib/librte_argparse.so.25.2 lib/librte_hash.so.25.2 lib/librte_rcu.so.25.2 lib/librte_metrics.so.25.2 lib/librte_bitratestats.so.25.2 lib/librte_bpf.so.25.2 lib/librte_cfgfile.so.25.2 lib/librte_compressdev.so.25.2 lib/librte_cryptodev.so.25.2 lib/librte_security.so.25.2 lib/librte_dispatcher.so.25.2 lib/librte_eventdev.so.25.2 lib/librte_timer.so.25.2 lib/librte_dmadev.so.25.2 lib/librte_distributor.so.25.2 lib/librte_efd.so.25.2 lib/librte_fib.so.25.2 lib/librte_rib.so.25.2 lib/librte_table.so.25.2 lib/librte_port.so.25.2 lib/librte_sched.so.25.2 lib/librte_ip_frag.so.25.2 lib/librte_lpm.so.25.2 lib/librte_graph.so.25.2 lib/librte_pcapng.so.25.2 lib/librte_ipsec.so.25.2 lib/librte_latencystats.so.25.2 drivers/librte_net_bond.so.25.2 lib/librte_member.so.25.2 lib/librte_pdcp.so.25.2 lib/librte_reorder.so.25.2 lib/librte_pdump.so.25.2 lib/librte_power.so.25.2 lib/librte_rawdev.so.25.2 lib/librte_stack.so.25.2 lib/librte_pipeline.so.25.2 drivers/librte_crypto_scheduler.so.25.2 /usr/lib/x86_64-linux-gnu/libz.so /usr/lib/x86_64-linux-gnu/libpcap.so /usr/lib/x86_64-linux-gnu/libbsd.so /usr/lib/x86_64-linux-gnu/libarchive.so /usr/lib/x86_64-linux-gnu/libjansson.so /usr/lib/x86_64-linux-gnu/libelf.so -Wl,--end-group
/usr/bin/ld: app/dpdk-test.p/test_test_trace_perf.c.o: warning: relocation against `__rte_pmu_trace_read' in read-only section `.text'
/usr/bin/ld: app/dpdk-test.p/test_test_trace_perf.c.o: in function `rte_pmu_trace_read':
/home/runner/work/dpdk/dpdk/build/../lib/eal/include/rte_eal_trace.h:132: undefined reference to `__rte_pmu_trace_read'
/usr/bin/ld: /home/runner/work/dpdk/dpdk/build/../lib/eal/include/rte_eal_trace.h:132: undefined reference to `__rte_pmu_trace_read'
/usr/bin/ld: /home/runner/work/dpdk/dpdk/build/../lib/eal/include/rte_eal_trace.h:132: undefined reference to `__rte_pmu_trace_read'
/usr/bin/ld: /home/runner/work/dpdk/dpdk/build/../lib/eal/include/rte_eal_trace.h:132: undefined reference to `__rte_pmu_trace_read'
/usr/bin/ld: /home/runner/work/dpdk/dpdk/build/../lib/eal/include/rte_eal_trace.h:132: undefined reference to `__rte_pmu_trace_read'
/usr/bin/ld: app/dpdk-test.p/test_test_trace_perf.c.o:/home/runner/work/dpdk/dpdk/build/../lib/eal/include/rte_eal_trace.h:132: more undefined references to `__rte_pmu_trace_read' follow
/usr/bin/ld: warning: creating DT_TEXTREL in a PIE
collect2: error: ld returned 1 exit status
[1945/1996] Linking target examples/dpdk-flow_filtering
[1946/1996] Linking target examples/dpdk-helloworld
[1947/1996] Generating doxygen-man with a custom command
[1948/1996] Generating dts_api_html with a custom command
[1949/1996] Generating html_guides with a custom command
ninja: build stopped: subcommand failed.
##[error]Process completed with exit code 1.
####################################################################################
#### [End job log] "ubuntu-22.04-gcc-abi+debug+doc+examples+tests" at step Build and test
####################################################################################
--------------------------------END LOGS-----------------------------

^ permalink raw reply	[flat|nested] 30+ messages in thread

* |PENDING| pw155447-155454 [PATCH] [v9,8/8] lib/pmu: fix out-of-bound
       [not found] <20250723044118.2962318-9-tduszynski@marvell.com>
                   ` (5 preceding siblings ...)
  2025-07-23  6:43 ` |FAILURE| pw155454 [PATCH v9 8/8] lib/pmu: fix out-of-bound access 0-day Robot
@ 2025-07-23  6:44 ` dpdklab
  2025-07-23  6:54 ` |SUCCESS| " dpdklab
                   ` (22 subsequent siblings)
  29 siblings, 0 replies; 30+ messages in thread
From: dpdklab @ 2025-07-23  6:44 UTC (permalink / raw)
  To: Test Report; +Cc: dpdk-test-reports

Test-Label: iol-compile-amd64-testing
Test-Status: PENDING
http://dpdk.org/patch/155454

_Testing pending_

Submitter: Tomasz Duszynski <tduszynski@marvell.com>
Date: Wednesday, July 23 2025 04:41:18 
DPDK git baseline: Repo:dpdk
  Branch: master
  CommitID:b222395561638f89562e4ef42e1eabf2d6db43dd

155447-155454 --> testing pending

Upstream job id: Generic-VM-DPDK-Compile-Meson#37336

Test environment and result as below:

+---------------------+-------------------+--------------------+
|     Environment     | dpdk_msvc_compile | dpdk_meson_compile |
+=====================+===================+====================+
| Windows Server 2022 | PEND              | SKIPPED            |
+---------------------+-------------------+--------------------+
| FreeBSD 14.2        | SKIPPED           | PASS               |
+---------------------+-------------------+--------------------+


Windows Server 2022
	Kernel: 10.0.20348.2031
	Compiler: clang 15.0.7, gcc 14.1.0 (MinGW), and MSVC VS 19.39.33521

FreeBSD 14.2
	Kernel: 14.2-RELEASE
	Compiler: clang 18.1.6

To view detailed results, visit:
https://lab.dpdk.org/results/dashboard/patchsets/33732/

UNH-IOL DPDK Community Lab

To manage your email subscriptions, visit: 
https://lab.dpdk.org/results/dashboard/preferences/subscriptions/

^ permalink raw reply	[flat|nested] 30+ messages in thread

* |SUCCESS| pw155447-155454 [PATCH] [v9,8/8] lib/pmu: fix out-of-bound
       [not found] <20250723044118.2962318-9-tduszynski@marvell.com>
                   ` (6 preceding siblings ...)
  2025-07-23  6:44 ` |PENDING| pw155447-155454 [PATCH] [v9,8/8] lib/pmu: fix out-of-bound dpdklab
@ 2025-07-23  6:54 ` dpdklab
  2025-07-23  6:57 ` dpdklab
                   ` (21 subsequent siblings)
  29 siblings, 0 replies; 30+ messages in thread
From: dpdklab @ 2025-07-23  6:54 UTC (permalink / raw)
  To: Ali Alnubani, Test Report; +Cc: dpdk-test-reports

Test-Label: iol-mellanox-Performance
Test-Status: SUCCESS
http://dpdk.org/patch/155454

_Performance Testing PASS_

Submitter: Tomasz Duszynski <tduszynski@marvell.com>
Date: Wednesday, July 23 2025 04:41:18 
DPDK git baseline: Repo:dpdk
  Branch: master
  CommitID:b222395561638f89562e4ef42e1eabf2d6db43dd

155447-155454 --> performance testing pass

Upstream job id: Template-DTS-Pipeline#237838

Test environment and result as below:

Ubuntu 24.04
Kernel: 6.8
Compiler: gcc gcc (Ubuntu 13.3.0-6ubuntu2~24.04) 13.3.0
NIC: NVIDIA Mellanox ConnectX-7 100000 Mbps
Fail/Total: 0/6

Detail performance results: 
+------------+---------+----------+-------------+------------------------------+
| frame_size | txd/rxd | num_cpus | num_threads |  throughput difference from  |
|            |         |          |             |           expected           |
+============+=========+==========+=============+==============================+
| 64         | 1024    | 1        | 1           | 1.0%                         |
+------------+---------+----------+-------------+------------------------------+
| 128        | 1024    | 1        | 1           | 0.7%                         |
+------------+---------+----------+-------------+------------------------------+
| 256        | 1024    | 1        | 1           | -0.4%                        |
+------------+---------+----------+-------------+------------------------------+
| 512        | 1024    | 1        | 1           | 0.1%                         |
+------------+---------+----------+-------------+------------------------------+
| 1024       | 1024    | 1        | 1           | 0.0%                         |
+------------+---------+----------+-------------+------------------------------+
| 1518       | 1024    | 1        | 1           | 0.0%                         |
+------------+---------+----------+-------------+------------------------------+

Ubuntu 24.04
Kernel: 6.8
Compiler: gcc gcc (Ubuntu 13.3.0-6ubuntu2~24.04) 13.3.0
NIC: Mellanox ConnectX-6 Lx 25000 Mbps
Fail/Total: 0/6

Detail performance results: 
+------------+---------+----------+-------------+------------------------------+
| frame_size | txd/rxd | num_cpus | num_threads |  throughput difference from  |
|            |         |          |             |           expected           |
+============+=========+==========+=============+==============================+
| 64         | 1024    | 1        | 1           | -0.1%                        |
+------------+---------+----------+-------------+------------------------------+
| 128        | 1024    | 1        | 1           | -0.2%                        |
+------------+---------+----------+-------------+------------------------------+
| 256        | 1024    | 1        | 1           | -0.2%                        |
+------------+---------+----------+-------------+------------------------------+
| 512        | 1024    | 1        | 1           | -0.0%                        |
+------------+---------+----------+-------------+------------------------------+
| 1024       | 1024    | 1        | 1           | 0.2%                         |
+------------+---------+----------+-------------+------------------------------+
| 1518       | 1024    | 1        | 1           | 0.1%                         |
+------------+---------+----------+-------------+------------------------------+

To view detailed results, visit:
https://lab.dpdk.org/results/dashboard/patchsets/33732/

UNH-IOL DPDK Community Lab

To manage your email subscriptions, visit: 
https://lab.dpdk.org/results/dashboard/preferences/subscriptions/

^ permalink raw reply	[flat|nested] 30+ messages in thread

* |SUCCESS| pw155447-155454 [PATCH] [v9,8/8] lib/pmu: fix out-of-bound
       [not found] <20250723044118.2962318-9-tduszynski@marvell.com>
                   ` (7 preceding siblings ...)
  2025-07-23  6:54 ` |SUCCESS| " dpdklab
@ 2025-07-23  6:57 ` dpdklab
  2025-07-23  7:06 ` dpdklab
                   ` (20 subsequent siblings)
  29 siblings, 0 replies; 30+ messages in thread
From: dpdklab @ 2025-07-23  6:57 UTC (permalink / raw)
  To: Test Report; +Cc: dpdk-test-reports

Test-Label: iol-compile-amd64-testing
Test-Status: SUCCESS
http://dpdk.org/patch/155454

_Testing PASS_

Submitter: Tomasz Duszynski <tduszynski@marvell.com>
Date: Wednesday, July 23 2025 04:41:18 
DPDK git baseline: Repo:dpdk
  Branch: master
  CommitID:b222395561638f89562e4ef42e1eabf2d6db43dd

155447-155454 --> testing pass

Upstream job id: Windows-Compile-DPDK-VS#6441

Test environment and result as below:

+---------------------+-------------------+--------------------+
|     Environment     | dpdk_msvc_compile | dpdk_meson_compile |
+=====================+===================+====================+
| Windows Server 2022 | PASS              | SKIPPED            |
+---------------------+-------------------+--------------------+
| FreeBSD 14.2        | SKIPPED           | PASS               |
+---------------------+-------------------+--------------------+
| Ubuntu 20.04        | SKIPPED           | PASS               |
+---------------------+-------------------+--------------------+


Windows Server 2022
	Kernel: 10.0.20348.2031
	Compiler: clang 15.0.7, gcc 14.1.0 (MinGW), and MSVC VS 19.39.33521

FreeBSD 14.2
	Kernel: 14.2-RELEASE
	Compiler: clang 18.1.6

Ubuntu 20.04
	Kernel: 4.19
	Compiler: gcc gcc (Ubuntu 9.4.0-1ubuntu1~20.04.2) 9.4.0

To view detailed results, visit:
https://lab.dpdk.org/results/dashboard/patchsets/33732/

UNH-IOL DPDK Community Lab

To manage your email subscriptions, visit: 
https://lab.dpdk.org/results/dashboard/preferences/subscriptions/

^ permalink raw reply	[flat|nested] 30+ messages in thread

* |SUCCESS| pw155447-155454 [PATCH] [v9,8/8] lib/pmu: fix out-of-bound
       [not found] <20250723044118.2962318-9-tduszynski@marvell.com>
                   ` (9 preceding siblings ...)
  2025-07-23  7:06 ` dpdklab
@ 2025-07-23  7:06 ` dpdklab
  2025-07-23  7:08 ` dpdklab
                   ` (18 subsequent siblings)
  29 siblings, 0 replies; 30+ messages in thread
From: dpdklab @ 2025-07-23  7:06 UTC (permalink / raw)
  To: Test Report; +Cc: dpdk-test-reports

Test-Label: iol-intel-Performance
Test-Status: SUCCESS
http://dpdk.org/patch/155454

_Performance Testing PASS_

Submitter: Tomasz Duszynski <tduszynski@marvell.com>
Date: Wednesday, July 23 2025 04:41:18 
DPDK git baseline: Repo:dpdk
  Branch: master
  CommitID:b222395561638f89562e4ef42e1eabf2d6db43dd

155447-155454 --> performance testing pass

Upstream job id: Template-DTS-Pipeline#237840

Test environment and result as below:

Ubuntu 22.04
Kernel: 5.15
Compiler: gcc gcc (Ubuntu 11.4.0-1ubuntu1~22.04) 11.4.0
NIC: Intel E810 100000 Mbps
Fail/Total: 0/2

Detail performance results: 
+------------+---------+----------+-------------+------------------------------+
| frame_size | txd/rxd | num_cpus | num_threads |  throughput difference from  |
|            |         |          |             |           expected           |
+============+=========+==========+=============+==============================+
| 64         | 512     | 1        | 1           | 0.3%                         |
+------------+---------+----------+-------------+------------------------------+
| 64         | 2048    | 1        | 1           | -0.0%                        |
+------------+---------+----------+-------------+------------------------------+

Ubuntu 20.04
Kernel: 5.4
Compiler: gcc gcc (Ubuntu 9.4.0-1ubuntu1~20.04.1) 9.4.0
NIC: Intel Corporation Ethernet Converged Network Adapter XL710-QDA2 40000 Mbps
Fail/Total: 0/4

Detail performance results: 
+----------+-------------+---------+------------+------------------------------+
| num_cpus | num_threads | txd/rxd | frame_size |  throughput difference from  |
|          |             |         |            |           expected           |
+==========+=============+=========+============+==============================+
| 1        | 2           | 512     | 64         | 0.0%                         |
+----------+-------------+---------+------------+------------------------------+
| 1        | 2           | 2048    | 64         | 2.0%                         |
+----------+-------------+---------+------------+------------------------------+
| 1        | 1           | 512     | 64         | 2.1%                         |
+----------+-------------+---------+------------+------------------------------+
| 1        | 1           | 2048    | 64         | 1.3%                         |
+----------+-------------+---------+------------+------------------------------+

Ubuntu 24.04
Kernel: 6.8
Compiler: gcc gcc (Ubuntu 13.3.0-6ubuntu2~24.04) 13.3.0
NIC: Intel E810 (Arm Grace Server) 100000 Mbps
Fail/Total: 0/2

Detail performance results: 
+------------+---------+----------+-------------+------------------------------+
| frame_size | txd/rxd | num_cpus | num_threads |  throughput difference from  |
|            |         |          |             |           expected           |
+============+=========+==========+=============+==============================+
| 64         | 512     | 1        | 1           | 0.2%                         |
+------------+---------+----------+-------------+------------------------------+
| 64         | 2048    | 1        | 1           | 0.0%                         |
+------------+---------+----------+-------------+------------------------------+

To view detailed results, visit:
https://lab.dpdk.org/results/dashboard/patchsets/33732/

UNH-IOL DPDK Community Lab

To manage your email subscriptions, visit: 
https://lab.dpdk.org/results/dashboard/preferences/subscriptions/

^ permalink raw reply	[flat|nested] 30+ messages in thread

* |SUCCESS| pw155447-155454 [PATCH] [v9,8/8] lib/pmu: fix out-of-bound
       [not found] <20250723044118.2962318-9-tduszynski@marvell.com>
                   ` (8 preceding siblings ...)
  2025-07-23  6:57 ` dpdklab
@ 2025-07-23  7:06 ` dpdklab
  2025-07-23  7:06 ` dpdklab
                   ` (19 subsequent siblings)
  29 siblings, 0 replies; 30+ messages in thread
From: dpdklab @ 2025-07-23  7:06 UTC (permalink / raw)
  To: Test Report; +Cc: dpdk-test-reports

Test-Label: iol-intel-Functional
Test-Status: SUCCESS
http://dpdk.org/patch/155454

_Functional Testing PASS_

Submitter: Tomasz Duszynski <tduszynski@marvell.com>
Date: Wednesday, July 23 2025 04:41:18 
DPDK git baseline: Repo:dpdk
  Branch: master
  CommitID:b222395561638f89562e4ef42e1eabf2d6db43dd

155447-155454 --> functional testing pass

Upstream job id: Template-DTS-Pipeline#237844

Test environment and result as below:

Ubuntu 24.04
Kernel: 6.8
Compiler: gcc gcc (Ubuntu 13.3.0-6ubuntu2~24.04) 13.3.0
NIC: Intel Corporation 4xxx Series QAT 0 Mbps

Aggregate Results by Test Suite
+----------------------------+--------+
|         Test Suite         | Result |
+============================+========+
| crypto_perf_cryptodev_perf |  PASS  |
+----------------------------+--------+


Ubuntu 20.04
Kernel: 5.4
Compiler: gcc gcc (Ubuntu 9.4.0-1ubuntu1~20.04.1) 9.4.0
NIC: Intel Corporation Ethernet Converged Network Adapter XL710-QDA2 40000 Mbps

Aggregate Results by Test Suite
+-----------------------------+--------+
|         Test Suite          | Result |
+=============================+========+
| unit_tests_mbuf             |  PASS  |
+-----------------------------+--------+
| vhost_virtio_user_interrupt |  PASS  |
+-----------------------------+--------+
| virtio_smoke                |  PASS  |
+-----------------------------+--------+


To view detailed results, visit:
https://lab.dpdk.org/results/dashboard/patchsets/33732/

UNH-IOL DPDK Community Lab

To manage your email subscriptions, visit: 
https://lab.dpdk.org/results/dashboard/preferences/subscriptions/

^ permalink raw reply	[flat|nested] 30+ messages in thread

* |SUCCESS| pw155447-155454 [PATCH] [v9,8/8] lib/pmu: fix out-of-bound
       [not found] <20250723044118.2962318-9-tduszynski@marvell.com>
                   ` (10 preceding siblings ...)
  2025-07-23  7:06 ` dpdklab
@ 2025-07-23  7:08 ` dpdklab
  2025-07-23  7:22 ` dpdklab
                   ` (17 subsequent siblings)
  29 siblings, 0 replies; 30+ messages in thread
From: dpdklab @ 2025-07-23  7:08 UTC (permalink / raw)
  To: Test Report; +Cc: dpdk-test-reports

Test-Label: iol-compile-amd64-testing
Test-Status: SUCCESS
http://dpdk.org/patch/155454

_Testing PASS_

Submitter: Tomasz Duszynski <tduszynski@marvell.com>
Date: Wednesday, July 23 2025 04:41:18 
DPDK git baseline: Repo:dpdk
  Branch: master
  CommitID:b222395561638f89562e4ef42e1eabf2d6db43dd

155447-155454 --> testing pass

Upstream job id: Windows-Compile-DPDK-Native#29966

Test environment and result as below:

+---------------------+-------------------+--------------------+-------------------------+
|     Environment     | dpdk_msvc_compile | dpdk_meson_compile | dpdk_llvm_clang_compile |
+=====================+===================+====================+=========================+
| Windows Server 2022 | PASS              | SKIPPED            | PASS                    |
+---------------------+-------------------+--------------------+-------------------------+
| FreeBSD 14.2        | SKIPPED           | PASS               | SKIPPED                 |
+---------------------+-------------------+--------------------+-------------------------+
| Ubuntu 20.04        | SKIPPED           | PASS               | SKIPPED                 |
+---------------------+-------------------+--------------------+-------------------------+


Windows Server 2022
	Kernel: 10.0.20348.2031
	Compiler: clang 15.0.7, gcc 14.1.0 (MinGW), and MSVC VS 19.39.33521

FreeBSD 14.2
	Kernel: 14.2-RELEASE
	Compiler: clang 18.1.6

Ubuntu 20.04
	Kernel: 4.19
	Compiler: gcc gcc (Ubuntu 9.4.0-1ubuntu1~20.04.2) 9.4.0

To view detailed results, visit:
https://lab.dpdk.org/results/dashboard/patchsets/33732/

UNH-IOL DPDK Community Lab

To manage your email subscriptions, visit: 
https://lab.dpdk.org/results/dashboard/preferences/subscriptions/

^ permalink raw reply	[flat|nested] 30+ messages in thread

* |SUCCESS| pw155447-155454 [PATCH] [v9,8/8] lib/pmu: fix out-of-bound
       [not found] <20250723044118.2962318-9-tduszynski@marvell.com>
                   ` (11 preceding siblings ...)
  2025-07-23  7:08 ` dpdklab
@ 2025-07-23  7:22 ` dpdklab
  2025-07-23  7:36 ` |PENDING| " dpdklab
                   ` (16 subsequent siblings)
  29 siblings, 0 replies; 30+ messages in thread
From: dpdklab @ 2025-07-23  7:22 UTC (permalink / raw)
  To: Test Report; +Cc: dpdk-test-reports

Test-Label: iol-compile-amd64-testing
Test-Status: SUCCESS
http://dpdk.org/patch/155454

_Testing PASS_

Submitter: Tomasz Duszynski <tduszynski@marvell.com>
Date: Wednesday, July 23 2025 04:41:18 
DPDK git baseline: Repo:dpdk
  Branch: master
  CommitID:b222395561638f89562e4ef42e1eabf2d6db43dd

155447-155454 --> testing pass

Upstream job id: Windows-Compile-DPDK-Native#29967

Test environment and result as below:

+---------------------+-------------------+--------------------+-------------------------+----------------------+
|     Environment     | dpdk_msvc_compile | dpdk_meson_compile | dpdk_llvm_clang_compile | dpdk_mingw64_compile |
+=====================+===================+====================+=========================+======================+
| Windows Server 2022 | PASS              | SKIPPED            | PASS                    | PASS                 |
+---------------------+-------------------+--------------------+-------------------------+----------------------+
| FreeBSD 14.2        | SKIPPED           | PASS               | SKIPPED                 | SKIPPED              |
+---------------------+-------------------+--------------------+-------------------------+----------------------+
| Ubuntu 20.04        | SKIPPED           | PASS               | SKIPPED                 | SKIPPED              |
+---------------------+-------------------+--------------------+-------------------------+----------------------+


Windows Server 2022
	Kernel: 10.0.20348.2031
	Compiler: clang 15.0.7, gcc 14.1.0 (MinGW), and MSVC VS 19.39.33521

FreeBSD 14.2
	Kernel: 14.2-RELEASE
	Compiler: clang 18.1.6

Ubuntu 20.04
	Kernel: 4.19
	Compiler: gcc gcc (Ubuntu 9.4.0-1ubuntu1~20.04.2) 9.4.0

To view detailed results, visit:
https://lab.dpdk.org/results/dashboard/patchsets/33732/

UNH-IOL DPDK Community Lab

To manage your email subscriptions, visit: 
https://lab.dpdk.org/results/dashboard/preferences/subscriptions/

^ permalink raw reply	[flat|nested] 30+ messages in thread

* |PENDING| pw155447-155454 [PATCH] [v9,8/8] lib/pmu: fix out-of-bound
       [not found] <20250723044118.2962318-9-tduszynski@marvell.com>
                   ` (12 preceding siblings ...)
  2025-07-23  7:22 ` dpdklab
@ 2025-07-23  7:36 ` dpdklab
  2025-07-23  9:09 ` |SUCCESS| " dpdklab
                   ` (15 subsequent siblings)
  29 siblings, 0 replies; 30+ messages in thread
From: dpdklab @ 2025-07-23  7:36 UTC (permalink / raw)
  To: Test Report; +Cc: dpdk-test-reports

Test-Label: iol-unit-arm64-testing
Test-Status: PENDING
http://dpdk.org/patch/155454

_Testing pending_

Submitter: Tomasz Duszynski <tduszynski@marvell.com>
Date: Wednesday, July 23 2025 04:41:18 
DPDK git baseline: Repo:dpdk
  Branch: master
  CommitID:b222395561638f89562e4ef42e1eabf2d6db43dd

155447-155454 --> testing pending

Upstream job id: Aarch32-Unit-Test#7012

Test environment and result as below:

+------------------------------+--------------+------------------------------+---------------------------+----------------+
|         Environment          | lpm_autotest | cryptodev_sw_snow3g_autotest | cryptodev_sw_zuc_autotest | dpdk_unit_test |
+==============================+==============+==============================+===========================+================+
| Ubuntu 20.04                 | PEND         | SKIPPED                      | SKIPPED                   | PEND           |
+------------------------------+--------------+------------------------------+---------------------------+----------------+
| Debian 12 (arm)              | SKIPPED      | PEND                         | PEND                      | SKIPPED        |
+------------------------------+--------------+------------------------------+---------------------------+----------------+
| CentOS Stream 9              | SKIPPED      | SKIPPED                      | SKIPPED                   | PEND           |
+------------------------------+--------------+------------------------------+---------------------------+----------------+
| CentOS Stream 10             | SKIPPED      | SKIPPED                      | SKIPPED                   | PEND           |
+------------------------------+--------------+------------------------------+---------------------------+----------------+
| Debian GNU/Linux 12          | SKIPPED      | SKIPPED                      | SKIPPED                   | PEND           |
+------------------------------+--------------+------------------------------+---------------------------+----------------+
| Red Hat Enterprise Linux 9.5 | SKIPPED      | SKIPPED                      | SKIPPED                   | PEND           |
+------------------------------+--------------+------------------------------+---------------------------+----------------+
| Fedora Linux 41              | SKIPPED      | SKIPPED                      | SKIPPED                   | PEND           |
+------------------------------+--------------+------------------------------+---------------------------+----------------+
| Fedora Linux 40              | SKIPPED      | SKIPPED                      | SKIPPED                   | PEND           |
+------------------------------+--------------+------------------------------+---------------------------+----------------+
| Ubuntu 22.04                 | SKIPPED      | SKIPPED                      | SKIPPED                   | PASS           |
+------------------------------+--------------+------------------------------+---------------------------+----------------+
| Ubuntu 24.04                 | SKIPPED      | SKIPPED                      | SKIPPED                   | PEND           |
+------------------------------+--------------+------------------------------+---------------------------+----------------+


Ubuntu 20.04
	Kernel: 5.4
	Compiler: gcc gcc (Ubuntu 9.4.0-1ubuntu1~20.04.2) 9.4.0

Debian 12 (arm)
	Kernel: Depends on container host
	Compiler: gcc (Debian 12.2.0-14) 12.2.0

CentOS Stream 9
	Kernel: 5.4
	Compiler: gcc gcc (GCC) 11.5.0 20240719 (Red Hat 11.5.0-7)

CentOS Stream 10
	Kernel: 5.4
	Compiler: gcc gcc (GCC) 14.2.1 20250110 (Red Hat 14.2.1-8)

Debian GNU/Linux 12
	Kernel: 5.4
	Compiler: gcc gcc (Debian 12.2.0-14+deb12u1) 12.2.0

Red Hat Enterprise Linux 9.5
	Kernel: 5.4
	Compiler: gcc gcc (GCC) 11.5.0 20240719 (Red Hat 11.5.0-2)

Fedora Linux 41
	Kernel: 5.4
	Compiler: clang gcc (GCC) 14.3.1 20250523 (Red Hat 14.3.1-1)

Fedora Linux 40
	Kernel: 5.4
	Compiler: clang gcc (GCC) 14.2.1 20240912 (Red Hat 14.2.1-3)

Ubuntu 22.04
	Kernel: 5.4
	Compiler: gcc gcc (Ubuntu 11.4.0-1ubuntu1~22.04) 11.4.0

Ubuntu 24.04
	Kernel: 5.4
	Compiler: gcc gcc (Ubuntu 13.3.0-6ubuntu2~24.04) 13.3.0

To view detailed results, visit:
https://lab.dpdk.org/results/dashboard/patchsets/33732/

UNH-IOL DPDK Community Lab

To manage your email subscriptions, visit: 
https://lab.dpdk.org/results/dashboard/preferences/subscriptions/

^ permalink raw reply	[flat|nested] 30+ messages in thread

* |SUCCESS| pw155447-155454 [PATCH] [v9,8/8] lib/pmu: fix out-of-bound
       [not found] <20250723044118.2962318-9-tduszynski@marvell.com>
                   ` (13 preceding siblings ...)
  2025-07-23  7:36 ` |PENDING| " dpdklab
@ 2025-07-23  9:09 ` dpdklab
  2025-07-23  9:12 ` |PENDING| " dpdklab
                   ` (14 subsequent siblings)
  29 siblings, 0 replies; 30+ messages in thread
From: dpdklab @ 2025-07-23  9:09 UTC (permalink / raw)
  To: Test Report; +Cc: dpdk-test-reports

Test-Label: iol-broadcom-Performance
Test-Status: SUCCESS
http://dpdk.org/patch/155454

_Performance Testing PASS_

Submitter: Tomasz Duszynski <tduszynski@marvell.com>
Date: Wednesday, July 23 2025 04:41:18 
DPDK git baseline: Repo:dpdk
  Branch: master
  CommitID:b222395561638f89562e4ef42e1eabf2d6db43dd

155447-155454 --> performance testing pass

Upstream job id: Template-DTS-Pipeline#237842

Test environment and result as below:

Ubuntu 22.04
Kernel: 5.15
Compiler: gcc gcc (Ubuntu 11.4.0-1ubuntu1~22.04) 11.4.0
NIC: Arm Broadcom Inc. brcm_57414 25000 Mbps
Fail/Total: 0/2

Detail performance results: 
+------------+---------+----------+-------------+------------------------------+
| frame_size | txd/rxd | num_cpus | num_threads |  throughput difference from  |
|            |         |          |             |           expected           |
+============+=========+==========+=============+==============================+
| 64         | 512     | 1        | 1           | 0.2%                         |
+------------+---------+----------+-------------+------------------------------+
| 64         | 2048    | 1        | 1           | -0.0%                        |
+------------+---------+----------+-------------+------------------------------+

Ubuntu 22.04
Kernel: 5.15
Compiler: gcc gcc (Ubuntu 11.4.0-1ubuntu1~22.04) 11.4.0
NIC: Broadcom Inc. and subsidiaries BCM57414 NetXtreme-E 10Gb/25Gb RDMA Ethernet Controller 16d7 25 Mbps
Fail/Total: 0/3

Detail performance results: 
+------------+---------+----------+-------------+------------------------------+
| frame_size | txd/rxd | num_cpus | num_threads |  throughput difference from  |
|            |         |          |             |           expected           |
+============+=========+==========+=============+==============================+
| 64         | 128     | 1        | 1           | 0.3%                         |
+------------+---------+----------+-------------+------------------------------+
| 64         | 512     | 1        | 1           | -0.0%                        |
+------------+---------+----------+-------------+------------------------------+
| 64         | 2048    | 1        | 1           | 0.0%                         |
+------------+---------+----------+-------------+------------------------------+

To view detailed results, visit:
https://lab.dpdk.org/results/dashboard/patchsets/33732/

UNH-IOL DPDK Community Lab

To manage your email subscriptions, visit: 
https://lab.dpdk.org/results/dashboard/preferences/subscriptions/

^ permalink raw reply	[flat|nested] 30+ messages in thread

* |PENDING| pw155447-155454 [PATCH] [v9,8/8] lib/pmu: fix out-of-bound
       [not found] <20250723044118.2962318-9-tduszynski@marvell.com>
                   ` (14 preceding siblings ...)
  2025-07-23  9:09 ` |SUCCESS| " dpdklab
@ 2025-07-23  9:12 ` dpdklab
  2025-07-23  9:54 ` |SUCCESS| " dpdklab
                   ` (13 subsequent siblings)
  29 siblings, 0 replies; 30+ messages in thread
From: dpdklab @ 2025-07-23  9:12 UTC (permalink / raw)
  To: Test Report; +Cc: dpdk-test-reports

Test-Label: iol-unit-amd64-testing
Test-Status: PENDING
http://dpdk.org/patch/155454

_Testing pending_

Submitter: Tomasz Duszynski <tduszynski@marvell.com>
Date: Wednesday, July 23 2025 04:41:18 
DPDK git baseline: Repo:dpdk
  Branch: master
  CommitID:b222395561638f89562e4ef42e1eabf2d6db43dd

155447-155454 --> testing pending

Upstream job id: Generic-VM-Unit-Test-DPDK#30126

Test environment and result as below:

+-------------------------------+----------------+
|          Environment          | dpdk_unit_test |
+===============================+================+
| Fedora Linux 40               | PEND           |
+-------------------------------+----------------+
| CentOS Stream 9               | PEND           |
+-------------------------------+----------------+
| CentOS Stream 10              | PEND           |
+-------------------------------+----------------+
| Debian GNU/Linux 12           | PEND           |
+-------------------------------+----------------+
| Red Hat Enterprise Linux 8.10 | PEND           |
+-------------------------------+----------------+
| Red Hat Enterprise Linux 9.5  | PEND           |
+-------------------------------+----------------+
| Fedora Linux 41               | PEND           |
+-------------------------------+----------------+
| Ubuntu 20.04                  | PEND           |
+-------------------------------+----------------+
| Ubuntu 22.04                  | PEND           |
+-------------------------------+----------------+
| Ubuntu 24.04                  | PEND           |
+-------------------------------+----------------+
| Windows Server 2022           | PASS           |
+-------------------------------+----------------+


Fedora Linux 40
	Kernel: 5.15
	Compiler: gcc gcc (GCC) 14.2.1 20240912 (Red Hat 14.2.1-3)

CentOS Stream 9
	Kernel: 5.15
	Compiler: gcc gcc (GCC) 11.5.0 20240719 (Red Hat 11.5.0-7)

CentOS Stream 10
	Kernel: 5.15
	Compiler: gcc gcc (GCC) 14.2.1 20250110 (Red Hat 14.2.1-8)

Debian GNU/Linux 12
	Kernel: 5.15
	Compiler: gcc gcc (Debian 12.2.0-14+deb12u1) 12.2.0

Red Hat Enterprise Linux 8.10
	Kernel: 5.15
	Compiler: gcc gcc (GCC) 8.5.0 20210514 (Red Hat 8.5.0-22)

Red Hat Enterprise Linux 9.5
	Kernel: 5.15
	Compiler: gcc gcc (GCC) 11.5.0 20240719 (Red Hat 11.5.0-2)

Fedora Linux 41
	Kernel: 5.15
	Compiler: clang gcc (GCC) 14.3.1 20250523 (Red Hat 14.3.1-1)

Ubuntu 20.04
	Kernel: 5.15
	Compiler: gcc gcc (Ubuntu 9.4.0-1ubuntu1~20.04.2) 9.4.0

Ubuntu 22.04
	Kernel: 5.15
	Compiler: gcc gcc (Ubuntu 11.4.0-1ubuntu1~22.04) 11.4.0

Ubuntu 24.04
	Kernel: 5.15
	Compiler: gcc gcc (Ubuntu 13.3.0-6ubuntu2~24.04) 13.3.0

Windows Server 2022
	Kernel: 10.0.20348.2031
	Compiler: clang 15.0.7, gcc 14.1.0 (MinGW), and MSVC VS 19.39.33521

To view detailed results, visit:
https://lab.dpdk.org/results/dashboard/patchsets/33732/

UNH-IOL DPDK Community Lab

To manage your email subscriptions, visit: 
https://lab.dpdk.org/results/dashboard/preferences/subscriptions/

^ permalink raw reply	[flat|nested] 30+ messages in thread

* |SUCCESS| pw155447-155454 [PATCH] [v9,8/8] lib/pmu: fix out-of-bound
       [not found] <20250723044118.2962318-9-tduszynski@marvell.com>
                   ` (15 preceding siblings ...)
  2025-07-23  9:12 ` |PENDING| " dpdklab
@ 2025-07-23  9:54 ` dpdklab
  2025-07-23 10:57 ` dpdklab
                   ` (12 subsequent siblings)
  29 siblings, 0 replies; 30+ messages in thread
From: dpdklab @ 2025-07-23  9:54 UTC (permalink / raw)
  To: Test Report; +Cc: dpdk-test-reports

Test-Label: iol-intel-Functional
Test-Status: SUCCESS
http://dpdk.org/patch/155454

_Functional Testing PASS_

Submitter: Tomasz Duszynski <tduszynski@marvell.com>
Date: Wednesday, July 23 2025 04:41:18 
DPDK git baseline: Repo:dpdk
  Branch: master
  CommitID:b222395561638f89562e4ef42e1eabf2d6db43dd

155447-155454 --> functional testing pass

Upstream job id: Template-DTS-Pipeline#237846

Test environment and result as below:

Ubuntu 24.04
Kernel: 6.8
Compiler: gcc gcc (Ubuntu 13.3.0-6ubuntu2~24.04) 13.3.0
NIC: Intel Corporation 4xxx Series QAT 0 Mbps

Aggregate Results by Test Suite
+----------------------------+--------+
|         Test Suite         | Result |
+============================+========+
| crypto_perf_cryptodev_perf |  PASS  |
+----------------------------+--------+


Ubuntu 22.04
Kernel: 5.15
Compiler: gcc gcc (Ubuntu 11.4.0-1ubuntu1~22.04) 11.4.0
NIC: Intel Corporation QAT 8970 0 Mbps

Aggregate Results by Test Suite
+----------------------------+--------+
|         Test Suite         | Result |
+============================+========+
| crypto_perf_cryptodev_perf |  PASS  |
+----------------------------+--------+


Ubuntu 20.04
Kernel: 5.4
Compiler: gcc gcc (Ubuntu 9.4.0-1ubuntu1~20.04.1) 9.4.0
NIC: Intel Corporation Ethernet Converged Network Adapter XL710-QDA2 40000 Mbps

Aggregate Results by Test Suite
+-----------------------------+--------+
|         Test Suite          | Result |
+=============================+========+
| unit_tests_mbuf             |  PASS  |
+-----------------------------+--------+
| vhost_virtio_user_interrupt |  PASS  |
+-----------------------------+--------+
| virtio_smoke                |  PASS  |
+-----------------------------+--------+


To view detailed results, visit:
https://lab.dpdk.org/results/dashboard/patchsets/33732/

UNH-IOL DPDK Community Lab

To manage your email subscriptions, visit: 
https://lab.dpdk.org/results/dashboard/preferences/subscriptions/

^ permalink raw reply	[flat|nested] 30+ messages in thread

* |SUCCESS| pw155447-155454 [PATCH] [v9,8/8] lib/pmu: fix out-of-bound
       [not found] <20250723044118.2962318-9-tduszynski@marvell.com>
                   ` (16 preceding siblings ...)
  2025-07-23  9:54 ` |SUCCESS| " dpdklab
@ 2025-07-23 10:57 ` dpdklab
  2025-07-23 11:19 ` |PENDING| " dpdklab
                   ` (11 subsequent siblings)
  29 siblings, 0 replies; 30+ messages in thread
From: dpdklab @ 2025-07-23 10:57 UTC (permalink / raw)
  To: Test Report; +Cc: dpdk-test-reports

Test-Label: iol-unit-amd64-testing
Test-Status: SUCCESS
http://dpdk.org/patch/155454

_Testing PASS_

Submitter: Tomasz Duszynski <tduszynski@marvell.com>
Date: Wednesday, July 23 2025 04:41:18 
DPDK git baseline: Repo:dpdk
  Branch: master
  CommitID:b222395561638f89562e4ef42e1eabf2d6db43dd

155447-155454 --> testing pass

Upstream job id: Generic-Unit-Test-DPDK#357657

Test environment and result as below:

+-------------------------------+----------------+
|          Environment          | dpdk_unit_test |
+===============================+================+
| Fedora Linux 40               | PASS           |
+-------------------------------+----------------+
| CentOS Stream 9               | PASS           |
+-------------------------------+----------------+
| CentOS Stream 10              | PASS           |
+-------------------------------+----------------+
| Debian GNU/Linux 12           | PASS           |
+-------------------------------+----------------+
| Red Hat Enterprise Linux 8.10 | PASS           |
+-------------------------------+----------------+
| Red Hat Enterprise Linux 9.5  | PASS           |
+-------------------------------+----------------+
| Fedora Linux 41               | PASS           |
+-------------------------------+----------------+
| Ubuntu 20.04                  | PASS           |
+-------------------------------+----------------+
| Ubuntu 22.04                  | PASS           |
+-------------------------------+----------------+
| Ubuntu 24.04                  | PASS           |
+-------------------------------+----------------+
| Windows Server 2022           | PASS           |
+-------------------------------+----------------+


Fedora Linux 40
	Kernel: 5.15
	Compiler: gcc gcc (GCC) 14.2.1 20240912 (Red Hat 14.2.1-3)

CentOS Stream 9
	Kernel: 5.15
	Compiler: gcc gcc (GCC) 11.5.0 20240719 (Red Hat 11.5.0-7)

CentOS Stream 10
	Kernel: 5.15
	Compiler: gcc gcc (GCC) 14.2.1 20250110 (Red Hat 14.2.1-8)

Debian GNU/Linux 12
	Kernel: 5.15
	Compiler: gcc gcc (Debian 12.2.0-14+deb12u1) 12.2.0

Red Hat Enterprise Linux 8.10
	Kernel: 5.15
	Compiler: gcc gcc (GCC) 8.5.0 20210514 (Red Hat 8.5.0-22)

Red Hat Enterprise Linux 9.5
	Kernel: 5.15
	Compiler: gcc gcc (GCC) 11.5.0 20240719 (Red Hat 11.5.0-2)

Fedora Linux 41
	Kernel: 5.15
	Compiler: clang gcc (GCC) 14.3.1 20250523 (Red Hat 14.3.1-1)

Ubuntu 20.04
	Kernel: 5.15
	Compiler: gcc gcc (Ubuntu 9.4.0-1ubuntu1~20.04.2) 9.4.0

Ubuntu 22.04
	Kernel: 5.15
	Compiler: gcc gcc (Ubuntu 11.4.0-1ubuntu1~22.04) 11.4.0

Ubuntu 24.04
	Kernel: 5.15
	Compiler: gcc gcc (Ubuntu 13.3.0-6ubuntu2~24.04) 13.3.0

Windows Server 2022
	Kernel: 10.0.20348.2031
	Compiler: clang 15.0.7, gcc 14.1.0 (MinGW), and MSVC VS 19.39.33521

To view detailed results, visit:
https://lab.dpdk.org/results/dashboard/patchsets/33732/

UNH-IOL DPDK Community Lab

To manage your email subscriptions, visit: 
https://lab.dpdk.org/results/dashboard/preferences/subscriptions/

^ permalink raw reply	[flat|nested] 30+ messages in thread

* |PENDING| pw155447-155454 [PATCH] [v9,8/8] lib/pmu: fix out-of-bound
       [not found] <20250723044118.2962318-9-tduszynski@marvell.com>
                   ` (17 preceding siblings ...)
  2025-07-23 10:57 ` dpdklab
@ 2025-07-23 11:19 ` dpdklab
  2025-07-23 12:42 ` |SUCCESS| " dpdklab
                   ` (10 subsequent siblings)
  29 siblings, 0 replies; 30+ messages in thread
From: dpdklab @ 2025-07-23 11:19 UTC (permalink / raw)
  To: Test Report; +Cc: dpdk-test-reports

Test-Label: iol-compile-arm64-testing
Test-Status: PENDING
http://dpdk.org/patch/155454

_Testing pending_

Submitter: Tomasz Duszynski <tduszynski@marvell.com>
Date: Wednesday, July 23 2025 04:41:18 
DPDK git baseline: Repo:dpdk
  Branch: master
  CommitID:b222395561638f89562e4ef42e1eabf2d6db43dd

155447-155454 --> testing pending

Upstream job id: Generic-DPDK-Compile-Meson#411464

Test environment and result as below:

+------------------------------+--------------------+
|         Environment          | dpdk_meson_compile |
+==============================+====================+
| Red Hat Enterprise Linux 9.5 | PEND               |
+------------------------------+--------------------+
| Ubuntu 20.04                 | PEND               |
+------------------------------+--------------------+
| Debian GNU/Linux 12          | PEND               |
+------------------------------+--------------------+
| Fedora Linux 40              | PEND               |
+------------------------------+--------------------+
| Fedora Linux 41              | PEND               |
+------------------------------+--------------------+
| Ubuntu 22.04                 | PEND               |
+------------------------------+--------------------+


Red Hat Enterprise Linux 9.5
	Kernel: 5.4
	Compiler: gcc gcc (GCC) 11.5.0 20240719 (Red Hat 11.5.0-2)

Ubuntu 20.04
	Kernel: 5.15
	Compiler: aarch64-linux-gnu-gcc gcc (Ubuntu 9.4.0-1ubuntu1~20.04.2) 9.4.0

Debian GNU/Linux 12
	Kernel: 5.4
	Compiler: gcc gcc (Debian 12.2.0-14+deb12u1) 12.2.0

Fedora Linux 40
	Kernel: 5.4
	Compiler: gcc gcc (GCC) 14.2.1 20240912 (Red Hat 14.2.1-3)

Fedora Linux 41
	Kernel: 5.4
	Compiler: gcc gcc (GCC) 14.3.1 20250523 (Red Hat 14.3.1-1)

Ubuntu 22.04
	Kernel: 5.4
	Compiler: gcc gcc (Ubuntu 11.4.0-1ubuntu1~22.04) 11.4.0

To view detailed results, visit:
https://lab.dpdk.org/results/dashboard/patchsets/33732/

UNH-IOL DPDK Community Lab

To manage your email subscriptions, visit: 
https://lab.dpdk.org/results/dashboard/preferences/subscriptions/

^ permalink raw reply	[flat|nested] 30+ messages in thread

* |SUCCESS| pw155447-155454 [PATCH] [v9,8/8] lib/pmu: fix out-of-bound
       [not found] <20250723044118.2962318-9-tduszynski@marvell.com>
                   ` (18 preceding siblings ...)
  2025-07-23 11:19 ` |PENDING| " dpdklab
@ 2025-07-23 12:42 ` dpdklab
  2025-07-23 12:43 ` dpdklab
                   ` (9 subsequent siblings)
  29 siblings, 0 replies; 30+ messages in thread
From: dpdklab @ 2025-07-23 12:42 UTC (permalink / raw)
  To: Test Report; +Cc: dpdk-test-reports

Test-Label: iol-abi-testing
Test-Status: SUCCESS
http://dpdk.org/patch/155454

_Testing PASS_

Submitter: Tomasz Duszynski <tduszynski@marvell.com>
Date: Wednesday, July 23 2025 04:41:18 
DPDK git baseline: Repo:dpdk
  Branch: master
  CommitID:b222395561638f89562e4ef42e1eabf2d6db43dd

155447-155454 --> testing pass

Upstream job id: Generic-DPDK-Compile-ABI#135448

Test environment and result as below:

+-------------------------------+----------+
|          Environment          | abi_test |
+===============================+==========+
| CentOS Stream 9               | PASS     |
+-------------------------------+----------+
| CentOS Stream 10              | PASS     |
+-------------------------------+----------+
| Debian GNU/Linux 12           | PASS     |
+-------------------------------+----------+
| Fedora Linux 40               | PASS     |
+-------------------------------+----------+
| Fedora Linux 41               | PASS     |
+-------------------------------+----------+
| Red Hat Enterprise Linux 8.10 | PASS     |
+-------------------------------+----------+
| Ubuntu 22.04                  | PASS     |
+-------------------------------+----------+
| Red Hat Enterprise Linux 9.5  | PASS     |
+-------------------------------+----------+
| Ubuntu 24.04                  | PASS     |
+-------------------------------+----------+
| openSUSE Leap 15.6            | PASS     |
+-------------------------------+----------+


CentOS Stream 9
	Kernel: 5.15
	Compiler: gcc gcc (GCC) 11.5.0 20240719 (Red Hat 11.5.0-7)

CentOS Stream 10
	Kernel: 5.15
	Compiler: gcc gcc (GCC) 14.2.1 20250110 (Red Hat 14.2.1-8)

Debian GNU/Linux 12
	Kernel: 5.15
	Compiler: gcc gcc (Debian 12.2.0-14+deb12u1) 12.2.0

Fedora Linux 40
	Kernel: 5.15
	Compiler: clang gcc (GCC) 14.2.1 20240912 (Red Hat 14.2.1-3)

Fedora Linux 41
	Kernel: 5.15
	Compiler: clang gcc (GCC) 14.3.1 20250523 (Red Hat 14.3.1-1)

Red Hat Enterprise Linux 8.10
	Kernel: 5.15
	Compiler: gcc gcc (GCC) 8.5.0 20210514 (Red Hat 8.5.0-22)

Ubuntu 22.04
	Kernel: 5.15
	Compiler: gcc gcc (Ubuntu 11.4.0-1ubuntu1~22.04) 11.4.0

Red Hat Enterprise Linux 9.5
	Kernel: 5.15
	Compiler: gcc gcc (GCC) 11.5.0 20240719 (Red Hat 11.5.0-2)

Ubuntu 24.04
	Kernel: 5.15
	Compiler: gcc gcc (Ubuntu 13.3.0-6ubuntu2~24.04) 13.3.0

openSUSE Leap 15.6
	Kernel: 5.15
	Compiler: gcc gcc (SUSE Linux) 7.5.0

To view detailed results, visit:
https://lab.dpdk.org/results/dashboard/patchsets/33732/

UNH-IOL DPDK Community Lab

To manage your email subscriptions, visit: 
https://lab.dpdk.org/results/dashboard/preferences/subscriptions/

^ permalink raw reply	[flat|nested] 30+ messages in thread

* |SUCCESS| pw155447-155454 [PATCH] [v9,8/8] lib/pmu: fix out-of-bound
       [not found] <20250723044118.2962318-9-tduszynski@marvell.com>
                   ` (19 preceding siblings ...)
  2025-07-23 12:42 ` |SUCCESS| " dpdklab
@ 2025-07-23 12:43 ` dpdklab
  2025-07-23 12:44 ` dpdklab
                   ` (8 subsequent siblings)
  29 siblings, 0 replies; 30+ messages in thread
From: dpdklab @ 2025-07-23 12:43 UTC (permalink / raw)
  To: Test Report; +Cc: dpdk-test-reports

Test-Label: iol-abi-testing
Test-Status: SUCCESS
http://dpdk.org/patch/155454

_Testing PASS_

Submitter: Tomasz Duszynski <tduszynski@marvell.com>
Date: Wednesday, July 23 2025 04:41:18 
DPDK git baseline: Repo:dpdk
  Branch: master
  CommitID:b222395561638f89562e4ef42e1eabf2d6db43dd

155447-155454 --> testing pass

Upstream job id: Generic-DPDK-Compile-ABI#135446

Test environment and result as below:

+-------------------------------+----------+
|          Environment          | abi_test |
+===============================+==========+
| CentOS Stream 9               | PASS     |
+-------------------------------+----------+
| CentOS Stream 10              | PASS     |
+-------------------------------+----------+
| Debian GNU/Linux 12           | PASS     |
+-------------------------------+----------+
| Fedora Linux 40               | PASS     |
+-------------------------------+----------+
| Fedora Linux 41               | PASS     |
+-------------------------------+----------+
| Red Hat Enterprise Linux 8.10 | PASS     |
+-------------------------------+----------+
| Ubuntu 22.04                  | PASS     |
+-------------------------------+----------+
| Red Hat Enterprise Linux 9.5  | PASS     |
+-------------------------------+----------+
| Ubuntu 24.04                  | PASS     |
+-------------------------------+----------+
| openSUSE Leap 15.6            | PASS     |
+-------------------------------+----------+


CentOS Stream 9
	Kernel: 5.15
	Compiler: gcc gcc (GCC) 11.5.0 20240719 (Red Hat 11.5.0-7)

CentOS Stream 10
	Kernel: 5.15
	Compiler: gcc gcc (GCC) 14.2.1 20250110 (Red Hat 14.2.1-8)

Debian GNU/Linux 12
	Kernel: 5.15
	Compiler: gcc gcc (Debian 12.2.0-14+deb12u1) 12.2.0

Fedora Linux 40
	Kernel: 5.15
	Compiler: clang gcc (GCC) 14.2.1 20240912 (Red Hat 14.2.1-3)

Fedora Linux 41
	Kernel: 5.15
	Compiler: clang gcc (GCC) 14.3.1 20250523 (Red Hat 14.3.1-1)

Red Hat Enterprise Linux 8.10
	Kernel: 5.15
	Compiler: gcc gcc (GCC) 8.5.0 20210514 (Red Hat 8.5.0-22)

Ubuntu 22.04
	Kernel: 5.15
	Compiler: gcc gcc (Ubuntu 11.4.0-1ubuntu1~22.04) 11.4.0

Red Hat Enterprise Linux 9.5
	Kernel: 5.15
	Compiler: gcc gcc (GCC) 11.5.0 20240719 (Red Hat 11.5.0-2)

Ubuntu 24.04
	Kernel: 5.15
	Compiler: gcc gcc (Ubuntu 13.3.0-6ubuntu2~24.04) 13.3.0

openSUSE Leap 15.6
	Kernel: 5.15
	Compiler: gcc gcc (SUSE Linux) 7.5.0

To view detailed results, visit:
https://lab.dpdk.org/results/dashboard/patchsets/33732/

UNH-IOL DPDK Community Lab

To manage your email subscriptions, visit: 
https://lab.dpdk.org/results/dashboard/preferences/subscriptions/

^ permalink raw reply	[flat|nested] 30+ messages in thread

* |SUCCESS| pw155447-155454 [PATCH] [v9,8/8] lib/pmu: fix out-of-bound
       [not found] <20250723044118.2962318-9-tduszynski@marvell.com>
                   ` (20 preceding siblings ...)
  2025-07-23 12:43 ` dpdklab
@ 2025-07-23 12:44 ` dpdklab
  2025-07-23 12:45 ` dpdklab
                   ` (7 subsequent siblings)
  29 siblings, 0 replies; 30+ messages in thread
From: dpdklab @ 2025-07-23 12:44 UTC (permalink / raw)
  To: Test Report; +Cc: dpdk-test-reports

Test-Label: iol-abi-testing
Test-Status: SUCCESS
http://dpdk.org/patch/155454

_Testing PASS_

Submitter: Tomasz Duszynski <tduszynski@marvell.com>
Date: Wednesday, July 23 2025 04:41:18 
DPDK git baseline: Repo:dpdk
  Branch: master
  CommitID:b222395561638f89562e4ef42e1eabf2d6db43dd

155447-155454 --> testing pass

Upstream job id: Generic-DPDK-Compile-ABI#135447

Test environment and result as below:

+-------------------------------+----------+
|          Environment          | abi_test |
+===============================+==========+
| CentOS Stream 9               | PASS     |
+-------------------------------+----------+
| CentOS Stream 10              | PASS     |
+-------------------------------+----------+
| Debian GNU/Linux 12           | PASS     |
+-------------------------------+----------+
| Fedora Linux 40               | PASS     |
+-------------------------------+----------+
| Fedora Linux 41               | PASS     |
+-------------------------------+----------+
| Red Hat Enterprise Linux 8.10 | PASS     |
+-------------------------------+----------+
| Ubuntu 22.04                  | PASS     |
+-------------------------------+----------+
| Red Hat Enterprise Linux 9.5  | PASS     |
+-------------------------------+----------+
| Ubuntu 24.04                  | PASS     |
+-------------------------------+----------+
| openSUSE Leap 15.6            | PASS     |
+-------------------------------+----------+


CentOS Stream 9
	Kernel: 5.15
	Compiler: gcc gcc (GCC) 11.5.0 20240719 (Red Hat 11.5.0-7)

CentOS Stream 10
	Kernel: 5.15
	Compiler: gcc gcc (GCC) 14.2.1 20250110 (Red Hat 14.2.1-8)

Debian GNU/Linux 12
	Kernel: 5.15
	Compiler: gcc gcc (Debian 12.2.0-14+deb12u1) 12.2.0

Fedora Linux 40
	Kernel: 5.15
	Compiler: clang gcc (GCC) 14.2.1 20240912 (Red Hat 14.2.1-3)

Fedora Linux 41
	Kernel: 5.15
	Compiler: clang gcc (GCC) 14.3.1 20250523 (Red Hat 14.3.1-1)

Red Hat Enterprise Linux 8.10
	Kernel: 5.15
	Compiler: gcc gcc (GCC) 8.5.0 20210514 (Red Hat 8.5.0-22)

Ubuntu 22.04
	Kernel: 5.15
	Compiler: gcc gcc (Ubuntu 11.4.0-1ubuntu1~22.04) 11.4.0

Red Hat Enterprise Linux 9.5
	Kernel: 5.15
	Compiler: gcc gcc (GCC) 11.5.0 20240719 (Red Hat 11.5.0-2)

Ubuntu 24.04
	Kernel: 5.15
	Compiler: gcc gcc (Ubuntu 13.3.0-6ubuntu2~24.04) 13.3.0

openSUSE Leap 15.6
	Kernel: 5.15
	Compiler: gcc gcc (SUSE Linux) 7.5.0

To view detailed results, visit:
https://lab.dpdk.org/results/dashboard/patchsets/33732/

UNH-IOL DPDK Community Lab

To manage your email subscriptions, visit: 
https://lab.dpdk.org/results/dashboard/preferences/subscriptions/

^ permalink raw reply	[flat|nested] 30+ messages in thread

* |SUCCESS| pw155447-155454 [PATCH] [v9,8/8] lib/pmu: fix out-of-bound
       [not found] <20250723044118.2962318-9-tduszynski@marvell.com>
                   ` (21 preceding siblings ...)
  2025-07-23 12:44 ` dpdklab
@ 2025-07-23 12:45 ` dpdklab
  2025-07-23 15:07 ` |WARNING| " dpdklab
                   ` (6 subsequent siblings)
  29 siblings, 0 replies; 30+ messages in thread
From: dpdklab @ 2025-07-23 12:45 UTC (permalink / raw)
  To: Test Report; +Cc: dpdk-test-reports

Test-Label: iol-abi-testing
Test-Status: SUCCESS
http://dpdk.org/patch/155454

_Testing PASS_

Submitter: Tomasz Duszynski <tduszynski@marvell.com>
Date: Wednesday, July 23 2025 04:41:18 
DPDK git baseline: Repo:dpdk
  Branch: master
  CommitID:b222395561638f89562e4ef42e1eabf2d6db43dd

155447-155454 --> testing pass

Upstream job id: Generic-DPDK-Compile-ABI#135445

Test environment and result as below:

+-------------------------------+----------+
|          Environment          | abi_test |
+===============================+==========+
| CentOS Stream 9               | PASS     |
+-------------------------------+----------+
| CentOS Stream 10              | PASS     |
+-------------------------------+----------+
| Debian GNU/Linux 12           | PASS     |
+-------------------------------+----------+
| Fedora Linux 40               | PASS     |
+-------------------------------+----------+
| Fedora Linux 41               | PASS     |
+-------------------------------+----------+
| Red Hat Enterprise Linux 8.10 | PASS     |
+-------------------------------+----------+
| Ubuntu 22.04                  | PASS     |
+-------------------------------+----------+
| Red Hat Enterprise Linux 9.5  | PASS     |
+-------------------------------+----------+
| Ubuntu 24.04                  | PASS     |
+-------------------------------+----------+
| openSUSE Leap 15.6            | PASS     |
+-------------------------------+----------+


CentOS Stream 9
	Kernel: 5.15
	Compiler: gcc gcc (GCC) 11.5.0 20240719 (Red Hat 11.5.0-7)

CentOS Stream 10
	Kernel: 5.15
	Compiler: gcc gcc (GCC) 14.2.1 20250110 (Red Hat 14.2.1-8)

Debian GNU/Linux 12
	Kernel: 5.15
	Compiler: gcc gcc (Debian 12.2.0-14+deb12u1) 12.2.0

Fedora Linux 40
	Kernel: 5.15
	Compiler: clang gcc (GCC) 14.2.1 20240912 (Red Hat 14.2.1-3)

Fedora Linux 41
	Kernel: 5.15
	Compiler: clang gcc (GCC) 14.3.1 20250523 (Red Hat 14.3.1-1)

Red Hat Enterprise Linux 8.10
	Kernel: 5.15
	Compiler: gcc gcc (GCC) 8.5.0 20210514 (Red Hat 8.5.0-22)

Ubuntu 22.04
	Kernel: 5.15
	Compiler: gcc gcc (Ubuntu 11.4.0-1ubuntu1~22.04) 11.4.0

Red Hat Enterprise Linux 9.5
	Kernel: 5.15
	Compiler: gcc gcc (GCC) 11.5.0 20240719 (Red Hat 11.5.0-2)

Ubuntu 24.04
	Kernel: 5.15
	Compiler: gcc gcc (Ubuntu 13.3.0-6ubuntu2~24.04) 13.3.0

openSUSE Leap 15.6
	Kernel: 5.15
	Compiler: gcc gcc (SUSE Linux) 7.5.0

To view detailed results, visit:
https://lab.dpdk.org/results/dashboard/patchsets/33732/

UNH-IOL DPDK Community Lab

To manage your email subscriptions, visit: 
https://lab.dpdk.org/results/dashboard/preferences/subscriptions/

^ permalink raw reply	[flat|nested] 30+ messages in thread

* |WARNING| pw155447-155454 [PATCH] [v9,8/8] lib/pmu: fix out-of-bound
       [not found] <20250723044118.2962318-9-tduszynski@marvell.com>
                   ` (22 preceding siblings ...)
  2025-07-23 12:45 ` dpdklab
@ 2025-07-23 15:07 ` dpdklab
  2025-07-23 15:07 ` dpdklab
                   ` (5 subsequent siblings)
  29 siblings, 0 replies; 30+ messages in thread
From: dpdklab @ 2025-07-23 15:07 UTC (permalink / raw)
  To: Test Report; +Cc: dpdk-test-reports

Test-Label: iol-compile-amd64-testing
Test-Status: WARNING
http://dpdk.org/patch/155454

_Testing issues_

Submitter: Tomasz Duszynski <tduszynski@marvell.com>
Date: Wednesday, July 23 2025 04:41:18 
DPDK git baseline: Repo:dpdk
  Branch: master
  CommitID:b222395561638f89562e4ef42e1eabf2d6db43dd

155447-155454 --> testing issues

Upstream job id: Generic-DPDK-Compile-Meson#411447

Test environment and result as below:

+-------------------------------+-------------------+--------------------+-------------------------+----------------------+-------------------+------------------+
|          Environment          | dpdk_msvc_compile | dpdk_meson_compile | dpdk_llvm_clang_compile | dpdk_mingw64_compile | dpdk_compile_spdk | dpdk_compile_ovs |
+===============================+===================+====================+=========================+======================+===================+==================+
| Windows Server 2022           | PASS              | SKIPPED            | PASS                    | PASS                 | SKIPPED           | SKIPPED          |
+-------------------------------+-------------------+--------------------+-------------------------+----------------------+-------------------+------------------+
| FreeBSD 14.2                  | SKIPPED           | PASS               | SKIPPED                 | SKIPPED              | SKIPPED           | SKIPPED          |
+-------------------------------+-------------------+--------------------+-------------------------+----------------------+-------------------+------------------+
| Ubuntu 20.04                  | SKIPPED           | PEND               | SKIPPED                 | SKIPPED              | SKIPPED           | SKIPPED          |
+-------------------------------+-------------------+--------------------+-------------------------+----------------------+-------------------+------------------+
| CentOS Stream 9               | SKIPPED           | PASS               | SKIPPED                 | SKIPPED              | WARN              | SKIPPED          |
+-------------------------------+-------------------+--------------------+-------------------------+----------------------+-------------------+------------------+
| CentOS Stream 10              | SKIPPED           | PEND               | SKIPPED                 | SKIPPED              | SKIPPED           | SKIPPED          |
+-------------------------------+-------------------+--------------------+-------------------------+----------------------+-------------------+------------------+
| Debian GNU/Linux 12           | SKIPPED           | PEND               | SKIPPED                 | SKIPPED              | PEND              | SKIPPED          |
+-------------------------------+-------------------+--------------------+-------------------------+----------------------+-------------------+------------------+
| Fedora Linux 40               | SKIPPED           | PEND               | SKIPPED                 | SKIPPED              | PEND              | SKIPPED          |
+-------------------------------+-------------------+--------------------+-------------------------+----------------------+-------------------+------------------+
| Fedora Linux 41               | SKIPPED           | PEND               | SKIPPED                 | SKIPPED              | PEND              | PEND             |
+-------------------------------+-------------------+--------------------+-------------------------+----------------------+-------------------+------------------+
| openSUSE Leap 15.6            | SKIPPED           | PEND               | SKIPPED                 | SKIPPED              | SKIPPED           | SKIPPED          |
+-------------------------------+-------------------+--------------------+-------------------------+----------------------+-------------------+------------------+
| Red Hat Enterprise Linux 8.10 | SKIPPED           | PEND               | SKIPPED                 | SKIPPED              | SKIPPED           | SKIPPED          |
+-------------------------------+-------------------+--------------------+-------------------------+----------------------+-------------------+------------------+
| Red Hat Enterprise Linux 9.5  | SKIPPED           | PASS               | SKIPPED                 | SKIPPED              | SKIPPED           | SKIPPED          |
+-------------------------------+-------------------+--------------------+-------------------------+----------------------+-------------------+------------------+
| Ubuntu 22.04                  | SKIPPED           | PEND               | SKIPPED                 | SKIPPED              | PEND              | SKIPPED          |
+-------------------------------+-------------------+--------------------+-------------------------+----------------------+-------------------+------------------+
| Ubuntu 24.04                  | SKIPPED           | PEND               | SKIPPED                 | SKIPPED              | PEND              | PEND             |
+-------------------------------+-------------------+--------------------+-------------------------+----------------------+-------------------+------------------+
| Alpine Linux 3.22.0           | SKIPPED           | PEND               | SKIPPED                 | SKIPPED              | SKIPPED           | SKIPPED          |
+-------------------------------+-------------------+--------------------+-------------------------+----------------------+-------------------+------------------+

==== 20 line log output for CentOS Stream 9 (dpdk_compile_spdk): ====
 --- Failed to get log output --- 
==== End log output ====

Windows Server 2022
	Kernel: 10.0.20348.2031
	Compiler: clang 15.0.7, gcc 14.1.0 (MinGW), and MSVC VS 19.39.33521

FreeBSD 14.2
	Kernel: 14.2-RELEASE
	Compiler: clang 18.1.6

Ubuntu 20.04
	Kernel: 4.19
	Compiler: gcc gcc (Ubuntu 9.4.0-1ubuntu1~20.04.2) 9.4.0

CentOS Stream 9
	Kernel: 5.15
	Compiler: gcc gcc (GCC) 11.5.0 20240719 (Red Hat 11.5.0-7)

CentOS Stream 10
	Kernel: 5.15
	Compiler: gcc gcc (GCC) 14.2.1 20250110 (Red Hat 14.2.1-8)

Debian GNU/Linux 12
	Kernel: 5.15
	Compiler: gcc gcc (Debian 12.2.0-14+deb12u1) 12.2.0

Fedora Linux 40
	Kernel: 5.15
	Compiler: clang gcc (GCC) 14.2.1 20240912 (Red Hat 14.2.1-3)

Fedora Linux 41
	Kernel: 5.15
	Compiler: clang gcc (GCC) 14.3.1 20250523 (Red Hat 14.3.1-1)

openSUSE Leap 15.6
	Kernel: 5.15
	Compiler: gcc gcc (SUSE Linux) 7.5.0

Red Hat Enterprise Linux 8.10
	Kernel: 5.15
	Compiler: gcc gcc (GCC) 8.5.0 20210514 (Red Hat 8.5.0-22)

Red Hat Enterprise Linux 9.5
	Kernel: 5.15
	Compiler: gcc gcc (GCC) 11.5.0 20240719 (Red Hat 11.5.0-2)

Ubuntu 22.04
	Kernel: 5.15
	Compiler: gcc gcc (Ubuntu 11.4.0-1ubuntu1~22.04) 11.4.0

Ubuntu 24.04
	Kernel: 5.15
	Compiler: gcc gcc (Ubuntu 13.3.0-6ubuntu2~24.04) 13.3.0

Alpine Linux 3.22.0
	Kernel: 5.15
	Compiler: gcc gcc (Alpine 14.2.0) 14.2.0

To view detailed results, visit:
https://lab.dpdk.org/results/dashboard/patchsets/33732/

UNH-IOL DPDK Community Lab

To manage your email subscriptions, visit: 
https://lab.dpdk.org/results/dashboard/preferences/subscriptions/

^ permalink raw reply	[flat|nested] 30+ messages in thread

* |WARNING| pw155447-155454 [PATCH] [v9,8/8] lib/pmu: fix out-of-bound
       [not found] <20250723044118.2962318-9-tduszynski@marvell.com>
                   ` (23 preceding siblings ...)
  2025-07-23 15:07 ` |WARNING| " dpdklab
@ 2025-07-23 15:07 ` dpdklab
  2025-07-23 15:55 ` dpdklab
                   ` (4 subsequent siblings)
  29 siblings, 0 replies; 30+ messages in thread
From: dpdklab @ 2025-07-23 15:07 UTC (permalink / raw)
  To: Test Report; +Cc: dpdk-test-reports

Test-Label: iol-compile-amd64-testing
Test-Status: WARNING
http://dpdk.org/patch/155454

_Testing issues_

Submitter: Tomasz Duszynski <tduszynski@marvell.com>
Date: Wednesday, July 23 2025 04:41:18 
DPDK git baseline: Repo:dpdk
  Branch: master
  CommitID:b222395561638f89562e4ef42e1eabf2d6db43dd

155447-155454 --> testing issues

Upstream job id: Generic-DPDK-Compile-Meson#411456

Test environment and result as below:

+-------------------------------+-------------------+--------------------+-------------------------+----------------------+-------------------+------------------+
|          Environment          | dpdk_msvc_compile | dpdk_meson_compile | dpdk_llvm_clang_compile | dpdk_mingw64_compile | dpdk_compile_spdk | dpdk_compile_ovs |
+===============================+===================+====================+=========================+======================+===================+==================+
| Windows Server 2022           | PASS              | SKIPPED            | PASS                    | PASS                 | SKIPPED           | SKIPPED          |
+-------------------------------+-------------------+--------------------+-------------------------+----------------------+-------------------+------------------+
| FreeBSD 14.2                  | SKIPPED           | PASS               | SKIPPED                 | SKIPPED              | SKIPPED           | SKIPPED          |
+-------------------------------+-------------------+--------------------+-------------------------+----------------------+-------------------+------------------+
| Ubuntu 20.04                  | SKIPPED           | PEND               | SKIPPED                 | SKIPPED              | SKIPPED           | SKIPPED          |
+-------------------------------+-------------------+--------------------+-------------------------+----------------------+-------------------+------------------+
| CentOS Stream 9               | SKIPPED           | PASS               | SKIPPED                 | SKIPPED              | WARN              | SKIPPED          |
+-------------------------------+-------------------+--------------------+-------------------------+----------------------+-------------------+------------------+
| CentOS Stream 10              | SKIPPED           | PEND               | SKIPPED                 | SKIPPED              | SKIPPED           | SKIPPED          |
+-------------------------------+-------------------+--------------------+-------------------------+----------------------+-------------------+------------------+
| Debian GNU/Linux 12           | SKIPPED           | PEND               | SKIPPED                 | SKIPPED              | PEND              | SKIPPED          |
+-------------------------------+-------------------+--------------------+-------------------------+----------------------+-------------------+------------------+
| Fedora Linux 40               | SKIPPED           | PEND               | SKIPPED                 | SKIPPED              | PEND              | SKIPPED          |
+-------------------------------+-------------------+--------------------+-------------------------+----------------------+-------------------+------------------+
| Fedora Linux 41               | SKIPPED           | PEND               | SKIPPED                 | SKIPPED              | PEND              | PEND             |
+-------------------------------+-------------------+--------------------+-------------------------+----------------------+-------------------+------------------+
| openSUSE Leap 15.6            | SKIPPED           | PEND               | SKIPPED                 | SKIPPED              | SKIPPED           | SKIPPED          |
+-------------------------------+-------------------+--------------------+-------------------------+----------------------+-------------------+------------------+
| Red Hat Enterprise Linux 8.10 | SKIPPED           | PEND               | SKIPPED                 | SKIPPED              | SKIPPED           | SKIPPED          |
+-------------------------------+-------------------+--------------------+-------------------------+----------------------+-------------------+------------------+
| Red Hat Enterprise Linux 9.5  | SKIPPED           | PASS               | SKIPPED                 | SKIPPED              | SKIPPED           | SKIPPED          |
+-------------------------------+-------------------+--------------------+-------------------------+----------------------+-------------------+------------------+
| Ubuntu 22.04                  | SKIPPED           | PEND               | SKIPPED                 | SKIPPED              | PEND              | SKIPPED          |
+-------------------------------+-------------------+--------------------+-------------------------+----------------------+-------------------+------------------+
| Ubuntu 24.04                  | SKIPPED           | PEND               | SKIPPED                 | SKIPPED              | PEND              | PEND             |
+-------------------------------+-------------------+--------------------+-------------------------+----------------------+-------------------+------------------+
| Alpine Linux 3.22.0           | SKIPPED           | PEND               | SKIPPED                 | SKIPPED              | SKIPPED           | SKIPPED          |
+-------------------------------+-------------------+--------------------+-------------------------+----------------------+-------------------+------------------+

==== 20 line log output for CentOS Stream 9 (dpdk_compile_spdk): ====
 --- Failed to get log output --- 
==== End log output ====

Windows Server 2022
	Kernel: 10.0.20348.2031
	Compiler: clang 15.0.7, gcc 14.1.0 (MinGW), and MSVC VS 19.39.33521

FreeBSD 14.2
	Kernel: 14.2-RELEASE
	Compiler: clang 18.1.6

Ubuntu 20.04
	Kernel: 4.19
	Compiler: gcc gcc (Ubuntu 9.4.0-1ubuntu1~20.04.2) 9.4.0

CentOS Stream 9
	Kernel: 5.15
	Compiler: gcc gcc (GCC) 11.5.0 20240719 (Red Hat 11.5.0-7)

CentOS Stream 10
	Kernel: 5.15
	Compiler: gcc gcc (GCC) 14.2.1 20250110 (Red Hat 14.2.1-8)

Debian GNU/Linux 12
	Kernel: 5.15
	Compiler: gcc gcc (Debian 12.2.0-14+deb12u1) 12.2.0

Fedora Linux 40
	Kernel: 5.15
	Compiler: clang gcc (GCC) 14.2.1 20240912 (Red Hat 14.2.1-3)

Fedora Linux 41
	Kernel: 5.15
	Compiler: clang gcc (GCC) 14.3.1 20250523 (Red Hat 14.3.1-1)

openSUSE Leap 15.6
	Kernel: 5.15
	Compiler: gcc gcc (SUSE Linux) 7.5.0

Red Hat Enterprise Linux 8.10
	Kernel: 5.15
	Compiler: gcc gcc (GCC) 8.5.0 20210514 (Red Hat 8.5.0-22)

Red Hat Enterprise Linux 9.5
	Kernel: 5.15
	Compiler: gcc gcc (GCC) 11.5.0 20240719 (Red Hat 11.5.0-2)

Ubuntu 22.04
	Kernel: 5.15
	Compiler: gcc gcc (Ubuntu 11.4.0-1ubuntu1~22.04) 11.4.0

Ubuntu 24.04
	Kernel: 5.15
	Compiler: gcc gcc (Ubuntu 13.3.0-6ubuntu2~24.04) 13.3.0

Alpine Linux 3.22.0
	Kernel: 5.15
	Compiler: gcc gcc (Alpine 14.2.0) 14.2.0

To view detailed results, visit:
https://lab.dpdk.org/results/dashboard/patchsets/33732/

UNH-IOL DPDK Community Lab

To manage your email subscriptions, visit: 
https://lab.dpdk.org/results/dashboard/preferences/subscriptions/

^ permalink raw reply	[flat|nested] 30+ messages in thread

* |WARNING| pw155447-155454 [PATCH] [v9,8/8] lib/pmu: fix out-of-bound
       [not found] <20250723044118.2962318-9-tduszynski@marvell.com>
                   ` (24 preceding siblings ...)
  2025-07-23 15:07 ` dpdklab
@ 2025-07-23 15:55 ` dpdklab
  2025-07-23 15:55 ` dpdklab
                   ` (3 subsequent siblings)
  29 siblings, 0 replies; 30+ messages in thread
From: dpdklab @ 2025-07-23 15:55 UTC (permalink / raw)
  To: Test Report; +Cc: dpdk-test-reports

Test-Label: iol-compile-amd64-testing
Test-Status: WARNING
http://dpdk.org/patch/155454

_Testing issues_

Submitter: Tomasz Duszynski <tduszynski@marvell.com>
Date: Wednesday, July 23 2025 04:41:18 
DPDK git baseline: Repo:dpdk
  Branch: master
  CommitID:b222395561638f89562e4ef42e1eabf2d6db43dd

155447-155454 --> testing issues

Upstream job id: Generic-DPDK-Compile-Meson#411459

Test environment and result as below:

+-------------------------------+-------------------+--------------------+-------------------------+----------------------+-------------------+------------------+
|          Environment          | dpdk_msvc_compile | dpdk_meson_compile | dpdk_llvm_clang_compile | dpdk_mingw64_compile | dpdk_compile_spdk | dpdk_compile_ovs |
+===============================+===================+====================+=========================+======================+===================+==================+
| Windows Server 2022           | PASS              | SKIPPED            | PASS                    | PASS                 | SKIPPED           | SKIPPED          |
+-------------------------------+-------------------+--------------------+-------------------------+----------------------+-------------------+------------------+
| FreeBSD 14.2                  | SKIPPED           | PASS               | SKIPPED                 | SKIPPED              | SKIPPED           | SKIPPED          |
+-------------------------------+-------------------+--------------------+-------------------------+----------------------+-------------------+------------------+
| Ubuntu 20.04                  | SKIPPED           | PASS               | SKIPPED                 | SKIPPED              | SKIPPED           | SKIPPED          |
+-------------------------------+-------------------+--------------------+-------------------------+----------------------+-------------------+------------------+
| CentOS Stream 9               | SKIPPED           | PASS               | SKIPPED                 | SKIPPED              | WARN              | SKIPPED          |
+-------------------------------+-------------------+--------------------+-------------------------+----------------------+-------------------+------------------+
| CentOS Stream 10              | SKIPPED           | PASS               | SKIPPED                 | SKIPPED              | SKIPPED           | SKIPPED          |
+-------------------------------+-------------------+--------------------+-------------------------+----------------------+-------------------+------------------+
| Debian GNU/Linux 12           | SKIPPED           | PASS               | SKIPPED                 | SKIPPED              | WARN              | SKIPPED          |
+-------------------------------+-------------------+--------------------+-------------------------+----------------------+-------------------+------------------+
| Fedora Linux 40               | SKIPPED           | PASS               | SKIPPED                 | SKIPPED              | WARN              | SKIPPED          |
+-------------------------------+-------------------+--------------------+-------------------------+----------------------+-------------------+------------------+
| Fedora Linux 41               | SKIPPED           | PASS               | SKIPPED                 | SKIPPED              | WARN              | PASS             |
+-------------------------------+-------------------+--------------------+-------------------------+----------------------+-------------------+------------------+
| openSUSE Leap 15.6            | SKIPPED           | PASS               | SKIPPED                 | SKIPPED              | SKIPPED           | SKIPPED          |
+-------------------------------+-------------------+--------------------+-------------------------+----------------------+-------------------+------------------+
| Red Hat Enterprise Linux 8.10 | SKIPPED           | PASS               | SKIPPED                 | SKIPPED              | SKIPPED           | SKIPPED          |
+-------------------------------+-------------------+--------------------+-------------------------+----------------------+-------------------+------------------+
| Red Hat Enterprise Linux 9.5  | SKIPPED           | PASS               | SKIPPED                 | SKIPPED              | SKIPPED           | SKIPPED          |
+-------------------------------+-------------------+--------------------+-------------------------+----------------------+-------------------+------------------+
| Ubuntu 22.04                  | SKIPPED           | PASS               | SKIPPED                 | SKIPPED              | WARN              | SKIPPED          |
+-------------------------------+-------------------+--------------------+-------------------------+----------------------+-------------------+------------------+
| Ubuntu 24.04                  | SKIPPED           | PASS               | SKIPPED                 | SKIPPED              | WARN              | PASS             |
+-------------------------------+-------------------+--------------------+-------------------------+----------------------+-------------------+------------------+
| Alpine Linux 3.22.0           | SKIPPED           | PASS               | SKIPPED                 | SKIPPED              | SKIPPED           | SKIPPED          |
+-------------------------------+-------------------+--------------------+-------------------------+----------------------+-------------------+------------------+

==== 20 line log output for Ubuntu 24.04 (dpdk_compile_spdk): ====
 --- Failed to get log output --- 
==== End log output ====

Windows Server 2022
	Kernel: 10.0.20348.2031
	Compiler: clang 15.0.7, gcc 14.1.0 (MinGW), and MSVC VS 19.39.33521

FreeBSD 14.2
	Kernel: 14.2-RELEASE
	Compiler: clang 18.1.6

Ubuntu 20.04
	Kernel: 4.19
	Compiler: gcc gcc (Ubuntu 9.4.0-1ubuntu1~20.04.2) 9.4.0

CentOS Stream 9
	Kernel: 5.15
	Compiler: gcc gcc (GCC) 11.5.0 20240719 (Red Hat 11.5.0-7)

CentOS Stream 10
	Kernel: 5.15
	Compiler: gcc gcc (GCC) 14.2.1 20250110 (Red Hat 14.2.1-8)

Debian GNU/Linux 12
	Kernel: 5.15
	Compiler: gcc gcc (Debian 12.2.0-14+deb12u1) 12.2.0

Fedora Linux 40
	Kernel: 5.15
	Compiler: clang gcc (GCC) 14.2.1 20240912 (Red Hat 14.2.1-3)

Fedora Linux 41
	Kernel: 5.15
	Compiler: clang gcc (GCC) 14.3.1 20250523 (Red Hat 14.3.1-1)

openSUSE Leap 15.6
	Kernel: 5.15
	Compiler: gcc gcc (SUSE Linux) 7.5.0

Red Hat Enterprise Linux 8.10
	Kernel: 5.15
	Compiler: gcc gcc (GCC) 8.5.0 20210514 (Red Hat 8.5.0-22)

Red Hat Enterprise Linux 9.5
	Kernel: 5.15
	Compiler: gcc gcc (GCC) 11.5.0 20240719 (Red Hat 11.5.0-2)

Ubuntu 22.04
	Kernel: 5.15
	Compiler: gcc gcc (Ubuntu 11.4.0-1ubuntu1~22.04) 11.4.0

Ubuntu 24.04
	Kernel: 5.15
	Compiler: gcc gcc (Ubuntu 13.3.0-6ubuntu2~24.04) 13.3.0

Alpine Linux 3.22.0
	Kernel: 5.15
	Compiler: gcc gcc (Alpine 14.2.0) 14.2.0

To view detailed results, visit:
https://lab.dpdk.org/results/dashboard/patchsets/33732/

UNH-IOL DPDK Community Lab

To manage your email subscriptions, visit: 
https://lab.dpdk.org/results/dashboard/preferences/subscriptions/

^ permalink raw reply	[flat|nested] 30+ messages in thread

* |WARNING| pw155447-155454 [PATCH] [v9,8/8] lib/pmu: fix out-of-bound
       [not found] <20250723044118.2962318-9-tduszynski@marvell.com>
                   ` (25 preceding siblings ...)
  2025-07-23 15:55 ` dpdklab
@ 2025-07-23 15:55 ` dpdklab
  2025-07-23 15:56 ` dpdklab
                   ` (2 subsequent siblings)
  29 siblings, 0 replies; 30+ messages in thread
From: dpdklab @ 2025-07-23 15:55 UTC (permalink / raw)
  To: Test Report; +Cc: dpdk-test-reports

Test-Label: iol-compile-amd64-testing
Test-Status: WARNING
http://dpdk.org/patch/155454

_Testing issues_

Submitter: Tomasz Duszynski <tduszynski@marvell.com>
Date: Wednesday, July 23 2025 04:41:18 
DPDK git baseline: Repo:dpdk
  Branch: master
  CommitID:b222395561638f89562e4ef42e1eabf2d6db43dd

155447-155454 --> testing issues

Upstream job id: Generic-DPDK-Compile-Meson#411453

Test environment and result as below:

+-------------------------------+-------------------+--------------------+-------------------------+----------------------+-------------------+------------------+
|          Environment          | dpdk_msvc_compile | dpdk_meson_compile | dpdk_llvm_clang_compile | dpdk_mingw64_compile | dpdk_compile_spdk | dpdk_compile_ovs |
+===============================+===================+====================+=========================+======================+===================+==================+
| Windows Server 2022           | PASS              | SKIPPED            | PASS                    | PASS                 | SKIPPED           | SKIPPED          |
+-------------------------------+-------------------+--------------------+-------------------------+----------------------+-------------------+------------------+
| FreeBSD 14.2                  | SKIPPED           | PASS               | SKIPPED                 | SKIPPED              | SKIPPED           | SKIPPED          |
+-------------------------------+-------------------+--------------------+-------------------------+----------------------+-------------------+------------------+
| Ubuntu 20.04                  | SKIPPED           | PASS               | SKIPPED                 | SKIPPED              | SKIPPED           | SKIPPED          |
+-------------------------------+-------------------+--------------------+-------------------------+----------------------+-------------------+------------------+
| CentOS Stream 9               | SKIPPED           | PASS               | SKIPPED                 | SKIPPED              | WARN              | SKIPPED          |
+-------------------------------+-------------------+--------------------+-------------------------+----------------------+-------------------+------------------+
| CentOS Stream 10              | SKIPPED           | PASS               | SKIPPED                 | SKIPPED              | SKIPPED           | SKIPPED          |
+-------------------------------+-------------------+--------------------+-------------------------+----------------------+-------------------+------------------+
| Debian GNU/Linux 12           | SKIPPED           | PASS               | SKIPPED                 | SKIPPED              | WARN              | SKIPPED          |
+-------------------------------+-------------------+--------------------+-------------------------+----------------------+-------------------+------------------+
| Fedora Linux 40               | SKIPPED           | PASS               | SKIPPED                 | SKIPPED              | WARN              | SKIPPED          |
+-------------------------------+-------------------+--------------------+-------------------------+----------------------+-------------------+------------------+
| Fedora Linux 41               | SKIPPED           | PASS               | SKIPPED                 | SKIPPED              | WARN              | PASS             |
+-------------------------------+-------------------+--------------------+-------------------------+----------------------+-------------------+------------------+
| openSUSE Leap 15.6            | SKIPPED           | PASS               | SKIPPED                 | SKIPPED              | SKIPPED           | SKIPPED          |
+-------------------------------+-------------------+--------------------+-------------------------+----------------------+-------------------+------------------+
| Red Hat Enterprise Linux 8.10 | SKIPPED           | PASS               | SKIPPED                 | SKIPPED              | SKIPPED           | SKIPPED          |
+-------------------------------+-------------------+--------------------+-------------------------+----------------------+-------------------+------------------+
| Red Hat Enterprise Linux 9.5  | SKIPPED           | PASS               | SKIPPED                 | SKIPPED              | SKIPPED           | SKIPPED          |
+-------------------------------+-------------------+--------------------+-------------------------+----------------------+-------------------+------------------+
| Ubuntu 22.04                  | SKIPPED           | PASS               | SKIPPED                 | SKIPPED              | WARN              | SKIPPED          |
+-------------------------------+-------------------+--------------------+-------------------------+----------------------+-------------------+------------------+
| Ubuntu 24.04                  | SKIPPED           | PASS               | SKIPPED                 | SKIPPED              | WARN              | PASS             |
+-------------------------------+-------------------+--------------------+-------------------------+----------------------+-------------------+------------------+
| Alpine Linux 3.22.0           | SKIPPED           | PASS               | SKIPPED                 | SKIPPED              | SKIPPED           | SKIPPED          |
+-------------------------------+-------------------+--------------------+-------------------------+----------------------+-------------------+------------------+

==== 20 line log output for Ubuntu 24.04 (dpdk_compile_spdk): ====
 --- Failed to get log output --- 
==== End log output ====

Windows Server 2022
	Kernel: 10.0.20348.2031
	Compiler: clang 15.0.7, gcc 14.1.0 (MinGW), and MSVC VS 19.39.33521

FreeBSD 14.2
	Kernel: 14.2-RELEASE
	Compiler: clang 18.1.6

Ubuntu 20.04
	Kernel: 4.19
	Compiler: gcc gcc (Ubuntu 9.4.0-1ubuntu1~20.04.2) 9.4.0

CentOS Stream 9
	Kernel: 5.15
	Compiler: gcc gcc (GCC) 11.5.0 20240719 (Red Hat 11.5.0-7)

CentOS Stream 10
	Kernel: 5.15
	Compiler: gcc gcc (GCC) 14.2.1 20250110 (Red Hat 14.2.1-8)

Debian GNU/Linux 12
	Kernel: 5.15
	Compiler: gcc gcc (Debian 12.2.0-14+deb12u1) 12.2.0

Fedora Linux 40
	Kernel: 5.15
	Compiler: clang gcc (GCC) 14.2.1 20240912 (Red Hat 14.2.1-3)

Fedora Linux 41
	Kernel: 5.15
	Compiler: clang gcc (GCC) 14.3.1 20250523 (Red Hat 14.3.1-1)

openSUSE Leap 15.6
	Kernel: 5.15
	Compiler: gcc gcc (SUSE Linux) 7.5.0

Red Hat Enterprise Linux 8.10
	Kernel: 5.15
	Compiler: gcc gcc (GCC) 8.5.0 20210514 (Red Hat 8.5.0-22)

Red Hat Enterprise Linux 9.5
	Kernel: 5.15
	Compiler: gcc gcc (GCC) 11.5.0 20240719 (Red Hat 11.5.0-2)

Ubuntu 22.04
	Kernel: 5.15
	Compiler: gcc gcc (Ubuntu 11.4.0-1ubuntu1~22.04) 11.4.0

Ubuntu 24.04
	Kernel: 5.15
	Compiler: gcc gcc (Ubuntu 13.3.0-6ubuntu2~24.04) 13.3.0

Alpine Linux 3.22.0
	Kernel: 5.15
	Compiler: gcc gcc (Alpine 14.2.0) 14.2.0

To view detailed results, visit:
https://lab.dpdk.org/results/dashboard/patchsets/33732/

UNH-IOL DPDK Community Lab

To manage your email subscriptions, visit: 
https://lab.dpdk.org/results/dashboard/preferences/subscriptions/

^ permalink raw reply	[flat|nested] 30+ messages in thread

* |WARNING| pw155447-155454 [PATCH] [v9,8/8] lib/pmu: fix out-of-bound
       [not found] <20250723044118.2962318-9-tduszynski@marvell.com>
                   ` (26 preceding siblings ...)
  2025-07-23 15:55 ` dpdklab
@ 2025-07-23 15:56 ` dpdklab
  2025-07-23 15:59 ` dpdklab
  2025-07-23 16:56 ` |SUCCESS| " dpdklab
  29 siblings, 0 replies; 30+ messages in thread
From: dpdklab @ 2025-07-23 15:56 UTC (permalink / raw)
  To: Test Report; +Cc: dpdk-test-reports

Test-Label: iol-compile-amd64-testing
Test-Status: WARNING
http://dpdk.org/patch/155454

_Testing issues_

Submitter: Tomasz Duszynski <tduszynski@marvell.com>
Date: Wednesday, July 23 2025 04:41:18 
DPDK git baseline: Repo:dpdk
  Branch: master
  CommitID:b222395561638f89562e4ef42e1eabf2d6db43dd

155447-155454 --> testing issues

Upstream job id: Generic-DPDK-Compile-Meson#411448

Test environment and result as below:

+-------------------------------+-------------------+--------------------+-------------------------+----------------------+-------------------+------------------+
|          Environment          | dpdk_msvc_compile | dpdk_meson_compile | dpdk_llvm_clang_compile | dpdk_mingw64_compile | dpdk_compile_spdk | dpdk_compile_ovs |
+===============================+===================+====================+=========================+======================+===================+==================+
| Windows Server 2022           | PASS              | SKIPPED            | PASS                    | PASS                 | SKIPPED           | SKIPPED          |
+-------------------------------+-------------------+--------------------+-------------------------+----------------------+-------------------+------------------+
| FreeBSD 14.2                  | SKIPPED           | PASS               | SKIPPED                 | SKIPPED              | SKIPPED           | SKIPPED          |
+-------------------------------+-------------------+--------------------+-------------------------+----------------------+-------------------+------------------+
| Ubuntu 20.04                  | SKIPPED           | PASS               | SKIPPED                 | SKIPPED              | SKIPPED           | SKIPPED          |
+-------------------------------+-------------------+--------------------+-------------------------+----------------------+-------------------+------------------+
| CentOS Stream 9               | SKIPPED           | PASS               | SKIPPED                 | SKIPPED              | WARN              | SKIPPED          |
+-------------------------------+-------------------+--------------------+-------------------------+----------------------+-------------------+------------------+
| CentOS Stream 10              | SKIPPED           | PASS               | SKIPPED                 | SKIPPED              | SKIPPED           | SKIPPED          |
+-------------------------------+-------------------+--------------------+-------------------------+----------------------+-------------------+------------------+
| Debian GNU/Linux 12           | SKIPPED           | PASS               | SKIPPED                 | SKIPPED              | WARN              | SKIPPED          |
+-------------------------------+-------------------+--------------------+-------------------------+----------------------+-------------------+------------------+
| Fedora Linux 40               | SKIPPED           | PASS               | SKIPPED                 | SKIPPED              | WARN              | SKIPPED          |
+-------------------------------+-------------------+--------------------+-------------------------+----------------------+-------------------+------------------+
| Fedora Linux 41               | SKIPPED           | PASS               | SKIPPED                 | SKIPPED              | WARN              | PASS             |
+-------------------------------+-------------------+--------------------+-------------------------+----------------------+-------------------+------------------+
| openSUSE Leap 15.6            | SKIPPED           | PASS               | SKIPPED                 | SKIPPED              | SKIPPED           | SKIPPED          |
+-------------------------------+-------------------+--------------------+-------------------------+----------------------+-------------------+------------------+
| Red Hat Enterprise Linux 8.10 | SKIPPED           | PASS               | SKIPPED                 | SKIPPED              | SKIPPED           | SKIPPED          |
+-------------------------------+-------------------+--------------------+-------------------------+----------------------+-------------------+------------------+
| Red Hat Enterprise Linux 9.5  | SKIPPED           | PASS               | SKIPPED                 | SKIPPED              | SKIPPED           | SKIPPED          |
+-------------------------------+-------------------+--------------------+-------------------------+----------------------+-------------------+------------------+
| Ubuntu 22.04                  | SKIPPED           | PASS               | SKIPPED                 | SKIPPED              | WARN              | SKIPPED          |
+-------------------------------+-------------------+--------------------+-------------------------+----------------------+-------------------+------------------+
| Ubuntu 24.04                  | SKIPPED           | PASS               | SKIPPED                 | SKIPPED              | WARN              | PASS             |
+-------------------------------+-------------------+--------------------+-------------------------+----------------------+-------------------+------------------+
| Alpine Linux 3.22.0           | SKIPPED           | PASS               | SKIPPED                 | SKIPPED              | SKIPPED           | SKIPPED          |
+-------------------------------+-------------------+--------------------+-------------------------+----------------------+-------------------+------------------+

==== 20 line log output for Ubuntu 24.04 (dpdk_compile_spdk): ====
 --- Failed to get log output --- 
==== End log output ====

Windows Server 2022
	Kernel: 10.0.20348.2031
	Compiler: clang 15.0.7, gcc 14.1.0 (MinGW), and MSVC VS 19.39.33521

FreeBSD 14.2
	Kernel: 14.2-RELEASE
	Compiler: clang 18.1.6

Ubuntu 20.04
	Kernel: 4.19
	Compiler: gcc gcc (Ubuntu 9.4.0-1ubuntu1~20.04.2) 9.4.0

CentOS Stream 9
	Kernel: 5.15
	Compiler: gcc gcc (GCC) 11.5.0 20240719 (Red Hat 11.5.0-7)

CentOS Stream 10
	Kernel: 5.15
	Compiler: gcc gcc (GCC) 14.2.1 20250110 (Red Hat 14.2.1-8)

Debian GNU/Linux 12
	Kernel: 5.15
	Compiler: gcc gcc (Debian 12.2.0-14+deb12u1) 12.2.0

Fedora Linux 40
	Kernel: 5.15
	Compiler: clang gcc (GCC) 14.2.1 20240912 (Red Hat 14.2.1-3)

Fedora Linux 41
	Kernel: 5.15
	Compiler: clang gcc (GCC) 14.3.1 20250523 (Red Hat 14.3.1-1)

openSUSE Leap 15.6
	Kernel: 5.15
	Compiler: gcc gcc (SUSE Linux) 7.5.0

Red Hat Enterprise Linux 8.10
	Kernel: 5.15
	Compiler: gcc gcc (GCC) 8.5.0 20210514 (Red Hat 8.5.0-22)

Red Hat Enterprise Linux 9.5
	Kernel: 5.15
	Compiler: gcc gcc (GCC) 11.5.0 20240719 (Red Hat 11.5.0-2)

Ubuntu 22.04
	Kernel: 5.15
	Compiler: gcc gcc (Ubuntu 11.4.0-1ubuntu1~22.04) 11.4.0

Ubuntu 24.04
	Kernel: 5.15
	Compiler: gcc gcc (Ubuntu 13.3.0-6ubuntu2~24.04) 13.3.0

Alpine Linux 3.22.0
	Kernel: 5.15
	Compiler: gcc gcc (Alpine 14.2.0) 14.2.0

To view detailed results, visit:
https://lab.dpdk.org/results/dashboard/patchsets/33732/

UNH-IOL DPDK Community Lab

To manage your email subscriptions, visit: 
https://lab.dpdk.org/results/dashboard/preferences/subscriptions/

^ permalink raw reply	[flat|nested] 30+ messages in thread

* |WARNING| pw155447-155454 [PATCH] [v9,8/8] lib/pmu: fix out-of-bound
       [not found] <20250723044118.2962318-9-tduszynski@marvell.com>
                   ` (27 preceding siblings ...)
  2025-07-23 15:56 ` dpdklab
@ 2025-07-23 15:59 ` dpdklab
  2025-07-23 16:56 ` |SUCCESS| " dpdklab
  29 siblings, 0 replies; 30+ messages in thread
From: dpdklab @ 2025-07-23 15:59 UTC (permalink / raw)
  To: Test Report; +Cc: dpdk-test-reports

Test-Label: iol-compile-amd64-testing
Test-Status: WARNING
http://dpdk.org/patch/155454

_Testing issues_

Submitter: Tomasz Duszynski <tduszynski@marvell.com>
Date: Wednesday, July 23 2025 04:41:18 
DPDK git baseline: Repo:dpdk
  Branch: master
  CommitID:b222395561638f89562e4ef42e1eabf2d6db43dd

155447-155454 --> testing issues

Upstream job id: Generic-DPDK-Compile-Meson#411460

Test environment and result as below:

+-------------------------------+-------------------+--------------------+-------------------------+----------------------+-------------------+------------------+
|          Environment          | dpdk_msvc_compile | dpdk_meson_compile | dpdk_llvm_clang_compile | dpdk_mingw64_compile | dpdk_compile_spdk | dpdk_compile_ovs |
+===============================+===================+====================+=========================+======================+===================+==================+
| Windows Server 2022           | PASS              | SKIPPED            | PASS                    | PASS                 | SKIPPED           | SKIPPED          |
+-------------------------------+-------------------+--------------------+-------------------------+----------------------+-------------------+------------------+
| FreeBSD 14.2                  | SKIPPED           | PASS               | SKIPPED                 | SKIPPED              | SKIPPED           | SKIPPED          |
+-------------------------------+-------------------+--------------------+-------------------------+----------------------+-------------------+------------------+
| Ubuntu 20.04                  | SKIPPED           | PASS               | SKIPPED                 | SKIPPED              | SKIPPED           | SKIPPED          |
+-------------------------------+-------------------+--------------------+-------------------------+----------------------+-------------------+------------------+
| CentOS Stream 9               | SKIPPED           | PASS               | SKIPPED                 | SKIPPED              | WARN              | SKIPPED          |
+-------------------------------+-------------------+--------------------+-------------------------+----------------------+-------------------+------------------+
| CentOS Stream 10              | SKIPPED           | PASS               | SKIPPED                 | SKIPPED              | SKIPPED           | SKIPPED          |
+-------------------------------+-------------------+--------------------+-------------------------+----------------------+-------------------+------------------+
| Debian GNU/Linux 12           | SKIPPED           | PASS               | SKIPPED                 | SKIPPED              | WARN              | SKIPPED          |
+-------------------------------+-------------------+--------------------+-------------------------+----------------------+-------------------+------------------+
| Fedora Linux 40               | SKIPPED           | PASS               | SKIPPED                 | SKIPPED              | WARN              | SKIPPED          |
+-------------------------------+-------------------+--------------------+-------------------------+----------------------+-------------------+------------------+
| Fedora Linux 41               | SKIPPED           | PASS               | SKIPPED                 | SKIPPED              | WARN              | PASS             |
+-------------------------------+-------------------+--------------------+-------------------------+----------------------+-------------------+------------------+
| openSUSE Leap 15.6            | SKIPPED           | PASS               | SKIPPED                 | SKIPPED              | SKIPPED           | SKIPPED          |
+-------------------------------+-------------------+--------------------+-------------------------+----------------------+-------------------+------------------+
| Red Hat Enterprise Linux 8.10 | SKIPPED           | PASS               | SKIPPED                 | SKIPPED              | SKIPPED           | SKIPPED          |
+-------------------------------+-------------------+--------------------+-------------------------+----------------------+-------------------+------------------+
| Red Hat Enterprise Linux 9.5  | SKIPPED           | PASS               | SKIPPED                 | SKIPPED              | SKIPPED           | SKIPPED          |
+-------------------------------+-------------------+--------------------+-------------------------+----------------------+-------------------+------------------+
| Ubuntu 22.04                  | SKIPPED           | PASS               | SKIPPED                 | SKIPPED              | WARN              | SKIPPED          |
+-------------------------------+-------------------+--------------------+-------------------------+----------------------+-------------------+------------------+
| Ubuntu 24.04                  | SKIPPED           | PASS               | SKIPPED                 | SKIPPED              | WARN              | PASS             |
+-------------------------------+-------------------+--------------------+-------------------------+----------------------+-------------------+------------------+
| Alpine Linux 3.22.0           | SKIPPED           | PASS               | SKIPPED                 | SKIPPED              | SKIPPED           | SKIPPED          |
+-------------------------------+-------------------+--------------------+-------------------------+----------------------+-------------------+------------------+

==== 20 line log output for Ubuntu 24.04 (dpdk_compile_spdk): ====
 --- Failed to get log output --- 
==== End log output ====

Windows Server 2022
	Kernel: 10.0.20348.2031
	Compiler: clang 15.0.7, gcc 14.1.0 (MinGW), and MSVC VS 19.39.33521

FreeBSD 14.2
	Kernel: 14.2-RELEASE
	Compiler: clang 18.1.6

Ubuntu 20.04
	Kernel: 4.19
	Compiler: gcc gcc (Ubuntu 9.4.0-1ubuntu1~20.04.2) 9.4.0

CentOS Stream 9
	Kernel: 5.15
	Compiler: gcc gcc (GCC) 11.5.0 20240719 (Red Hat 11.5.0-7)

CentOS Stream 10
	Kernel: 5.15
	Compiler: gcc gcc (GCC) 14.2.1 20250110 (Red Hat 14.2.1-8)

Debian GNU/Linux 12
	Kernel: 5.15
	Compiler: gcc gcc (Debian 12.2.0-14+deb12u1) 12.2.0

Fedora Linux 40
	Kernel: 5.15
	Compiler: clang gcc (GCC) 14.2.1 20240912 (Red Hat 14.2.1-3)

Fedora Linux 41
	Kernel: 5.15
	Compiler: clang gcc (GCC) 14.3.1 20250523 (Red Hat 14.3.1-1)

openSUSE Leap 15.6
	Kernel: 5.15
	Compiler: gcc gcc (SUSE Linux) 7.5.0

Red Hat Enterprise Linux 8.10
	Kernel: 5.15
	Compiler: gcc gcc (GCC) 8.5.0 20210514 (Red Hat 8.5.0-22)

Red Hat Enterprise Linux 9.5
	Kernel: 5.15
	Compiler: gcc gcc (GCC) 11.5.0 20240719 (Red Hat 11.5.0-2)

Ubuntu 22.04
	Kernel: 5.15
	Compiler: gcc gcc (Ubuntu 11.4.0-1ubuntu1~22.04) 11.4.0

Ubuntu 24.04
	Kernel: 5.15
	Compiler: gcc gcc (Ubuntu 13.3.0-6ubuntu2~24.04) 13.3.0

Alpine Linux 3.22.0
	Kernel: 5.15
	Compiler: gcc gcc (Alpine 14.2.0) 14.2.0

To view detailed results, visit:
https://lab.dpdk.org/results/dashboard/patchsets/33732/

UNH-IOL DPDK Community Lab

To manage your email subscriptions, visit: 
https://lab.dpdk.org/results/dashboard/preferences/subscriptions/

^ permalink raw reply	[flat|nested] 30+ messages in thread

* |SUCCESS| pw155447-155454 [PATCH] [v9,8/8] lib/pmu: fix out-of-bound
       [not found] <20250723044118.2962318-9-tduszynski@marvell.com>
                   ` (28 preceding siblings ...)
  2025-07-23 15:59 ` dpdklab
@ 2025-07-23 16:56 ` dpdklab
  29 siblings, 0 replies; 30+ messages in thread
From: dpdklab @ 2025-07-23 16:56 UTC (permalink / raw)
  To: Test Report; +Cc: dpdk-test-reports

Test-Label: iol-unit-arm64-testing
Test-Status: SUCCESS
http://dpdk.org/patch/155454

_Testing PASS_

Submitter: Tomasz Duszynski <tduszynski@marvell.com>
Date: Wednesday, July 23 2025 04:41:18 
DPDK git baseline: Repo:dpdk
  Branch: master
  CommitID:b222395561638f89562e4ef42e1eabf2d6db43dd

155447-155454 --> testing pass

Upstream job id: Generic-Unit-Test-DPDK#357656

Test environment and result as below:

+------------------------------+--------------+------------------------------+---------------------------+----------------+
|         Environment          | lpm_autotest | cryptodev_sw_snow3g_autotest | cryptodev_sw_zuc_autotest | dpdk_unit_test |
+==============================+==============+==============================+===========================+================+
| Ubuntu 20.04                 | PASS         | SKIPPED                      | SKIPPED                   | PASS           |
+------------------------------+--------------+------------------------------+---------------------------+----------------+
| Debian 12 (arm)              | SKIPPED      | PASS                         | PASS                      | SKIPPED        |
+------------------------------+--------------+------------------------------+---------------------------+----------------+
| CentOS Stream 9              | SKIPPED      | SKIPPED                      | SKIPPED                   | PASS           |
+------------------------------+--------------+------------------------------+---------------------------+----------------+
| CentOS Stream 10             | SKIPPED      | SKIPPED                      | SKIPPED                   | PASS           |
+------------------------------+--------------+------------------------------+---------------------------+----------------+
| Debian GNU/Linux 12          | SKIPPED      | SKIPPED                      | SKIPPED                   | PASS           |
+------------------------------+--------------+------------------------------+---------------------------+----------------+
| Red Hat Enterprise Linux 9.5 | SKIPPED      | SKIPPED                      | SKIPPED                   | PASS           |
+------------------------------+--------------+------------------------------+---------------------------+----------------+
| Fedora Linux 41              | SKIPPED      | SKIPPED                      | SKIPPED                   | PASS           |
+------------------------------+--------------+------------------------------+---------------------------+----------------+
| Fedora Linux 40              | SKIPPED      | SKIPPED                      | SKIPPED                   | PASS           |
+------------------------------+--------------+------------------------------+---------------------------+----------------+
| Ubuntu 22.04                 | SKIPPED      | SKIPPED                      | SKIPPED                   | PASS           |
+------------------------------+--------------+------------------------------+---------------------------+----------------+
| Ubuntu 24.04                 | SKIPPED      | SKIPPED                      | SKIPPED                   | PASS           |
+------------------------------+--------------+------------------------------+---------------------------+----------------+


Ubuntu 20.04
	Kernel: 5.4
	Compiler: gcc gcc (Ubuntu 9.4.0-1ubuntu1~20.04.2) 9.4.0

Debian 12 (arm)
	Kernel: Depends on container host
	Compiler: gcc (Debian 12.2.0-14) 12.2.0

CentOS Stream 9
	Kernel: 5.4
	Compiler: gcc gcc (GCC) 11.5.0 20240719 (Red Hat 11.5.0-7)

CentOS Stream 10
	Kernel: 5.4
	Compiler: gcc gcc (GCC) 14.2.1 20250110 (Red Hat 14.2.1-8)

Debian GNU/Linux 12
	Kernel: 5.4
	Compiler: gcc gcc (Debian 12.2.0-14+deb12u1) 12.2.0

Red Hat Enterprise Linux 9.5
	Kernel: 5.4
	Compiler: gcc gcc (GCC) 11.5.0 20240719 (Red Hat 11.5.0-2)

Fedora Linux 41
	Kernel: 5.4
	Compiler: clang gcc (GCC) 14.3.1 20250523 (Red Hat 14.3.1-1)

Fedora Linux 40
	Kernel: 5.4
	Compiler: clang gcc (GCC) 14.2.1 20240912 (Red Hat 14.2.1-3)

Ubuntu 22.04
	Kernel: 5.4
	Compiler: gcc gcc (Ubuntu 11.4.0-1ubuntu1~22.04) 11.4.0

Ubuntu 24.04
	Kernel: 5.4
	Compiler: gcc gcc (Ubuntu 13.3.0-6ubuntu2~24.04) 13.3.0

To view detailed results, visit:
https://lab.dpdk.org/results/dashboard/patchsets/33732/

UNH-IOL DPDK Community Lab

To manage your email subscriptions, visit: 
https://lab.dpdk.org/results/dashboard/preferences/subscriptions/

^ permalink raw reply	[flat|nested] 30+ messages in thread

end of thread, other threads:[~2025-07-23 16:56 UTC | newest]

Thread overview: 30+ messages (download: mbox.gz / follow: Atom feed)
-- links below jump to the message on this page --
     [not found] <20250723044118.2962318-9-tduszynski@marvell.com>
2025-07-23  4:38 ` |SUCCESS| pw155447-155454 [PATCH v9 8/8] lib/pmu: fix out-of-bound access qemudev
2025-07-23  4:40 ` |SUCCESS| pw155454 " checkpatch
2025-07-23  4:42 ` |SUCCESS| pw155447-155454 " qemudev
2025-07-23  6:29 ` |SUCCESS| pw155447-155454 [PATCH] [v9,8/8] lib/pmu: fix out-of-bound dpdklab
2025-07-23  6:34 ` dpdklab
2025-07-23  6:43 ` |FAILURE| pw155454 [PATCH v9 8/8] lib/pmu: fix out-of-bound access 0-day Robot
2025-07-23  6:44 ` |PENDING| pw155447-155454 [PATCH] [v9,8/8] lib/pmu: fix out-of-bound dpdklab
2025-07-23  6:54 ` |SUCCESS| " dpdklab
2025-07-23  6:57 ` dpdklab
2025-07-23  7:06 ` dpdklab
2025-07-23  7:06 ` dpdklab
2025-07-23  7:08 ` dpdklab
2025-07-23  7:22 ` dpdklab
2025-07-23  7:36 ` |PENDING| " dpdklab
2025-07-23  9:09 ` |SUCCESS| " dpdklab
2025-07-23  9:12 ` |PENDING| " dpdklab
2025-07-23  9:54 ` |SUCCESS| " dpdklab
2025-07-23 10:57 ` dpdklab
2025-07-23 11:19 ` |PENDING| " dpdklab
2025-07-23 12:42 ` |SUCCESS| " dpdklab
2025-07-23 12:43 ` dpdklab
2025-07-23 12:44 ` dpdklab
2025-07-23 12:45 ` dpdklab
2025-07-23 15:07 ` |WARNING| " dpdklab
2025-07-23 15:07 ` dpdklab
2025-07-23 15:55 ` dpdklab
2025-07-23 15:55 ` dpdklab
2025-07-23 15:56 ` dpdklab
2025-07-23 15:59 ` dpdklab
2025-07-23 16:56 ` |SUCCESS| " dpdklab

This is a public inbox, see mirroring instructions
for how to clone and mirror all data and code used for this inbox;
as well as URLs for NNTP newsgroup(s).