From: dpdklab@iol.unh.edu
To: Test Report <test-report@dpdk.org>
Cc: dpdk-test-reports@iol.unh.edu
Subject: |WARNING| pw155447-155454 [PATCH] [v9,8/8] lib/pmu: fix out-of-bound
Date: Wed, 23 Jul 2025 08:07:49 -0700 (PDT) [thread overview]
Message-ID: <6880fac5.170a0220.48247.0f65SMTPIN_ADDED_MISSING@mx.google.com> (raw)
In-Reply-To: <20250723044118.2962318-9-tduszynski@marvell.com>
Test-Label: iol-compile-amd64-testing
Test-Status: WARNING
http://dpdk.org/patch/155454
_Testing issues_
Submitter: Tomasz Duszynski <tduszynski@marvell.com>
Date: Wednesday, July 23 2025 04:41:18
DPDK git baseline: Repo:dpdk
Branch: master
CommitID:b222395561638f89562e4ef42e1eabf2d6db43dd
155447-155454 --> testing issues
Upstream job id: Generic-DPDK-Compile-Meson#411456
Test environment and result as below:
+-------------------------------+-------------------+--------------------+-------------------------+----------------------+-------------------+------------------+
| Environment | dpdk_msvc_compile | dpdk_meson_compile | dpdk_llvm_clang_compile | dpdk_mingw64_compile | dpdk_compile_spdk | dpdk_compile_ovs |
+===============================+===================+====================+=========================+======================+===================+==================+
| Windows Server 2022 | PASS | SKIPPED | PASS | PASS | SKIPPED | SKIPPED |
+-------------------------------+-------------------+--------------------+-------------------------+----------------------+-------------------+------------------+
| FreeBSD 14.2 | SKIPPED | PASS | SKIPPED | SKIPPED | SKIPPED | SKIPPED |
+-------------------------------+-------------------+--------------------+-------------------------+----------------------+-------------------+------------------+
| Ubuntu 20.04 | SKIPPED | PEND | SKIPPED | SKIPPED | SKIPPED | SKIPPED |
+-------------------------------+-------------------+--------------------+-------------------------+----------------------+-------------------+------------------+
| CentOS Stream 9 | SKIPPED | PASS | SKIPPED | SKIPPED | WARN | SKIPPED |
+-------------------------------+-------------------+--------------------+-------------------------+----------------------+-------------------+------------------+
| CentOS Stream 10 | SKIPPED | PEND | SKIPPED | SKIPPED | SKIPPED | SKIPPED |
+-------------------------------+-------------------+--------------------+-------------------------+----------------------+-------------------+------------------+
| Debian GNU/Linux 12 | SKIPPED | PEND | SKIPPED | SKIPPED | PEND | SKIPPED |
+-------------------------------+-------------------+--------------------+-------------------------+----------------------+-------------------+------------------+
| Fedora Linux 40 | SKIPPED | PEND | SKIPPED | SKIPPED | PEND | SKIPPED |
+-------------------------------+-------------------+--------------------+-------------------------+----------------------+-------------------+------------------+
| Fedora Linux 41 | SKIPPED | PEND | SKIPPED | SKIPPED | PEND | PEND |
+-------------------------------+-------------------+--------------------+-------------------------+----------------------+-------------------+------------------+
| openSUSE Leap 15.6 | SKIPPED | PEND | SKIPPED | SKIPPED | SKIPPED | SKIPPED |
+-------------------------------+-------------------+--------------------+-------------------------+----------------------+-------------------+------------------+
| Red Hat Enterprise Linux 8.10 | SKIPPED | PEND | SKIPPED | SKIPPED | SKIPPED | SKIPPED |
+-------------------------------+-------------------+--------------------+-------------------------+----------------------+-------------------+------------------+
| Red Hat Enterprise Linux 9.5 | SKIPPED | PASS | SKIPPED | SKIPPED | SKIPPED | SKIPPED |
+-------------------------------+-------------------+--------------------+-------------------------+----------------------+-------------------+------------------+
| Ubuntu 22.04 | SKIPPED | PEND | SKIPPED | SKIPPED | PEND | SKIPPED |
+-------------------------------+-------------------+--------------------+-------------------------+----------------------+-------------------+------------------+
| Ubuntu 24.04 | SKIPPED | PEND | SKIPPED | SKIPPED | PEND | PEND |
+-------------------------------+-------------------+--------------------+-------------------------+----------------------+-------------------+------------------+
| Alpine Linux 3.22.0 | SKIPPED | PEND | SKIPPED | SKIPPED | SKIPPED | SKIPPED |
+-------------------------------+-------------------+--------------------+-------------------------+----------------------+-------------------+------------------+
==== 20 line log output for CentOS Stream 9 (dpdk_compile_spdk): ====
--- Failed to get log output ---
==== End log output ====
Windows Server 2022
Kernel: 10.0.20348.2031
Compiler: clang 15.0.7, gcc 14.1.0 (MinGW), and MSVC VS 19.39.33521
FreeBSD 14.2
Kernel: 14.2-RELEASE
Compiler: clang 18.1.6
Ubuntu 20.04
Kernel: 4.19
Compiler: gcc gcc (Ubuntu 9.4.0-1ubuntu1~20.04.2) 9.4.0
CentOS Stream 9
Kernel: 5.15
Compiler: gcc gcc (GCC) 11.5.0 20240719 (Red Hat 11.5.0-7)
CentOS Stream 10
Kernel: 5.15
Compiler: gcc gcc (GCC) 14.2.1 20250110 (Red Hat 14.2.1-8)
Debian GNU/Linux 12
Kernel: 5.15
Compiler: gcc gcc (Debian 12.2.0-14+deb12u1) 12.2.0
Fedora Linux 40
Kernel: 5.15
Compiler: clang gcc (GCC) 14.2.1 20240912 (Red Hat 14.2.1-3)
Fedora Linux 41
Kernel: 5.15
Compiler: clang gcc (GCC) 14.3.1 20250523 (Red Hat 14.3.1-1)
openSUSE Leap 15.6
Kernel: 5.15
Compiler: gcc gcc (SUSE Linux) 7.5.0
Red Hat Enterprise Linux 8.10
Kernel: 5.15
Compiler: gcc gcc (GCC) 8.5.0 20210514 (Red Hat 8.5.0-22)
Red Hat Enterprise Linux 9.5
Kernel: 5.15
Compiler: gcc gcc (GCC) 11.5.0 20240719 (Red Hat 11.5.0-2)
Ubuntu 22.04
Kernel: 5.15
Compiler: gcc gcc (Ubuntu 11.4.0-1ubuntu1~22.04) 11.4.0
Ubuntu 24.04
Kernel: 5.15
Compiler: gcc gcc (Ubuntu 13.3.0-6ubuntu2~24.04) 13.3.0
Alpine Linux 3.22.0
Kernel: 5.15
Compiler: gcc gcc (Alpine 14.2.0) 14.2.0
To view detailed results, visit:
https://lab.dpdk.org/results/dashboard/patchsets/33732/
UNH-IOL DPDK Community Lab
To manage your email subscriptions, visit:
https://lab.dpdk.org/results/dashboard/preferences/subscriptions/
next prev parent reply other threads:[~2025-07-23 15:07 UTC|newest]
Thread overview: 31+ messages / expand[flat|nested] mbox.gz Atom feed top
[not found] <20250723044118.2962318-9-tduszynski@marvell.com>
2025-07-23 4:38 ` |SUCCESS| pw155447-155454 [PATCH v9 8/8] lib/pmu: fix out-of-bound access qemudev
2025-07-23 4:40 ` |SUCCESS| pw155454 " checkpatch
2025-07-23 4:42 ` |SUCCESS| pw155447-155454 " qemudev
2025-07-23 6:29 ` |SUCCESS| pw155447-155454 [PATCH] [v9,8/8] lib/pmu: fix out-of-bound dpdklab
2025-07-23 6:34 ` dpdklab
2025-07-23 6:43 ` |FAILURE| pw155454 [PATCH v9 8/8] lib/pmu: fix out-of-bound access 0-day Robot
2025-07-23 6:44 ` |PENDING| pw155447-155454 [PATCH] [v9,8/8] lib/pmu: fix out-of-bound dpdklab
2025-07-23 6:54 ` |SUCCESS| " dpdklab
2025-07-23 6:57 ` dpdklab
2025-07-23 7:06 ` dpdklab
2025-07-23 7:06 ` dpdklab
2025-07-23 7:08 ` dpdklab
2025-07-23 7:22 ` dpdklab
2025-07-23 7:36 ` |PENDING| " dpdklab
2025-07-23 9:09 ` |SUCCESS| " dpdklab
2025-07-23 9:12 ` |PENDING| " dpdklab
2025-07-23 9:54 ` |SUCCESS| " dpdklab
2025-07-23 10:57 ` dpdklab
2025-07-23 11:19 ` |PENDING| " dpdklab
2025-07-23 12:42 ` |SUCCESS| " dpdklab
2025-07-23 12:43 ` dpdklab
2025-07-23 12:44 ` dpdklab
2025-07-23 12:45 ` dpdklab
2025-07-23 15:07 ` |WARNING| " dpdklab
2025-07-23 15:07 ` dpdklab [this message]
2025-07-23 15:55 ` dpdklab
2025-07-23 15:55 ` dpdklab
2025-07-23 15:56 ` dpdklab
2025-07-23 15:59 ` dpdklab
2025-07-23 16:56 ` |SUCCESS| " dpdklab
2025-07-23 22:47 ` dpdklab
Reply instructions:
You may reply publicly to this message via plain-text email
using any one of the following methods:
* Save the following mbox file, import it into your mail client,
and reply-to-all from there: mbox
Avoid top-posting and favor interleaved quoting:
https://en.wikipedia.org/wiki/Posting_style#Interleaved_style
* Reply using the --to, --cc, and --in-reply-to
switches of git-send-email(1):
git send-email \
--in-reply-to=6880fac5.170a0220.48247.0f65SMTPIN_ADDED_MISSING@mx.google.com \
--to=dpdklab@iol.unh.edu \
--cc=dpdk-test-reports@iol.unh.edu \
--cc=test-report@dpdk.org \
/path/to/YOUR_REPLY
https://kernel.org/pub/software/scm/git/docs/git-send-email.html
* If your mail client supports setting the In-Reply-To header
via mailto: links, try the mailto: link
Be sure your reply has a Subject: header at the top and a blank line
before the message body.
This is a public inbox, see mirroring instructions
for how to clone and mirror all data and code used for this inbox;
as well as URLs for NNTP newsgroup(s).