From mboxrd@z Thu Jan 1 00:00:00 1970 Return-Path: Received: from mails.dpdk.org (mails.dpdk.org [217.70.189.124]) by inbox.dpdk.org (Postfix) with ESMTP id 28BF046BF4 for ; Wed, 23 Jul 2025 20:14:38 +0200 (CEST) Received: from mails.dpdk.org (localhost [127.0.0.1]) by mails.dpdk.org (Postfix) with ESMTP id 09C5C40267; Wed, 23 Jul 2025 20:14:38 +0200 (CEST) Received: from mail-qt1-f227.google.com (mail-qt1-f227.google.com [209.85.160.227]) by mails.dpdk.org (Postfix) with ESMTP id 0A61940267 for ; Wed, 23 Jul 2025 20:14:37 +0200 (CEST) Received: by mail-qt1-f227.google.com with SMTP id d75a77b69052e-4abc006bcadso2869201cf.0 for ; Wed, 23 Jul 2025 11:14:36 -0700 (PDT) DKIM-Signature: v=1; a=rsa-sha256; c=relaxed/relaxed; d=iol.unh.edu; s=unh-iol; t=1753294476; x=1753899276; darn=dpdk.org; h=references:in-reply-to:cc:to:from:subject:message-id:date:from:to :cc:subject:date:message-id:reply-to; bh=7aW0Ms7wcHTmSGR3hn/QBWC6iK8yPfxMiW1xYN3Molw=; b=EycHOEvkEOloUj4nnE6nNLblitg2h5S5Zuv0m/hp5TnGcJfjmn3BuOmmRavaOnWnjz rMlbrHtblC8MKkeU5yfliw+edmLrd58aH0gD2wI1+pAgDPtPmeYp8uO3CTFPQicGjVBY lZUeuBixfMqRfUmWq+1g54OiLa4FggWvqm33o= X-Google-DKIM-Signature: v=1; a=rsa-sha256; c=relaxed/relaxed; d=1e100.net; s=20230601; t=1753294476; x=1753899276; h=references:in-reply-to:cc:to:from:subject:message-id:date :x-gm-message-state:from:to:cc:subject:date:message-id:reply-to; bh=7aW0Ms7wcHTmSGR3hn/QBWC6iK8yPfxMiW1xYN3Molw=; b=GPvVwWDBj1ODD2QF1mSVqwnKasgqEnkQvXApvhkvbwo6CahzQ6hghbL1FhDDcP2Rrk DpYveE8z/RAaNzaJ6cTqReTPUGdCMlFynwpa5opE/uZYeiDbXF96E/vWK1dwCncAEgnv aWlhRFCdZq2fwsdbyVIKPF26VxALul6hE09Z5exR5g5RyGKFSAS+zXF0UPLsaZcDm1io gQw79e552VU1KvSdmGvL1Rx6wROpMJwfFUekgAN5rj0/NiiKxsNcZM6Qvc70psi3RElx JOVZprFiwT1z7DMNx7vv7T6/aVYZ2Ua/cUm1iUTiE2dPQIOYdhsycmqXGYGYFgSGu/Sq +rHw== X-Gm-Message-State: AOJu0YwTIFayHzveCewdQwPscPE7UxoRNpa3dHeksokUsGdZyzn/lbLl GN9vlVLs36vQNCXPfxJGtiVmWTT6f9WS/+UlD3SURouQNJQts+onB8/cmpLMBNxIeHikq9UiB1L 3ir5jPWcQSy7Iu3l+a5PESW72zMkBMJtRgkFNLh2mAEF3 X-Gm-Gg: ASbGncva6ajEEwSutfF1ZA+17GvUcWcXuytK0la+sVZlwIAEOIufgow8pxepbcEsutJ +a+4f7pVaNjJci1BlkCm3xHT/LmI180IMvd44a7tNfJlXDCDcesWItRpkI8zHRJT1x2MrpO8qWv CGgZiSCiuswrimsLjq5lM29TNJL26oGJdycKsFUUHlRyVheteX/YLfb3kJRcl6Q5qCXfCdUpH9E zfsTgW6cf0l9dSeuX6n9KcVPm5qniLDQiOtMZzqoVqCAHbq4//g9sw4yG7jSzIni89cXZFhUt3U /XX9/a8qULe/4vfC9tOrRX8vPapX2eHXl8w8iWSKVDAkTdHXhYmhZHNkIYWQ4X86dfq+glkW X-Google-Smtp-Source: AGHT+IHx9yPilFoD5/NmRd3CRxhPlDZrzz3CeSHmnqfCUiLXbs0ipwOlD7vZQUDcm+Jln4gST+GjFvRxPzIV X-Received: by 2002:a05:6214:1cc7:b0:701:9d0:1408 with SMTP id 6a1803df08f44-707005665ebmr53333616d6.20.1753294475885; Wed, 23 Jul 2025 11:14:35 -0700 (PDT) Received: from postal.iol.unh.edu (postal.iol.unh.edu. [132.177.123.84]) by smtp-relay.gmail.com with ESMTPS id 6a1803df08f44-7051ba85e61sm6267336d6.29.2025.07.23.11.14.35 (version=TLS1_2 cipher=ECDHE-ECDSA-AES128-GCM-SHA256 bits=128/128); Wed, 23 Jul 2025 11:14:35 -0700 (PDT) X-Relaying-Domain: iol.unh.edu Date: Wed, 23 Jul 2025 11:14:35 -0700 (PDT) Message-ID: <6881268b.050a0220.1693c0.f695SMTPIN_ADDED_MISSING@mx.google.com> Received: from [172.21.0.2] (unknown [172.18.0.240]) by postal.iol.unh.edu (Postfix) with ESMTP id 9508E604D420; Wed, 23 Jul 2025 14:14:35 -0400 (EDT) Subject: |FAILURE| pw155461-155481 [PATCH] [v5,22/22] ci: extend coverage wit From: dpdklab@iol.unh.edu To: Test Report Cc: dpdk-test-reports@iol.unh.edu, David Marchand In-Reply-To: <20250723133157.159825-23-david.marchand@redhat.com> References: <20250723133157.159825-23-david.marchand@redhat.com> Content-Type: text/plain X-BeenThere: test-report@dpdk.org X-Mailman-Version: 2.1.29 Precedence: list List-Id: automatic DPDK test reports List-Unsubscribe: , List-Archive: List-Post: List-Help: List-Subscribe: , Errors-To: test-report-bounces@dpdk.org Test-Label: iol-abi-testing Test-Status: FAILURE http://dpdk.org/patch/155481 _Testing issues_ Submitter: David Marchand Date: Wednesday, July 23 2025 13:31:55 DPDK git baseline: Repo:dpdk Branch: master CommitID:e3183a6edafdc41bfd71de1517f9e9ec85eb1276 155461-155481 --> testing issues Upstream job id: Generic-DPDK-Compile-ABI#135514 Test environment and result as below: +-------------------------------+----------+ | Environment | abi_test | +===============================+==========+ | Red Hat Enterprise Linux 9.5 | FAIL | +-------------------------------+----------+ | Ubuntu 22.04 | FAIL | +-------------------------------+----------+ | Fedora Linux 40 | FAIL | +-------------------------------+----------+ | Debian GNU/Linux 12 | FAIL | +-------------------------------+----------+ | CentOS Stream 9 | FAIL | +-------------------------------+----------+ | Red Hat Enterprise Linux 8.10 | FAIL | +-------------------------------+----------+ | openSUSE Leap 15.6 | FAIL | +-------------------------------+----------+ | Fedora Linux 41 | FAIL | +-------------------------------+----------+ | CentOS Stream 10 | FAIL | +-------------------------------+----------+ | Ubuntu 24.04 | FAIL | +-------------------------------+----------+ ==== 20 line log output for Ubuntu 24.04 (abi_test): ==== Error: cannot find librte_table.so.25.0 in build_install Error: cannot find librte_port.so.25.0 in build_install Error: cannot find librte_security.so.25.0 in build_install Error: cannot find librte_reorder.so.25.0 in build_install Error: cannot find librte_dmadev.so.25.0 in build_install Error: cannot find librte_lpm.so.25.0 in build_install Error: cannot find librte_eventdev.so.25.0 in build_install Error: cannot find librte_cfgfile.so.25.0 in build_install Error: cannot find librte_distributor.so.25.0 in build_install Error: cannot find librte_pdump.so.25.0 in build_install Error: cannot find librte_meter.so.25.0 in build_install Error: cannot find librte_gro.so.25.0 in build_install Error: cannot find librte_efd.so.25.0 in build_install Error: cannot find librte_regexdev.so.25.0 in build_install Error: cannot find librte_node.so.25.0 in build_install Error: cannot find librte_stack.so.25.0 in build_install Error: cannot find librte_rcu.so.25.0 in build_install Error: cannot find librte_pdcp.so.25.0 in build_install Error: cannot find librte_compressdev.so.25.0 in build_install Error: cannot find librte_argparse.so.25.0 in build_install ==== End log output ==== Red Hat Enterprise Linux 9.5 Kernel: 5.15 Compiler: gcc gcc (GCC) 11.5.0 20240719 (Red Hat 11.5.0-2) Ubuntu 22.04 Kernel: 5.15 Compiler: gcc gcc (Ubuntu 11.4.0-1ubuntu1~22.04) 11.4.0 Fedora Linux 40 Kernel: 5.15 Compiler: clang gcc (GCC) 14.2.1 20240912 (Red Hat 14.2.1-3) Debian GNU/Linux 12 Kernel: 5.15 Compiler: gcc gcc (Debian 12.2.0-14+deb12u1) 12.2.0 CentOS Stream 9 Kernel: 5.15 Compiler: gcc gcc (GCC) 11.5.0 20240719 (Red Hat 11.5.0-7) Red Hat Enterprise Linux 8.10 Kernel: 5.15 Compiler: gcc gcc (GCC) 8.5.0 20210514 (Red Hat 8.5.0-22) openSUSE Leap 15.6 Kernel: 5.15 Compiler: gcc gcc (SUSE Linux) 7.5.0 Fedora Linux 41 Kernel: 5.15 Compiler: clang gcc (GCC) 14.3.1 20250523 (Red Hat 14.3.1-1) CentOS Stream 10 Kernel: 5.15 Compiler: gcc gcc (GCC) 14.2.1 20250110 (Red Hat 14.2.1-8) Ubuntu 24.04 Kernel: 5.15 Compiler: gcc gcc (Ubuntu 13.3.0-6ubuntu2~24.04) 13.3.0 To view detailed results, visit: https://lab.dpdk.org/results/dashboard/patchsets/33738/ UNH-IOL DPDK Community Lab To manage your email subscriptions, visit: https://lab.dpdk.org/results/dashboard/preferences/subscriptions/