From mboxrd@z Thu Jan 1 00:00:00 1970 Return-Path: Received: from mails.dpdk.org (mails.dpdk.org [217.70.189.124]) by inbox.dpdk.org (Postfix) with ESMTP id D1BC146BF4 for ; Wed, 23 Jul 2025 21:21:55 +0200 (CEST) Received: from mails.dpdk.org (localhost [127.0.0.1]) by mails.dpdk.org (Postfix) with ESMTP id CBE8340267; Wed, 23 Jul 2025 21:21:55 +0200 (CEST) Received: from mail-ot1-f100.google.com (mail-ot1-f100.google.com [209.85.210.100]) by mails.dpdk.org (Postfix) with ESMTP id 8A22F40267 for ; Wed, 23 Jul 2025 21:21:54 +0200 (CEST) Received: by mail-ot1-f100.google.com with SMTP id 46e09a7af769-73e650f3c31so58361a34.3 for ; Wed, 23 Jul 2025 12:21:54 -0700 (PDT) DKIM-Signature: v=1; a=rsa-sha256; c=relaxed/relaxed; d=iol.unh.edu; s=unh-iol; t=1753298514; x=1753903314; darn=dpdk.org; h=references:in-reply-to:cc:to:from:subject:message-id:date:from:to :cc:subject:date:message-id:reply-to; bh=VrwX7rr3bKveR9UiVwIbW7e+qkeOgQIbfAhUNWwMTKg=; b=QJMepCxhQuJn6tlh65fcatH4FnfuzI49DqbWnjxczT76IFq06kbbJTiZDBVkPd70Jq fk/DfWN+bEbVdvHss/ImeFDr1EHMHz9IUb9X3qIdvImpDkvzBtjNpYK5Yuxitljkw12Y B5g9g5kLDmULQa+Pr/F4yB9O0Ppth4RjFyi5M= X-Google-DKIM-Signature: v=1; a=rsa-sha256; c=relaxed/relaxed; d=1e100.net; s=20230601; t=1753298514; x=1753903314; h=references:in-reply-to:cc:to:from:subject:message-id:date :x-gm-message-state:from:to:cc:subject:date:message-id:reply-to; bh=VrwX7rr3bKveR9UiVwIbW7e+qkeOgQIbfAhUNWwMTKg=; b=iIShnuAl8aONnQHd5zd4XaFL4X1W9ZvjVOd0coQKOUoKo1/ZRICt4ctiBuuo45J+Bv oY+7fZW64UQ9VoDK7BpKGrRXf0ATVJyAAcN57eRuP81ehZf1jykbH0cGJP3SigdMwYfF Nh0nK9ZBC6UJQnyvnXiflzspxare+QqzpeVGH7EAcSk8E76Nf6Y5rl2eFdZnfRgujo9H mLqLl3cYbHYAzGAcGq5zFUQKQulzDMPtojK4q+Vj/ugUJt48fQi2rhh3l8GXijHsHdm6 HdpoILAI4cXwjizMGrS7VgsD0bZ9wjruaGsjx0AuyTx6a2b8e4alVnY2qkHQbbAXLR+0 6DXw== X-Gm-Message-State: AOJu0Yy7WrsN7PnS0Fjpmbb4soT3eRr1J6TaFJwkjQs6+ZwyjHa1SIXU u0hchJxVIaDLOY11XD/ka7cn/VgjaeWvSeR2uIeFknv2nCOFB2QDf0yonID/8SeKySxvlj5O2Gq j9E3mzw7eXLJq+iJa99bxuhbHUDIBwTd/06WANvkadf/q X-Gm-Gg: ASbGncumLTWFt4cHeTS6cfhLWws49cuZRTdlNAMJdP843+PT/h8UzjIMR5XubfI7FIe 5VEG7RD9Il76J54YzvCd7Uay6hMSAc3cG8eT8+zMd5kfbf0SRyBx6FupOc1uq8wZkwEnX18CPXE C92n2jV2OISoxRv38OI1gzqFdAhFrdu3SedDAXJrwzKggQeH8EW7Pnz4AQ6vvd7kG1s+6sjT21O od2Bq5bZmen9zYPaII7jN6NJSszVDW96Expj6M8bXyc0n48FV1Ymzlhq+xcOSZ3k6cpltUCPMji C4i+DIdPkI2Qv94HrnwAwwOhPn0NouD6riXkM++8lvGEn1+SWfFdBsWTBGxPhYNU+UQzGEM4 X-Google-Smtp-Source: AGHT+IHl69LygM6RNpy9gqsuUSwpWmuxwaF+97DrXleqd/txhZI+nnzZ/wcqt57oVKPHj3UmhNkYtERRpYGk X-Received: by 2002:a05:6871:61cb:b0:2ff:a2b5:bfca with SMTP id 586e51a60fabf-306c723ac64mr2586257fac.19.1753298513803; Wed, 23 Jul 2025 12:21:53 -0700 (PDT) Received: from postal.iol.unh.edu (postal.iol.unh.edu. [132.177.123.84]) by smtp-relay.gmail.com with ESMTPS id 586e51a60fabf-306e1c83270sm2628fac.22.2025.07.23.12.21.53 (version=TLS1_2 cipher=ECDHE-ECDSA-AES128-GCM-SHA256 bits=128/128); Wed, 23 Jul 2025 12:21:53 -0700 (PDT) X-Relaying-Domain: iol.unh.edu Date: Wed, 23 Jul 2025 12:21:53 -0700 (PDT) Message-ID: <68813651.050a0220.340e5c.022eSMTPIN_ADDED_MISSING@mx.google.com> Received: from [172.21.0.3] (unknown [172.18.0.240]) by postal.iol.unh.edu (Postfix) with ESMTP id 52910604D420; Wed, 23 Jul 2025 15:21:53 -0400 (EDT) Subject: |FAILURE| pw155483 [PATCH] net/tap: fix BPF build failure in cross-c From: dpdklab@iol.unh.edu To: Test Report Cc: dpdk-test-reports@iol.unh.edu, Ashok Kaladi In-Reply-To: <20250723125702.3787183-1-ashok.k.kaladi@intel.com> References: <20250723125702.3787183-1-ashok.k.kaladi@intel.com> Content-Type: text/plain X-BeenThere: test-report@dpdk.org X-Mailman-Version: 2.1.29 Precedence: list List-Id: automatic DPDK test reports List-Unsubscribe: , List-Archive: List-Post: List-Help: List-Subscribe: , Errors-To: test-report-bounces@dpdk.org Test-Label: iol-abi-testing Test-Status: FAILURE http://dpdk.org/patch/155483 _Testing issues_ Submitter: Ashok Kaladi Date: Wednesday, July 23 2025 12:57:02 DPDK git baseline: Repo:dpdk Branch: master CommitID:899bc9e500ccc718c12b1df4b920dcf0cbeb6265 155483 --> testing issues Upstream job id: Generic-DPDK-Compile-ABI#135526 Test environment and result as below: +-------------------------------+----------+ | Environment | abi_test | +===============================+==========+ | Ubuntu 22.04 | FAIL | +-------------------------------+----------+ | Ubuntu 24.04 | FAIL | +-------------------------------+----------+ | CentOS Stream 9 | FAIL | +-------------------------------+----------+ | CentOS Stream 10 | FAIL | +-------------------------------+----------+ | Fedora Linux 41 | FAIL | +-------------------------------+----------+ | Red Hat Enterprise Linux 8.10 | FAIL | +-------------------------------+----------+ | Debian GNU/Linux 12 | FAIL | +-------------------------------+----------+ | Fedora Linux 40 | FAIL | +-------------------------------+----------+ | openSUSE Leap 15.6 | FAIL | +-------------------------------+----------+ | Red Hat Enterprise Linux 9.5 | FAIL | +-------------------------------+----------+ ==== 20 line log output for Red Hat Enterprise Linux 9.5 (abi_test): ==== Error: cannot find librte_eventdev.so.25.0 in build_install Error: cannot find librte_table.so.25.0 in build_install Error: cannot find librte_rcu.so.25.0 in build_install Error: cannot find librte_reorder.so.25.0 in build_install Error: cannot find librte_latencystats.so.25.0 in build_install Error: cannot find librte_meter.so.25.0 in build_install Error: cannot find librte_net.so.25.0 in build_install Error: cannot find librte_ip_frag.so.25.0 in build_install Error: cannot find librte_mempool.so.25.0 in build_install Error: cannot find librte_jobstats.so.25.0 in build_install Error: cannot find librte_fib.so.25.0 in build_install Error: cannot find librte_sched.so.25.0 in build_install Error: cannot find librte_regexdev.so.25.0 in build_install Error: cannot find librte_ethdev.so.25.0 in build_install Error: cannot find librte_lpm.so.25.0 in build_install Error: cannot find librte_metrics.so.25.0 in build_install Error: cannot find librte_security.so.25.0 in build_install Error: cannot find librte_vhost.so.25.0 in build_install Error: cannot find librte_ring.so.25.0 in build_install Error: cannot find librte_dispatcher.so.25.0 in build_install ==== End log output ==== Ubuntu 22.04 Kernel: 5.15 Compiler: gcc gcc (Ubuntu 11.4.0-1ubuntu1~22.04) 11.4.0 Ubuntu 24.04 Kernel: 5.15 Compiler: gcc gcc (Ubuntu 13.3.0-6ubuntu2~24.04) 13.3.0 CentOS Stream 9 Kernel: 5.15 Compiler: gcc gcc (GCC) 11.5.0 20240719 (Red Hat 11.5.0-7) CentOS Stream 10 Kernel: 5.15 Compiler: gcc gcc (GCC) 14.2.1 20250110 (Red Hat 14.2.1-8) Fedora Linux 41 Kernel: 5.15 Compiler: gcc gcc (GCC) 14.3.1 20250523 (Red Hat 14.3.1-1) Red Hat Enterprise Linux 8.10 Kernel: 5.15 Compiler: gcc gcc (GCC) 8.5.0 20210514 (Red Hat 8.5.0-22) Debian GNU/Linux 12 Kernel: 5.15 Compiler: gcc gcc (Debian 12.2.0-14+deb12u1) 12.2.0 Fedora Linux 40 Kernel: 5.15 Compiler: clang gcc (GCC) 14.2.1 20240912 (Red Hat 14.2.1-3) openSUSE Leap 15.6 Kernel: 5.15 Compiler: gcc gcc (SUSE Linux) 7.5.0 Red Hat Enterprise Linux 9.5 Kernel: 5.15 Compiler: gcc gcc (GCC) 11.5.0 20240719 (Red Hat 11.5.0-2) To view detailed results, visit: https://lab.dpdk.org/results/dashboard/patchsets/33740/ UNH-IOL DPDK Community Lab To manage your email subscriptions, visit: https://lab.dpdk.org/results/dashboard/preferences/subscriptions/