From mboxrd@z Thu Jan 1 00:00:00 1970 Return-Path: Received: from mails.dpdk.org (mails.dpdk.org [217.70.189.124]) by inbox.dpdk.org (Postfix) with ESMTP id 21CAD46BF5 for ; Wed, 23 Jul 2025 22:32:36 +0200 (CEST) Received: from mails.dpdk.org (localhost [127.0.0.1]) by mails.dpdk.org (Postfix) with ESMTP id 1B9F740151; Wed, 23 Jul 2025 22:32:36 +0200 (CEST) Received: from mail-pl1-f225.google.com (mail-pl1-f225.google.com [209.85.214.225]) by mails.dpdk.org (Postfix) with ESMTP id ED63840151 for ; Wed, 23 Jul 2025 22:32:34 +0200 (CEST) Received: by mail-pl1-f225.google.com with SMTP id d9443c01a7336-23694cec0feso2383685ad.2 for ; Wed, 23 Jul 2025 13:32:34 -0700 (PDT) DKIM-Signature: v=1; a=rsa-sha256; c=relaxed/relaxed; d=iol.unh.edu; s=unh-iol; t=1753302754; x=1753907554; darn=dpdk.org; h=references:in-reply-to:cc:to:from:subject:message-id:date:from:to :cc:subject:date:message-id:reply-to; bh=VooB7y1Rgy2XttYCcxEPRqas/UhnZ99fuF8/KSWd2PM=; b=B2SaFQkqQQsj8YLmXfKIdS0W27Kc8HGYFKuaGRaWYwGP3EK12GMj2qYJ3C4X2J+bxS 27jCBF+EvwT6SqzdY6bMYIgIYdjlZrhbhUR4zLffuWGajvcllhcJ87vvLQ+hOZO3Opn1 MQGNPVGnwuqI/1TXrEIxsm9ezspXfOClpzwlw= X-Google-DKIM-Signature: v=1; a=rsa-sha256; c=relaxed/relaxed; d=1e100.net; s=20230601; t=1753302754; x=1753907554; h=references:in-reply-to:cc:to:from:subject:message-id:date :x-gm-message-state:from:to:cc:subject:date:message-id:reply-to; bh=VooB7y1Rgy2XttYCcxEPRqas/UhnZ99fuF8/KSWd2PM=; b=dEJvkG5YmfQIZF4IuJjaNeP0H4pHyg8hsSy1yERRa+sj2H7DOxA06knVKWMdbg/b4P 2K6Dypo1+82XJFTwHS2j6thFo26Lz/0mDUUpEWnwEfjt3TGbYTlrREnbrU2k375ZwqLX Eg+PlRdv8O81xYYUYqyYIw+o/yMJYBFnIxqPADfzPBbOn9p/Gx2S8p3UWJjc4kEDZP9v VS8cu/Uem5tUDgvv+WkNfUVSVhJAduOWJUF0jPGQR2GQ1Puf0NDCnx3J6E0z24/ZSqyL X5gzQFMdm9gMJXg0XV6wei7qzjeBKL4Kr7pM/utpcocHo4LnEtdoWFyC8ZErpL4xLR9N TUOw== X-Gm-Message-State: AOJu0YwQ5zGDJtEI5PffT35I6Iy42rNioX8G+wQiofgUYsG1wkFiRIF/ H49D/v9HGWLXvxRFfsOz4g8l8qZfP0j4gWYxna5vwqSGvyJ6+6AU4CkphxtZHFcg05n/vGAfWmm 9W6zXbt+tPwSEh32A8p8ZTmOqujs6qWGxqBodWm2rSzAV6LHrB4028wnbNLm1 X-Gm-Gg: ASbGncvAgJSIBK6Hw7sd0cjGzOEtFG6+A5X+U2H4EJJZlPSykiMdoYxmF5aFPMEHl92 J2RduEHpUvfFWiOC+BRKp4AQ8Ji+7i5UdvvlkAR2JCSg8V4GOHL8Xj7xQlGidr7UesAU2jUi1lQ 4oNjok9rwZAPeTh8GiQT/tpVaezeqW6LPfFmkFJ+9HyxDvpbleMjVNfukZEbOlx2banf9k23Ocg nDPZJHsJHl6n+DjagT5NP9+ZV2BEQtOW55o0K7N+h8JblKJvwzM90zojlrf1tXrZOeYMmcdM/7U es6XFkRJIoJVAb2RkCT7NZ3OjN/atjQA71dyAHw8qLWqDT7pnQ== X-Google-Smtp-Source: AGHT+IG5K7m9IN0mu49/bqwWnV8WTJq4M+9PUAfM0KmfBK54etIugVUdRgGldCSHYG/8Y3ThAOlLK+EGSsvE X-Received: by 2002:a17:903:2352:b0:226:38ff:1d6a with SMTP id d9443c01a7336-23f9814697amr56432485ad.7.1753302754106; Wed, 23 Jul 2025 13:32:34 -0700 (PDT) Received: from postal.iol.unh.edu (postal.iol.unh.edu. [2606:4100:3880:1234::84]) by smtp-relay.gmail.com with ESMTPS id d9443c01a7336-23e3b61b900sm7626045ad.29.2025.07.23.13.32.33 (version=TLS1_2 cipher=ECDHE-ECDSA-AES128-GCM-SHA256 bits=128/128); Wed, 23 Jul 2025 13:32:34 -0700 (PDT) X-Relaying-Domain: iol.unh.edu Date: Wed, 23 Jul 2025 13:32:34 -0700 (PDT) Message-ID: <688146e2.170a0220.2dc5f0.70a0SMTPIN_ADDED_MISSING@mx.google.com> Received: from [172.21.0.2] (unknown [172.18.0.240]) by postal.iol.unh.edu (Postfix) with ESMTP id 5A2AC6051830; Wed, 23 Jul 2025 16:32:33 -0400 (EDT) Subject: |FAILURE| pw155484-155496 [PATCH] [v7,13/13] eal: add warnings about From: dpdklab@iol.unh.edu To: Test Report Cc: dpdk-test-reports@iol.unh.edu, Bruce Richardson In-Reply-To: <20250723162013.2392-14-bruce.richardson@intel.com> References: <20250723162013.2392-14-bruce.richardson@intel.com> Content-Type: text/plain X-BeenThere: test-report@dpdk.org X-Mailman-Version: 2.1.29 Precedence: list List-Id: automatic DPDK test reports List-Unsubscribe: , List-Archive: List-Post: List-Help: List-Subscribe: , Errors-To: test-report-bounces@dpdk.org Test-Label: iol-abi-testing Test-Status: FAILURE http://dpdk.org/patch/155496 _Testing issues_ Submitter: Bruce Richardson Date: Wednesday, July 23 2025 16:20:11 DPDK git baseline: Repo:dpdk Branch: master CommitID:e3183a6edafdc41bfd71de1517f9e9ec85eb1276 155484-155496 --> testing issues Upstream job id: Generic-DPDK-Compile-ABI#135543 Test environment and result as below: +-------------------------------+----------+ | Environment | abi_test | +===============================+==========+ | CentOS Stream 9 | FAIL | +-------------------------------+----------+ | CentOS Stream 10 | FAIL | +-------------------------------+----------+ | Ubuntu 22.04 | FAIL | +-------------------------------+----------+ | Fedora Linux 40 | FAIL | +-------------------------------+----------+ | Ubuntu 24.04 | FAIL | +-------------------------------+----------+ | Fedora Linux 41 | FAIL | +-------------------------------+----------+ | openSUSE Leap 15.6 | FAIL | +-------------------------------+----------+ | Red Hat Enterprise Linux 8.10 | FAIL | +-------------------------------+----------+ | Red Hat Enterprise Linux 9.5 | FAIL | +-------------------------------+----------+ | Debian GNU/Linux 12 | FAIL | +-------------------------------+----------+ ==== 20 line log output for Debian GNU/Linux 12 (abi_test): ==== Error: cannot find librte_cryptodev.so.25.0 in build_install Error: cannot find librte_table.so.25.0 in build_install Error: cannot find librte_security.so.25.0 in build_install Error: cannot find librte_dmadev.so.25.0 in build_install Error: cannot find librte_eventdev.so.25.0 in build_install Error: cannot find librte_lpm.so.25.0 in build_install Error: cannot find librte_reorder.so.25.0 in build_install Error: cannot find librte_cfgfile.so.25.0 in build_install Error: cannot find librte_gro.so.25.0 in build_install Error: cannot find librte_meter.so.25.0 in build_install Error: cannot find librte_distributor.so.25.0 in build_install Error: cannot find librte_regexdev.so.25.0 in build_install Error: cannot find librte_rcu.so.25.0 in build_install Error: cannot find librte_pdump.so.25.0 in build_install Error: cannot find librte_compressdev.so.25.0 in build_install Error: cannot find librte_efd.so.25.0 in build_install Error: cannot find librte_pdcp.so.25.0 in build_install Error: cannot find librte_node.so.25.0 in build_install Error: cannot find librte_argparse.so.25.0 in build_install Error: cannot find librte_stack.so.25.0 in build_install ==== End log output ==== CentOS Stream 9 Kernel: 5.15 Compiler: gcc gcc (GCC) 11.5.0 20240719 (Red Hat 11.5.0-7) CentOS Stream 10 Kernel: 5.15 Compiler: gcc gcc (GCC) 14.2.1 20250110 (Red Hat 14.2.1-8) Ubuntu 22.04 Kernel: 5.15 Compiler: gcc gcc (Ubuntu 11.4.0-1ubuntu1~22.04) 11.4.0 Fedora Linux 40 Kernel: 5.15 Compiler: clang gcc (GCC) 14.2.1 20240912 (Red Hat 14.2.1-3) Ubuntu 24.04 Kernel: 5.15 Compiler: gcc gcc (Ubuntu 13.3.0-6ubuntu2~24.04) 13.3.0 Fedora Linux 41 Kernel: 5.15 Compiler: clang gcc (GCC) 14.3.1 20250523 (Red Hat 14.3.1-1) openSUSE Leap 15.6 Kernel: 5.15 Compiler: gcc gcc (SUSE Linux) 7.5.0 Red Hat Enterprise Linux 8.10 Kernel: 5.15 Compiler: gcc gcc (GCC) 8.5.0 20210514 (Red Hat 8.5.0-22) Red Hat Enterprise Linux 9.5 Kernel: 5.15 Compiler: gcc gcc (GCC) 11.5.0 20240719 (Red Hat 11.5.0-2) Debian GNU/Linux 12 Kernel: 5.15 Compiler: gcc gcc (Debian 12.2.0-14+deb12u1) 12.2.0 To view detailed results, visit: https://lab.dpdk.org/results/dashboard/patchsets/33741/ UNH-IOL DPDK Community Lab To manage your email subscriptions, visit: https://lab.dpdk.org/results/dashboard/preferences/subscriptions/