automatic DPDK test reports
 help / color / mirror / Atom feed
* |FAILURE| [GIT MASTER] e3183a6edafdc41bfd71de1517f9e9ec85eb1276
@ 2025-07-24  0:31 dpdklab
  0 siblings, 0 replies; 2+ messages in thread
From: dpdklab @ 2025-07-24  0:31 UTC (permalink / raw)
  To: Test Report; +Cc: dpdk-test-reports

_Testing issues_

Branch: dpdk

e3183a6edafdc41bfd71de1517f9e9ec85eb1276 --> testing issues

Upstream job id: Generic-DPDK-Compile-ABI#135553

Test environment and result as below:

+-------------------------------+----------+
|          Environment          | abi_test |
+===============================+==========+
| Debian GNU/Linux 12           | PEND     |
+-------------------------------+----------+
| Fedora Linux 40               | PEND     |
+-------------------------------+----------+
| CentOS Stream 9               | PEND     |
+-------------------------------+----------+
| CentOS Stream 10              | PEND     |
+-------------------------------+----------+
| Fedora Linux 41               | PEND     |
+-------------------------------+----------+
| Red Hat Enterprise Linux 8.10 | PEND     |
+-------------------------------+----------+
| Ubuntu 24.04                  | PEND     |
+-------------------------------+----------+
| Arch Linux 20250613.0.365270  | PEND     |
+-------------------------------+----------+
| Ubuntu 22.04                  | PEND     |
+-------------------------------+----------+
| Red Hat Enterprise Linux 9.5  | PEND     |
+-------------------------------+----------+
| openSUSE Leap 15.6            | FAIL     |
+-------------------------------+----------+

==== 20 line log output for openSUSE Leap 15.6 (abi_test): ====
Error: cannot find librte_security.so.25.0 in build_install
Error: cannot find librte_reorder.so.25.0 in build_install
Error: cannot find librte_port.so.25.0 in build_install
Error: cannot find librte_dmadev.so.25.0 in build_install
Error: cannot find librte_eventdev.so.25.0 in build_install
Error: cannot find librte_table.so.25.0 in build_install
Error: cannot find librte_lpm.so.25.0 in build_install
Error: cannot find librte_cfgfile.so.25.0 in build_install
Error: cannot find librte_pdump.so.25.0 in build_install
Error: cannot find librte_meter.so.25.0 in build_install
Error: cannot find librte_distributor.so.25.0 in build_install
Error: cannot find librte_stack.so.25.0 in build_install
Error: cannot find librte_compressdev.so.25.0 in build_install
Error: cannot find librte_gro.so.25.0 in build_install
Error: cannot find librte_efd.so.25.0 in build_install
Error: cannot find librte_regexdev.so.25.0 in build_install
Error: cannot find librte_node.so.25.0 in build_install
Error: cannot find librte_argparse.so.25.0 in build_install
Error: cannot find librte_pdcp.so.25.0 in build_install
Error: cannot find librte_rcu.so.25.0 in build_install
==== End log output ====

Debian GNU/Linux 12
	Kernel: 5.15
	Compiler: gcc gcc (Debian 12.2.0-14+deb12u1) 12.2.0

Fedora Linux 40
	Kernel: 5.15
	Compiler: clang gcc (GCC) 14.2.1 20240912 (Red Hat 14.2.1-3)

CentOS Stream 9
	Kernel: 5.15
	Compiler: gcc gcc (GCC) 11.5.0 20240719 (Red Hat 11.5.0-7)

CentOS Stream 10
	Kernel: 5.15
	Compiler: gcc gcc (GCC) 14.2.1 20250110 (Red Hat 14.2.1-8)

Fedora Linux 41
	Kernel: 5.15
	Compiler: gcc gcc (GCC) 14.3.1 20250523 (Red Hat 14.3.1-1)

Red Hat Enterprise Linux 8.10
	Kernel: 5.15
	Compiler: gcc gcc (GCC) 8.5.0 20210514 (Red Hat 8.5.0-22)

Ubuntu 24.04
	Kernel: 5.15
	Compiler: gcc gcc (Ubuntu 13.3.0-6ubuntu2~24.04) 13.3.0

Arch Linux 20250613.0.365270
	Kernel: 5.15
	Compiler: gcc gcc (GCC) 15.1.1 20250425

Ubuntu 22.04
	Kernel: 5.15
	Compiler: gcc gcc (Ubuntu 11.4.0-1ubuntu1~22.04) 11.4.0

Red Hat Enterprise Linux 9.5
	Kernel: 5.15
	Compiler: gcc gcc (GCC) 11.5.0 20240719 (Red Hat 11.5.0-2)

openSUSE Leap 15.6
	Kernel: 5.15
	Compiler: gcc gcc (SUSE Linux) 7.5.0

To view detailed results, visit:
https://lab.dpdk.org/results/dashboard/tarballs/34385/

UNH-IOL DPDK Community Lab

To manage your email subscriptions, visit: 
https://lab.dpdk.org/results/dashboard/preferences/subscriptions/

^ permalink raw reply	[flat|nested] 2+ messages in thread

* |FAILURE| [GIT MASTER] e3183a6edafdc41bfd71de1517f9e9ec85eb1276
@ 2025-07-24  1:31 dpdklab
  0 siblings, 0 replies; 2+ messages in thread
From: dpdklab @ 2025-07-24  1:31 UTC (permalink / raw)
  To: Test Report; +Cc: dpdk-test-reports

_Testing issues_

Branch: dpdk

e3183a6edafdc41bfd71de1517f9e9ec85eb1276 --> testing issues

Upstream job id: Generic-DPDK-Compile-ABI#135552

Test environment and result as below:

+-------------------------------+----------+
|          Environment          | abi_test |
+===============================+==========+
| Debian GNU/Linux 12           | FAIL     |
+-------------------------------+----------+
| Fedora Linux 40               | FAIL     |
+-------------------------------+----------+
| CentOS Stream 9               | FAIL     |
+-------------------------------+----------+
| CentOS Stream 10              | FAIL     |
+-------------------------------+----------+
| Fedora Linux 41               | FAIL     |
+-------------------------------+----------+
| Red Hat Enterprise Linux 8.10 | FAIL     |
+-------------------------------+----------+
| Ubuntu 24.04                  | FAIL     |
+-------------------------------+----------+
| Arch Linux 20250613.0.365270  | FAIL     |
+-------------------------------+----------+
| Ubuntu 22.04                  | FAIL     |
+-------------------------------+----------+
| Red Hat Enterprise Linux 9.5  | FAIL     |
+-------------------------------+----------+
| openSUSE Leap 15.6            | FAIL     |
+-------------------------------+----------+

==== 20 line log output for openSUSE Leap 15.6 (abi_test): ====
Error: cannot find librte_security.so.25.0 in build_install
Error: cannot find librte_reorder.so.25.0 in build_install
Error: cannot find librte_port.so.25.0 in build_install
Error: cannot find librte_dmadev.so.25.0 in build_install
Error: cannot find librte_eventdev.so.25.0 in build_install
Error: cannot find librte_table.so.25.0 in build_install
Error: cannot find librte_lpm.so.25.0 in build_install
Error: cannot find librte_cfgfile.so.25.0 in build_install
Error: cannot find librte_pdump.so.25.0 in build_install
Error: cannot find librte_meter.so.25.0 in build_install
Error: cannot find librte_distributor.so.25.0 in build_install
Error: cannot find librte_stack.so.25.0 in build_install
Error: cannot find librte_compressdev.so.25.0 in build_install
Error: cannot find librte_gro.so.25.0 in build_install
Error: cannot find librte_efd.so.25.0 in build_install
Error: cannot find librte_regexdev.so.25.0 in build_install
Error: cannot find librte_node.so.25.0 in build_install
Error: cannot find librte_argparse.so.25.0 in build_install
Error: cannot find librte_pdcp.so.25.0 in build_install
Error: cannot find librte_rcu.so.25.0 in build_install
==== End log output ====

Debian GNU/Linux 12
	Kernel: 5.15
	Compiler: gcc gcc (Debian 12.2.0-14+deb12u1) 12.2.0

Fedora Linux 40
	Kernel: 5.15
	Compiler: clang gcc (GCC) 14.2.1 20240912 (Red Hat 14.2.1-3)

CentOS Stream 9
	Kernel: 5.15
	Compiler: gcc gcc (GCC) 11.5.0 20240719 (Red Hat 11.5.0-7)

CentOS Stream 10
	Kernel: 5.15
	Compiler: gcc gcc (GCC) 14.2.1 20250110 (Red Hat 14.2.1-8)

Fedora Linux 41
	Kernel: 5.15
	Compiler: gcc gcc (GCC) 14.3.1 20250523 (Red Hat 14.3.1-1)

Red Hat Enterprise Linux 8.10
	Kernel: 5.15
	Compiler: gcc gcc (GCC) 8.5.0 20210514 (Red Hat 8.5.0-22)

Ubuntu 24.04
	Kernel: 5.15
	Compiler: gcc gcc (Ubuntu 13.3.0-6ubuntu2~24.04) 13.3.0

Arch Linux 20250613.0.365270
	Kernel: 5.15
	Compiler: gcc gcc (GCC) 15.1.1 20250425

Ubuntu 22.04
	Kernel: 5.15
	Compiler: gcc gcc (Ubuntu 11.4.0-1ubuntu1~22.04) 11.4.0

Red Hat Enterprise Linux 9.5
	Kernel: 5.15
	Compiler: gcc gcc (GCC) 11.5.0 20240719 (Red Hat 11.5.0-2)

openSUSE Leap 15.6
	Kernel: 5.15
	Compiler: gcc gcc (SUSE Linux) 7.5.0

To view detailed results, visit:
https://lab.dpdk.org/results/dashboard/tarballs/34385/

UNH-IOL DPDK Community Lab

To manage your email subscriptions, visit: 
https://lab.dpdk.org/results/dashboard/preferences/subscriptions/

^ permalink raw reply	[flat|nested] 2+ messages in thread

end of thread, other threads:[~2025-07-24  1:31 UTC | newest]

Thread overview: 2+ messages (download: mbox.gz / follow: Atom feed)
-- links below jump to the message on this page --
2025-07-24  0:31 |FAILURE| [GIT MASTER] e3183a6edafdc41bfd71de1517f9e9ec85eb1276 dpdklab
2025-07-24  1:31 dpdklab

This is a public inbox, see mirroring instructions
for how to clone and mirror all data and code used for this inbox;
as well as URLs for NNTP newsgroup(s).