automatic DPDK test reports
 help / color / mirror / Atom feed
From: dpdklab@iol.unh.edu
To: Test Report <test-report@dpdk.org>
Cc: dpdk-test-reports@iol.unh.edu
Subject: |SUCCESS| pw155483 [PATCH] net/tap: fix BPF build failure in cross-c
Date: Wed, 23 Jul 2025 18:59:35 -0700 (PDT)	[thread overview]
Message-ID: <68819387.050a0220.16a39d.1995SMTPIN_ADDED_MISSING@mx.google.com> (raw)
In-Reply-To: <20250723125702.3787183-1-ashok.k.kaladi@intel.com>

Test-Label: iol-unit-arm64-testing
Test-Status: SUCCESS
http://dpdk.org/patch/155483

_Testing PASS_

Submitter: Ashok Kaladi <ashok.k.kaladi@intel.com>
Date: Wednesday, July 23 2025 12:57:02 
DPDK git baseline: Repo:dpdk
  Branch: master
  CommitID:899bc9e500ccc718c12b1df4b920dcf0cbeb6265

155483 --> testing pass

Upstream job id: Generic-Unit-Test-DPDK#357830

Test environment and result as below:

+------------------------------+----------------+
|         Environment          | dpdk_unit_test |
+==============================+================+
| CentOS Stream 10             | PASS           |
+------------------------------+----------------+
| CentOS Stream 9              | PASS           |
+------------------------------+----------------+
| Debian GNU/Linux 12          | PASS           |
+------------------------------+----------------+
| Fedora Linux 41              | PASS           |
+------------------------------+----------------+
| Fedora Linux 40              | PASS           |
+------------------------------+----------------+
| Ubuntu 22.04                 | PASS           |
+------------------------------+----------------+
| Red Hat Enterprise Linux 9.5 | PASS           |
+------------------------------+----------------+
| Ubuntu 20.04                 | PASS           |
+------------------------------+----------------+
| Ubuntu 24.04                 | PASS           |
+------------------------------+----------------+


CentOS Stream 10
	Kernel: 5.4
	Compiler: gcc gcc (GCC) 14.2.1 20250110 (Red Hat 14.2.1-8)

CentOS Stream 9
	Kernel: 5.4
	Compiler: gcc gcc (GCC) 11.5.0 20240719 (Red Hat 11.5.0-7)

Debian GNU/Linux 12
	Kernel: 5.4
	Compiler: gcc gcc (Debian 12.2.0-14+deb12u1) 12.2.0

Fedora Linux 41
	Kernel: 5.4
	Compiler: gcc gcc (GCC) 14.3.1 20250523 (Red Hat 14.3.1-1)

Fedora Linux 40
	Kernel: 5.4
	Compiler: clang gcc (GCC) 14.2.1 20240912 (Red Hat 14.2.1-3)

Ubuntu 22.04
	Kernel: 5.4
	Compiler: gcc gcc (Ubuntu 11.4.0-1ubuntu1~22.04) 11.4.0

Red Hat Enterprise Linux 9.5
	Kernel: 5.4
	Compiler: gcc gcc (GCC) 11.5.0 20240719 (Red Hat 11.5.0-2)

Ubuntu 20.04
	Kernel: 5.4
	Compiler: gcc gcc (Ubuntu 9.4.0-1ubuntu1~20.04.2) 9.4.0

Ubuntu 24.04
	Kernel: 5.4
	Compiler: gcc gcc (Ubuntu 13.3.0-6ubuntu2~24.04) 13.3.0

To view detailed results, visit:
https://lab.dpdk.org/results/dashboard/patchsets/33740/

UNH-IOL DPDK Community Lab

To manage your email subscriptions, visit: 
https://lab.dpdk.org/results/dashboard/preferences/subscriptions/

  parent reply	other threads:[~2025-07-24  1:59 UTC|newest]

Thread overview: 29+ messages / expand[flat|nested]  mbox.gz  Atom feed  top
     [not found] <20250723125702.3787183-1-ashok.k.kaladi@intel.com>
2025-07-23 13:53 ` |SUCCESS| pw155483 [PATCH] net/tap: fix BPF build failure in cross-compilation environment qemudev
2025-07-23 13:58 ` qemudev
2025-07-23 14:26 ` checkpatch
2025-07-23 16:41 ` |SUCCESS| pw155483 [PATCH] net/tap: fix BPF build failure in cross-c dpdklab
2025-07-23 16:43 ` dpdklab
2025-07-23 16:49 ` dpdklab
2025-07-23 16:57 ` dpdklab
2025-07-23 16:58 ` |PENDING| " dpdklab
2025-07-23 17:03 ` |SUCCESS| " dpdklab
2025-07-23 17:03 ` dpdklab
2025-07-23 17:04 ` |SUCCESS| pw155483 [PATCH] net/tap: fix BPF build failure in cross-compilation environment 0-day Robot
2025-07-23 17:13 ` |SUCCESS| pw155483 [PATCH] net/tap: fix BPF build failure in cross-c dpdklab
2025-07-23 17:21 ` |PENDING| " dpdklab
2025-07-23 17:25 ` |SUCCESS| " dpdklab
2025-07-23 17:35 ` dpdklab
2025-07-23 18:37 ` dpdklab
2025-07-23 19:21 ` |FAILURE| " dpdklab
2025-07-23 21:40 ` |SUCCESS| " dpdklab
2025-07-23 21:40 ` dpdklab
2025-07-23 21:43 ` dpdklab
2025-07-23 21:43 ` dpdklab
2025-07-23 21:43 ` dpdklab
2025-07-23 21:44 ` dpdklab
2025-07-23 21:45 ` dpdklab
2025-07-23 21:45 ` dpdklab
2025-07-24  0:31 ` |PENDING| " dpdklab
2025-07-24  1:59 ` dpdklab [this message]
2025-07-24  3:41 ` |SUCCESS| " dpdklab
2025-07-24  4:25 ` dpdklab

Reply instructions:

You may reply publicly to this message via plain-text email
using any one of the following methods:

* Save the following mbox file, import it into your mail client,
  and reply-to-all from there: mbox

  Avoid top-posting and favor interleaved quoting:
  https://en.wikipedia.org/wiki/Posting_style#Interleaved_style

* Reply using the --to, --cc, and --in-reply-to
  switches of git-send-email(1):

  git send-email \
    --in-reply-to=68819387.050a0220.16a39d.1995SMTPIN_ADDED_MISSING@mx.google.com \
    --to=dpdklab@iol.unh.edu \
    --cc=dpdk-test-reports@iol.unh.edu \
    --cc=test-report@dpdk.org \
    /path/to/YOUR_REPLY

  https://kernel.org/pub/software/scm/git/docs/git-send-email.html

* If your mail client supports setting the In-Reply-To header
  via mailto: links, try the mailto: link
Be sure your reply has a Subject: header at the top and a blank line before the message body.
This is a public inbox, see mirroring instructions
for how to clone and mirror all data and code used for this inbox;
as well as URLs for NNTP newsgroup(s).