From mboxrd@z Thu Jan 1 00:00:00 1970 Return-Path: Received: from mails.dpdk.org (mails.dpdk.org [217.70.189.124]) by inbox.dpdk.org (Postfix) with ESMTP id 7B59F46BF8 for ; Thu, 24 Jul 2025 06:36:24 +0200 (CEST) Received: from mails.dpdk.org (localhost [127.0.0.1]) by mails.dpdk.org (Postfix) with ESMTP id 5336240267; Thu, 24 Jul 2025 06:36:24 +0200 (CEST) Received: from mail-pj1-f97.google.com (mail-pj1-f97.google.com [209.85.216.97]) by mails.dpdk.org (Postfix) with ESMTP id 72F9840267 for ; Thu, 24 Jul 2025 06:36:22 +0200 (CEST) Received: by mail-pj1-f97.google.com with SMTP id 98e67ed59e1d1-31393526d0dso411363a91.0 for ; Wed, 23 Jul 2025 21:36:22 -0700 (PDT) DKIM-Signature: v=1; a=rsa-sha256; c=relaxed/relaxed; d=iol.unh.edu; s=unh-iol; t=1753331781; x=1753936581; darn=dpdk.org; h=references:in-reply-to:cc:to:from:subject:message-id:date:from:to :cc:subject:date:message-id:reply-to; bh=erx4NWMnOqhETGJPZtNZKjkyuwpzxUz6b5VlSOoTT1g=; b=F4KFLWxztPHMJtePY/YK1WFQKgIqPEpigyyiCPSY4KJjXontBw0rsni1h2r+KS7HhT 2kDa09gysg6Ey1/WutN+YKfHmQVlZTqZXHYyScDfTH1w6EO65Mw8+QM6Dgaw+NCIqasf vTiVdYYvn85ZU8a/4Ere6tGoyrjYvY3O5OJLo= X-Google-DKIM-Signature: v=1; a=rsa-sha256; c=relaxed/relaxed; d=1e100.net; s=20230601; t=1753331781; x=1753936581; h=references:in-reply-to:cc:to:from:subject:message-id:date :x-gm-message-state:from:to:cc:subject:date:message-id:reply-to; bh=erx4NWMnOqhETGJPZtNZKjkyuwpzxUz6b5VlSOoTT1g=; b=pO1cfzhnXInJ+gkVo05ogSKLLIftLwX2KHDol+QuF4SE68SR5AeAlZVNmtNOHM4Ohg n4yTy1kwb7+bkjYEKld25WEb+p2FWQiJl6edWnIKrjdiAbhaxHWCMEWUiUWWOj3wsIaW TlqgIXJ7N9p/1yzgWb8jIvAIZHGUlM8fB20tVJ2Njku3BBKGckexfIWXQlsT1+DcSwMF 7F6AuBMtg6QnmPM+LDsIIqiE4KfLqq7JCDN7ejPBuE9m9vWicwJ2eCQfCIr/i+XKKv1e xVJK2t74mCA0wTxWeIWe8Rtxd12p792/QjUxGvkBSSgvi0zAn1uOlw5Lnyz0pJ3Y82Ya h/5g== X-Gm-Message-State: AOJu0Yy53kIvaMMBySm6T5yaFGD4JenGOVo5VLsX/e/QHIVGrdROgiuZ MPNZuC9nBWVpY4DliNIYlJP037M2v1dZCOUk1WK/1GqVZKUuSvqVWqRSgzw3rRIgerP2HJzhyTx 12iF0+Y4YrC8fQaaQHv7r9JfhutUpFQ/RV4vdNoHY4m2ZGK7d9cV94UAASltb X-Gm-Gg: ASbGncsaTf332fFxuFfWGdrV/HdNFbXXuT0WjkMlMEIaf5CwBZUUgc60wedwPyCV3+l /8Y+8MdwH0uZaBBcjBjsGYmk77SmPMT4NL4/q5p2IGEB4CIw2Jwd94TojsP5PKgCaAh5VFCNpst PI11Vg/T90J/17xhGz4S1/XvEM1td9djG97XABhpVRwmPOmbcOjqhzBy+dxIrJaHz0foQi479pK 1IxZwKdOiAnoIUq/tmOW5oQcG5OvcHGGL4XGAet6inNB62cZQA/AneA0iTAY6wC2uU5RJq8GKMb aqjoD2mvaHcWvaetflOv2JG8ArYk10rTNK8ZYo/swVVqGtEppA== X-Google-Smtp-Source: AGHT+IEc/C90Q+dRTkj1erlbN3MesXLbdRdRyc0s+RwJBh0YgyF5TgCH+HrYVoYmhcQvz3EbhlJpLM6SN7VJ X-Received: by 2002:a17:90b:4c02:b0:312:1ae9:1529 with SMTP id 98e67ed59e1d1-31e507dad15mr7951311a91.27.1753331781457; Wed, 23 Jul 2025 21:36:21 -0700 (PDT) Received: from postal.iol.unh.edu (postal.iol.unh.edu. [2606:4100:3880:1234::84]) by smtp-relay.gmail.com with ESMTPS id 98e67ed59e1d1-31e66275311sm17521a91.6.2025.07.23.21.36.21 (version=TLS1_2 cipher=ECDHE-ECDSA-AES128-GCM-SHA256 bits=128/128); Wed, 23 Jul 2025 21:36:21 -0700 (PDT) X-Relaying-Domain: iol.unh.edu Date: Wed, 23 Jul 2025 21:36:21 -0700 (PDT) Message-ID: <6881b845.170a0220.1989e2.0e7bSMTPIN_ADDED_MISSING@mx.google.com> Received: from [172.21.0.2] (unknown [172.18.0.240]) by postal.iol.unh.edu (Postfix) with ESMTP id DAA786051830; Thu, 24 Jul 2025 00:36:20 -0400 (EDT) Subject: |FAILURE| pw155497-155498 [PATCH] [2/2] graph: add callback in dispa From: dpdklab@iol.unh.edu To: Test Report Cc: dpdk-test-reports@iol.unh.edu, Christophe Fontaine In-Reply-To: <20250723165001.11162-3-cfontain@redhat.com> References: <20250723165001.11162-3-cfontain@redhat.com> Content-Type: text/plain X-BeenThere: test-report@dpdk.org X-Mailman-Version: 2.1.29 Precedence: list List-Id: automatic DPDK test reports List-Unsubscribe: , List-Archive: List-Post: List-Help: List-Subscribe: , Errors-To: test-report-bounces@dpdk.org Test-Label: iol-unit-arm64-testing Test-Status: FAILURE http://dpdk.org/patch/155498 _Testing issues_ Submitter: Christophe Fontaine Date: Wednesday, July 23 2025 16:50:01 DPDK git baseline: Repo:dpdk Branch: master CommitID:e3183a6edafdc41bfd71de1517f9e9ec85eb1276 155497-155498 --> testing issues Upstream job id: Generic-Unit-Test-DPDK#357895 Test environment and result as below: +------------------------------+---------------------------+----------------+------------------------------+--------------+ | Environment | cryptodev_sw_zuc_autotest | dpdk_unit_test | cryptodev_sw_snow3g_autotest | lpm_autotest | +==============================+===========================+================+==============================+==============+ | Debian 12 (arm) | PASS | SKIPPED | PASS | SKIPPED | +------------------------------+---------------------------+----------------+------------------------------+--------------+ | Ubuntu 20.04 | SKIPPED | PASS | SKIPPED | PASS | +------------------------------+---------------------------+----------------+------------------------------+--------------+ | Fedora Linux 41 | SKIPPED | PASS | SKIPPED | SKIPPED | +------------------------------+---------------------------+----------------+------------------------------+--------------+ | Red Hat Enterprise Linux 9.5 | SKIPPED | PASS | SKIPPED | SKIPPED | +------------------------------+---------------------------+----------------+------------------------------+--------------+ | Debian GNU/Linux 12 | SKIPPED | FAIL | SKIPPED | SKIPPED | +------------------------------+---------------------------+----------------+------------------------------+--------------+ | CentOS Stream 9 | SKIPPED | PASS | SKIPPED | SKIPPED | +------------------------------+---------------------------+----------------+------------------------------+--------------+ | Fedora Linux 40 | SKIPPED | PEND | SKIPPED | SKIPPED | +------------------------------+---------------------------+----------------+------------------------------+--------------+ | CentOS Stream 10 | SKIPPED | PASS | SKIPPED | SKIPPED | +------------------------------+---------------------------+----------------+------------------------------+--------------+ | Ubuntu 24.04 | SKIPPED | PASS | SKIPPED | SKIPPED | +------------------------------+---------------------------+----------------+------------------------------+--------------+ | Ubuntu 22.04 | SKIPPED | PASS | SKIPPED | SKIPPED | +------------------------------+---------------------------+----------------+------------------------------+--------------+ ==== Unit test summary for Debian GNU/Linux 12 (dpdk_unit_test): ==== ninja: Entering directory `/home-local/jenkins-local/jenkins-agent/workspace/Generic-Unit-Test-DPDK@5/dpdk/build' ninja: no work to do. 1/120 DPDK:fast-tests / acl_autotest OK 10.47s 2/120 DPDK:fast-tests / alarm_autotest OK 1.36s 3/120 DPDK:fast-tests / argparse_autotest OK 0.33s 4/120 DPDK:fast-tests / atomic_autotest OK 9.67s 5/120 DPDK:fast-tests / bitcount_autotest OK 0.38s 6/120 DPDK:fast-tests / bitmap_autotest OK 0.34s 7/120 DPDK:fast-tests / bitops_autotest OK 1.83s 8/120 DPDK:fast-tests / bitratestats_autotest OK 0.35s 9/120 DPDK:fast-tests / bitset_autotest OK 5.46s 10/120 DPDK:fast-tests / bpf_autotest OK 0.33s 11/120 DPDK:fast-tests / bpf_convert_autotest OK 0.35s 12/120 DPDK:fast-tests / byteorder_autotest OK 0.34s 13/120 DPDK:fast-tests / cfgfile_autotest OK 0.34s 14/120 DPDK:fast-tests / cksum_autotest OK 0.33s 15/120 DPDK:fast-tests / cmdline_autotest OK 0.34s 16/120 DPDK:fast-tests / common_autotest OK 2.13s 17/120 DPDK:fast-tests / compressdev_autotest SKIP 0.19s exit status 77 18/120 DPDK:fast-tests / cpuflags_autotest OK 0.38s 19/120 DPDK:fast-tests / crc_autotest OK 0.34s 20/120 DPDK:fast-tests / user_delay_us OK 0.36s 21/120 DPDK:fast-tests / debug_autotest OK 1.92s 22/120 DPDK:fast-tests / devargs_autotest OK 0.35s 23/120 DPDK:fast-tests / dispatcher_autotest OK 5.42s 24/120 DPDK:fast-tests / distributor_autotest OK 1.14s 25/120 DPDK:fast-tests / eal_flags_c_opt_autotest OK 3.66s 26/120 DPDK:fast-tests / eal_flags_main_opt_autotest OK 0.96s 27/120 DPDK:fast-tests / eal_flags_n_opt_autotest OK 0.85s 28/120 DPDK:fast-tests / eal_flags_hpet_autotest OK 0.50s 29/120 DPDK:fast-tests / eal_flags_no_huge_autotest OK 0.99s 30/120 DPDK:fast-tests / eal_flags_a_opt_autotest OK 1.50s 31/120 DPDK:fast-tests / eal_flags_b_opt_autotest OK 1.15s 32/120 DPDK:fast-tests / eal_flags_vdev_opt_autotest OK 0.82s 33/120 DPDK:fast-tests / eal_flags_r_opt_autotest OK 0.86s 34/120 DPDK:fast-tests / eal_flags_mem_autotest OK 1.24s 35/120 DPDK:fast-tests / eal_flags_file_prefix_autotest OK 3.39s 36/120 DPDK:fast-tests / eal_flags_misc_autotest OK 4.46s 37/120 DPDK:fast-tests / eal_fs_autotest OK 0.38s 38/120 DPDK:fast-tests / errno_autotest OK 0.34s 39/120 DPDK:fast-tests / ethdev_link_status OK 0.34s 40/120 DPDK:fast-tests / event_eth_tx_adapter_autotest OK 2.14s 41/120 DPDK:fast-tests / event_ring_autotest OK 0.38s 42/120 DPDK:fast-tests / eventdev_common_autotest OK 0.34s 43/120 DPDK:fast-tests / eventdev_selftest_sw OK 20.92s 44/120 DPDK:fast-tests / fbarray_autotest OK 0.40s 45/120 DPDK:fast-tests / fib_autotest OK 1.88s 46/120 DPDK:fast-tests / fib6_autotest OK 1.68s 47/120 DPDK:fast-tests / func_reentrancy_autotest OK 1.53s 48/120 DPDK:fast-tests / graph_autotest OK 0.37s 49/120 DPDK:fast-tests / node_list_dump OK 0.33s 50/120 DPDK:fast-tests / graph_feature_arc_autotest OK 0.34s 51/120 DPDK:fast-tests / hash_autotest OK 1.04s 52/120 DPDK:fast-tests / hash_readwrite_func_autotest OK 15.25s 53/120 DPDK:fast-tests / interrupt_autotest OK 1.39s 54/120 DPDK:fast-tests / ipfrag_autotest OK 0.21s 55/120 DPDK:fast-tests / ipsec_autotest SKIP 0.37s exit status 77 56/120 DPDK:fast-tests / kvargs_autotest OK 0.34s 57/120 DPDK:fast-tests / latencystats_autotest FAIL 0.41s (exit status 255 or signal 127 SIGinvalid) >>> DPDK_TEST=latencystats_autotest MALLOC_PERTURB_=132 /home-local/jenkins-local/jenkins-agent/workspace/Generic-Unit-Test-DPDK@5/dpdk/build/app/dpdk-test --no-huge -m 2048 58/120 DPDK:fast-tests / lcore_var_autotest OK 1.32s 59/120 DPDK:fast-tests / lcores_autotest OK 5.82s 60/120 DPDK:fast-tests / logs_autotest OK 0.34s 61/120 DPDK:fast-tests / lpm_autotest OK 3.30s 62/120 DPDK:fast-tests / lpm6_autotest OK 10.76s 63/120 DPDK:fast-tests / malloc_autotest OK 0.92s 64/120 DPDK:fast-tests / mbuf_autotest OK 1.05s 65/120 DPDK:fast-tests / mcslock_autotest OK 1.78s 66/120 DPDK:fast-tests / member_autotest OK 2.87s 67/120 DPDK:fast-tests / memcpy_autotest OK 12.86s 68/120 DPDK:fast-tests / memory_autotest OK 0.20s 69/120 DPDK:fast-tests / mempool_autotest OK 0.79s 70/120 DPDK:fast-tests / memzone_autotest OK 0.23s 71/120 DPDK:fast-tests / meter_autotest OK 0.38s 72/120 DPDK:fast-tests / metrics_autotest OK 0.35s 73/120 DPDK:fast-tests / multiprocess_autotest OK 0.76s 74/120 DPDK:fast-tests / net_ether_autotest OK 2.00s 75/120 DPDK:fast-tests / net_ipv6_autotest OK 0.35s 76/120 DPDK:fast-tests / pcapng_autotest OK 6.05s 77/120 DPDK:fast-tests / pdcp_autotest SKIP 0.19s exit status 77 78/120 DPDK:fast-tests / pdump_autotest OK 0.92s 79/120 DPDK:fast-tests / per_lcore_autotest OK 0.44s 80/120 DPDK:fast-tests / pflock_autotest OK 0.69s 81/120 DPDK:fast-tests / pie_autotest OK 0.33s 82/120 DPDK:fast-tests / ring_pmd_autotest OK 0.34s 83/120 DPDK:fast-tests / power_autotest OK 0.33s 84/120 DPDK:fast-tests / power_cpufreq_autotest SKIP 0.19s exit status 77 85/120 DPDK:fast-tests / power_intel_uncore_autotest SKIP 0.38s exit status 77 86/120 DPDK:fast-tests / power_kvm_vm_autotest SKIP 0.19s exit status 77 87/120 DPDK:fast-tests / prefetch_autotest OK 0.37s 88/120 DPDK:fast-tests / ptr_compress_autotest OK 0.34s 89/120 DPDK:fast-tests / rawdev_autotest OK 0.33s 90/120 DPDK:fast-tests / rcu_qsbr_autotest OK 1.34s 91/120 DPDK:fast-tests / reorder_autotest OK 0.86s 92/120 DPDK:fast-tests / rib_autotest OK 8.06s 93/120 DPDK:fast-tests / rib6_autotest OK 7.96s 94/120 DPDK:fast-tests / ring_autotest OK 0.40s 95/120 DPDK:fast-tests / rwlock_test1_autotest OK 0.68s 96/120 DPDK:fast-tests / rwlock_rda_autotest OK 5.40s 97/120 DPDK:fast-tests / rwlock_rds_wrm_autotest OK 5.35s 98/120 DPDK:fast-tests / rwlock_rde_wro_autotest OK 5.33s 99/120 DPDK:fast-tests / sched_autotest OK 0.35s 100/120 DPDK:fast-tests / security_autotest OK 0.19s 101/120 DPDK:fast-tests / seqlock_autotest OK 2.37s 102/120 DPDK:fast-tests / service_autotest OK 3.03s 103/120 DPDK:fast-tests / soring_autotest OK 0.34s 104/120 DPDK:fast-tests / spinlock_autotest OK 0.37s 105/120 DPDK:fast-tests / stack_autotest OK 0.77s 106/120 DPDK:fast-tests / stack_lf_autotest OK 0.66s 107/120 DPDK:fast-tests / string_autotest OK 0.37s 108/120 DPDK:fast-tests / table_autotest OK 14.47s 109/120 DPDK:fast-tests / tailq_autotest OK 0.34s 110/120 DPDK:fast-tests / telemetry_data_autotest OK 0.35s 111/120 DPDK:fast-tests / telemetry_json_autotest OK 0.34s 112/120 DPDK:fast-tests / thash_autotest OK 0.37s 113/120 DPDK:fast-tests / threads_autotest OK 0.46s 114/120 DPDK:fast-tests / ticketlock_autotest OK 0.39s 115/120 DPDK:fast-tests / timer_autotest OK 3.49s 116/120 DPDK:fast-tests / trace_autotest OK 0.45s 117/120 DPDK:fast-tests / trace_autotest_with_traces OK 0.36s 118/120 DPDK:fast-tests / vdev_autotest OK 0.33s 119/120 DPDK:fast-tests / version_autotest OK 0.33s 120/120 DPDK:fast-tests / telemetry_all SKIP 0.10s exit status 77 Ok: 112 Expected Fail: 0 Fail: 1 Unexpected Pass: 0 Skipped: 7 Timeout: 0 Full log written to /home-local/jenkins-local/jenkins-agent/workspace/Generic-Unit-Test-DPDK@5/dpdk/build/meson-logs/testlog.txt Test log output from the failed test latencystats_autotest: Sorry, we were not able to find the logs for this test. Download the log output from the CI site for this test run. ==== End log output ==== Debian 12 (arm) Kernel: Depends on container host Compiler: gcc (Debian 12.2.0-14) 12.2.0 Ubuntu 20.04 Kernel: 5.4 Compiler: gcc gcc (Ubuntu 9.4.0-1ubuntu1~20.04.2) 9.4.0 Fedora Linux 41 Kernel: 5.4 Compiler: clang gcc (GCC) 14.3.1 20250523 (Red Hat 14.3.1-1) Red Hat Enterprise Linux 9.5 Kernel: 5.4 Compiler: gcc gcc (GCC) 11.5.0 20240719 (Red Hat 11.5.0-2) Debian GNU/Linux 12 Kernel: 5.4 Compiler: gcc gcc (Debian 12.2.0-14+deb12u1) 12.2.0 CentOS Stream 9 Kernel: 5.4 Compiler: gcc gcc (GCC) 11.5.0 20240719 (Red Hat 11.5.0-7) Fedora Linux 40 Kernel: 5.4 Compiler: clang gcc (GCC) 14.2.1 20240912 (Red Hat 14.2.1-3) CentOS Stream 10 Kernel: 5.4 Compiler: gcc gcc (GCC) 14.2.1 20250110 (Red Hat 14.2.1-8) Ubuntu 24.04 Kernel: 5.4 Compiler: gcc gcc (Ubuntu 13.3.0-6ubuntu2~24.04) 13.3.0 Ubuntu 22.04 Kernel: 5.4 Compiler: gcc gcc (Ubuntu 11.4.0-1ubuntu1~22.04) 11.4.0 To view detailed results, visit: https://lab.dpdk.org/results/dashboard/patchsets/33742/ UNH-IOL DPDK Community Lab To manage your email subscriptions, visit: https://lab.dpdk.org/results/dashboard/preferences/subscriptions/