automatic DPDK test reports
 help / color / mirror / Atom feed
From: dpdklab@iol.unh.edu
To: Test Report <test-report@dpdk.org>
Cc: dpdk-test-reports@iol.unh.edu
Subject: |SUCCESS| pw155497-155498 [PATCH] [2/2] graph: add callback in dispa
Date: Thu, 24 Jul 2025 03:53:06 -0700 (PDT)	[thread overview]
Message-ID: <68821092.050a0220.2e03e.4e6dSMTPIN_ADDED_MISSING@mx.google.com> (raw)
In-Reply-To: <20250723165001.11162-3-cfontain@redhat.com>

Test-Label: iol-compile-arm64-testing
Test-Status: SUCCESS
http://dpdk.org/patch/155498

_Testing PASS_

Submitter: Christophe Fontaine <cfontain@redhat.com>
Date: Wednesday, July 23 2025 16:50:01 
DPDK git baseline: Repo:dpdk
  Branch: master
  CommitID:e3183a6edafdc41bfd71de1517f9e9ec85eb1276

155497-155498 --> testing pass

Upstream job id: Generic-DPDK-Compile-Meson#411762

Test environment and result as below:

+------------------------------+--------------------+
|         Environment          | dpdk_meson_compile |
+==============================+====================+
| Red Hat Enterprise Linux 9.5 | PASS               |
+------------------------------+--------------------+
| Ubuntu 20.04                 | PASS               |
+------------------------------+--------------------+
| Debian GNU/Linux 12          | PASS               |
+------------------------------+--------------------+
| Fedora Linux 40              | PASS               |
+------------------------------+--------------------+
| Fedora Linux 41              | PASS               |
+------------------------------+--------------------+
| Ubuntu 22.04                 | PASS               |
+------------------------------+--------------------+
| Ubuntu 24.04                 | PASS               |
+------------------------------+--------------------+
| CentOS Stream 9              | PASS               |
+------------------------------+--------------------+
| CentOS Stream 10             | PASS               |
+------------------------------+--------------------+


Red Hat Enterprise Linux 9.5
	Kernel: 5.4
	Compiler: gcc gcc (GCC) 11.5.0 20240719 (Red Hat 11.5.0-2)

Ubuntu 20.04
	Kernel: 5.4
	Compiler: gcc gcc (Ubuntu 9.4.0-1ubuntu1~20.04.2) 9.4.0

Debian GNU/Linux 12
	Kernel: 5.4
	Compiler: gcc gcc (Debian 12.2.0-14+deb12u1) 12.2.0

Fedora Linux 40
	Kernel: 5.4
	Compiler: gcc gcc (GCC) 14.2.1 20240912 (Red Hat 14.2.1-3)

Fedora Linux 41
	Kernel: 5.4
	Compiler: gcc gcc (GCC) 14.3.1 20250523 (Red Hat 14.3.1-1)

Ubuntu 22.04
	Kernel: 5.4
	Compiler: gcc gcc (Ubuntu 11.4.0-1ubuntu1~22.04) 11.4.0

Ubuntu 24.04
	Kernel: 5.4
	Compiler: gcc gcc (Ubuntu 13.3.0-6ubuntu2~24.04) 13.3.0

CentOS Stream 9
	Kernel: 5.4
	Compiler: gcc gcc (GCC) 11.5.0 20240719 (Red Hat 11.5.0-7)

CentOS Stream 10
	Kernel: 5.4
	Compiler: gcc gcc (GCC) 14.2.1 20250110 (Red Hat 14.2.1-8)

To view detailed results, visit:
https://lab.dpdk.org/results/dashboard/patchsets/33742/

UNH-IOL DPDK Community Lab

To manage your email subscriptions, visit: 
https://lab.dpdk.org/results/dashboard/preferences/subscriptions/

      parent reply	other threads:[~2025-07-24 10:53 UTC|newest]

Thread overview: 24+ messages / expand[flat|nested]  mbox.gz  Atom feed  top
     [not found] <20250723165001.11162-3-cfontain@redhat.com>
2025-07-23 16:17 ` |SUCCESS| pw155497-155498 [PATCH 2/2] graph: add callback in dispatch mode qemudev
2025-07-23 16:22 ` qemudev
2025-07-23 16:49 ` |SUCCESS| pw155498 " checkpatch
2025-07-23 18:16 ` |SUCCESS| pw155497-155498 [PATCH] [2/2] graph: add callback in dispa dpdklab
2025-07-23 18:28 ` dpdklab
2025-07-23 18:28 ` dpdklab
2025-07-23 18:28 ` dpdklab
2025-07-23 18:44 ` |FAILURE| pw155498 [PATCH 2/2] graph: add callback in dispatch mode 0-day Robot
2025-07-23 18:55 ` |SUCCESS| pw155497-155498 [PATCH] [2/2] graph: add callback in dispa dpdklab
2025-07-23 19:14 ` dpdklab
2025-07-23 19:53 ` |PENDING| " dpdklab
2025-07-23 19:58 ` dpdklab
2025-07-23 20:01 ` |SUCCESS| " dpdklab
2025-07-23 20:37 ` dpdklab
2025-07-23 20:43 ` |PENDING| " dpdklab
2025-07-23 20:44 ` |SUCCESS| " dpdklab
2025-07-23 22:05 ` dpdklab
2025-07-24  3:11 ` |PENDING| " dpdklab
2025-07-24  4:12 ` |SUCCESS| " dpdklab
2025-07-24  4:36 ` |FAILURE| " dpdklab
2025-07-24  4:36 ` dpdklab
2025-07-24  5:05 ` dpdklab
2025-07-24  8:55 ` |SUCCESS| " dpdklab
2025-07-24 10:53 ` dpdklab [this message]

Reply instructions:

You may reply publicly to this message via plain-text email
using any one of the following methods:

* Save the following mbox file, import it into your mail client,
  and reply-to-all from there: mbox

  Avoid top-posting and favor interleaved quoting:
  https://en.wikipedia.org/wiki/Posting_style#Interleaved_style

* Reply using the --to, --cc, and --in-reply-to
  switches of git-send-email(1):

  git send-email \
    --in-reply-to=68821092.050a0220.2e03e.4e6dSMTPIN_ADDED_MISSING@mx.google.com \
    --to=dpdklab@iol.unh.edu \
    --cc=dpdk-test-reports@iol.unh.edu \
    --cc=test-report@dpdk.org \
    /path/to/YOUR_REPLY

  https://kernel.org/pub/software/scm/git/docs/git-send-email.html

* If your mail client supports setting the In-Reply-To header
  via mailto: links, try the mailto: link
Be sure your reply has a Subject: header at the top and a blank line before the message body.
This is a public inbox, see mirroring instructions
for how to clone and mirror all data and code used for this inbox;
as well as URLs for NNTP newsgroup(s).