* |SUCCESS| pw155533 [PATCH] [PATCH v4] lib/ethdev: fix segfault in secondary process by validating dev_private pointer
[not found] <20250725125526.2340233-1-14pwcse1224@uetpeshawar.edu.pk>
@ 2025-07-25 12:30 ` qemudev
2025-07-25 12:35 ` qemudev
` (16 subsequent siblings)
17 siblings, 0 replies; 18+ messages in thread
From: qemudev @ 2025-07-25 12:30 UTC (permalink / raw)
To: test-report
Test-Label: loongarch-compilation
Test-Status: SUCCESS
http://dpdk.org/patch/155533
_Compilation OK_
Submitter: Khadem Ullah <14pwcse1224@uetpeshawar.edu.pk>
Date: Fri, 25 Jul 2025 08:55:26 -0400
DPDK git baseline: Repo:dpdk-next-net
Branch: main
CommitID: 899bc9e500ccc718c12b1df4b920dcf0cbeb6265
155533 --> meson & ninja build successfully
Test environment and result as below:
+---------------------+----------------+
| Environment | compilation |
+---------------------+----------------+
| Loongnix-Server 8.3 | PASS |
+---------------------+----------------+
Loongnix-Server 8.3
Kernel: 4.19.190+
Compiler: gcc 8.3
^ permalink raw reply [flat|nested] 18+ messages in thread
* |SUCCESS| pw155533 [PATCH] [PATCH v4] lib/ethdev: fix segfault in secondary process by validating dev_private pointer
[not found] <20250725125526.2340233-1-14pwcse1224@uetpeshawar.edu.pk>
2025-07-25 12:30 ` |SUCCESS| pw155533 [PATCH] [PATCH v4] lib/ethdev: fix segfault in secondary process by validating dev_private pointer qemudev
@ 2025-07-25 12:35 ` qemudev
2025-07-25 12:54 ` |WARNING| " checkpatch
` (15 subsequent siblings)
17 siblings, 0 replies; 18+ messages in thread
From: qemudev @ 2025-07-25 12:35 UTC (permalink / raw)
To: test-report
Test-Label: loongarch-unit-testing
Test-Status: SUCCESS
http://dpdk.org/patch/155533
_Unit Testing PASS_
Submitter: Khadem Ullah <14pwcse1224@uetpeshawar.edu.pk>
Date: Fri, 25 Jul 2025 08:55:26 -0400
DPDK git baseline: Repo:dpdk-next-net
Branch: main
CommitID: 899bc9e500ccc718c12b1df4b920dcf0cbeb6265
155533 --> testing pass
Test environment and result as below:
+---------------------+----------------+
| Environment | dpdk_unit_test |
+---------------------+----------------+
| Loongnix-Server 8.3 | PASS |
+---------------------+----------------+
Loongnix-Server 8.3
Kernel: 4.19.190+
Compiler: gcc 8.3
Test result details:
1/120 DPDK:fast-tests / acl_autotest OK 3.13s
2/120 DPDK:fast-tests / alarm_autotest OK 1.42s
3/120 DPDK:fast-tests / argparse_autotest OK 0.42s
4/120 DPDK:fast-tests / atomic_autotest OK 7.31s
5/120 DPDK:fast-tests / bitcount_autotest OK 0.63s
6/120 DPDK:fast-tests / bitmap_autotest OK 0.62s
7/120 DPDK:fast-tests / bitops_autotest OK 2.11s
8/120 DPDK:fast-tests / bitratestats_autotest OK 0.62s
9/120 DPDK:fast-tests / bitset_autotest OK 3.39s
10/120 DPDK:fast-tests / bpf_autotest OK 0.62s
11/120 DPDK:fast-tests / bpf_convert_autotest OK 0.62s
12/120 DPDK:fast-tests / byteorder_autotest OK 0.62s
13/120 DPDK:fast-tests / cfgfile_autotest OK 0.62s
14/120 DPDK:fast-tests / cksum_autotest OK 0.62s
15/120 DPDK:fast-tests / cmdline_autotest OK 0.61s
16/120 DPDK:fast-tests / common_autotest OK 1.52s
17/120 DPDK:fast-tests / compressdev_autotest SKIP 0.08s exit status 77
18/120 DPDK:fast-tests / cpuflags_autotest OK 0.61s
19/120 DPDK:fast-tests / crc_autotest OK 0.61s
20/120 DPDK:fast-tests / user_delay_us OK 0.61s
21/120 DPDK:fast-tests / debug_autotest OK 24.21s
22/120 DPDK:fast-tests / devargs_autotest OK 0.61s
23/120 DPDK:fast-tests / dispatcher_autotest OK 2.57s
24/120 DPDK:fast-tests / distributor_autotest OK 1.21s
25/120 DPDK:fast-tests / eal_flags_c_opt_autotest OK 0.81s
26/120 DPDK:fast-tests / eal_flags_main_opt_autotest OK 0.23s
27/120 DPDK:fast-tests / eal_flags_n_opt_autotest OK 0.21s
28/120 DPDK:fast-tests / eal_flags_hpet_autotest OK 0.14s
29/120 DPDK:fast-tests / eal_flags_no_huge_autotest OK 0.23s
30/120 DPDK:fast-tests / eal_flags_a_opt_autotest OK 0.31s
31/120 DPDK:fast-tests / eal_flags_b_opt_autotest OK 0.26s
32/120 DPDK:fast-tests / eal_flags_vdev_opt_autotest OK 0.21s
33/120 DPDK:fast-tests / eal_flags_r_opt_autotest OK 0.20s
34/120 DPDK:fast-tests / eal_flags_mem_autotest OK 0.62s
35/120 DPDK:fast-tests / eal_flags_file_prefix_autotest OK 22.30s
36/120 DPDK:fast-tests / eal_flags_misc_autotest OK 1.08s
37/120 DPDK:fast-tests / eal_fs_autotest OK 0.61s
38/120 DPDK:fast-tests / errno_autotest OK 0.62s
39/120 DPDK:fast-tests / ethdev_link_status OK 0.61s
40/120 DPDK:fast-tests / event_eth_tx_adapter_autotest OK 1.70s
41/120 DPDK:fast-tests / event_ring_autotest OK 0.62s
42/120 DPDK:fast-tests / eventdev_common_autotest OK 0.62s
43/120 DPDK:fast-tests / eventdev_selftest_sw OK 7.44s
44/120 DPDK:fast-tests / fbarray_autotest OK 0.63s
45/120 DPDK:fast-tests / fib_autotest OK 1.45s
46/120 DPDK:fast-tests / fib6_autotest OK 1.24s
47/120 DPDK:fast-tests / func_reentrancy_autotest OK 2.19s
48/120 DPDK:fast-tests / graph_autotest OK 0.63s
49/120 DPDK:fast-tests / node_list_dump OK 0.61s
50/120 DPDK:fast-tests / graph_feature_arc_autotest OK 0.62s
51/120 DPDK:fast-tests / hash_autotest OK 1.24s
52/120 DPDK:fast-tests / hash_readwrite_func_autotest OK 6.40s
53/120 DPDK:fast-tests / interrupt_autotest OK 1.83s
54/120 DPDK:fast-tests / ipfrag_autotest OK 0.09s
55/120 DPDK:fast-tests / ipsec_autotest SKIP 0.62s exit status 77
56/120 DPDK:fast-tests / kvargs_autotest OK 0.62s
57/120 DPDK:fast-tests / latencystats_autotest OK 0.62s
58/120 DPDK:fast-tests / lcore_var_autotest OK 0.73s
59/120 DPDK:fast-tests / lcores_autotest OK 5.42s
60/120 DPDK:fast-tests / logs_autotest OK 0.62s
61/120 DPDK:fast-tests / lpm_autotest OK 2.66s
62/120 DPDK:fast-tests / lpm6_autotest OK 5.75s
63/120 DPDK:fast-tests / malloc_autotest OK 61.65s
64/120 DPDK:fast-tests / mbuf_autotest OK 5.08s
65/120 DPDK:fast-tests / mcslock_autotest OK 3.89s
66/120 DPDK:fast-tests / member_autotest OK 1.80s
67/120 DPDK:fast-tests / memcpy_autotest OK 7.05s
68/120 DPDK:fast-tests / memory_autotest OK 0.10s
69/120 DPDK:fast-tests / mempool_autotest OK 0.44s
70/120 DPDK:fast-tests / memzone_autotest OK 0.15s
71/120 DPDK:fast-tests / meter_autotest OK 0.62s
72/120 DPDK:fast-tests / metrics_autotest OK 0.61s
73/120 DPDK:fast-tests / multiprocess_autotest OK 0.20s
74/120 DPDK:fast-tests / net_ether_autotest OK 1.29s
75/120 DPDK:fast-tests / net_ipv6_autotest OK 0.61s
76/120 DPDK:fast-tests / pcapng_autotest OK 7.24s
77/120 DPDK:fast-tests / pdcp_autotest SKIP 0.08s exit status 77
78/120 DPDK:fast-tests / pdump_autotest OK 0.73s
79/120 DPDK:fast-tests / per_lcore_autotest OK 0.71s
80/120 DPDK:fast-tests / pflock_autotest OK 1.42s
81/120 DPDK:fast-tests / pie_autotest OK 0.63s
82/120 DPDK:fast-tests / ring_pmd_autotest OK 0.62s
83/120 DPDK:fast-tests / power_autotest OK 0.62s
84/120 DPDK:fast-tests / power_cpufreq_autotest SKIP 0.08s exit status 77
85/120 DPDK:fast-tests / power_intel_uncore_autotest SKIP 0.61s exit status 77
86/120 DPDK:fast-tests / power_kvm_vm_autotest SKIP 0.08s exit status 77
87/120 DPDK:fast-tests / prefetch_autotest OK 0.62s
88/120 DPDK:fast-tests / ptr_compress_autotest OK 0.62s
89/120 DPDK:fast-tests / rawdev_autotest OK 0.62s
90/120 DPDK:fast-tests / rcu_qsbr_autotest OK 1.14s
91/120 DPDK:fast-tests / reorder_autotest OK 0.67s
92/120 DPDK:fast-tests / rib_autotest OK 9.26s
93/120 DPDK:fast-tests / rib6_autotest OK 9.26s
94/120 DPDK:fast-tests / ring_autotest OK 0.65s
95/120 DPDK:fast-tests / rwlock_test1_autotest OK 1.36s
96/120 DPDK:fast-tests / rwlock_rda_autotest OK 5.61s
97/120 DPDK:fast-tests / rwlock_rds_wrm_autotest OK 5.62s
98/120 DPDK:fast-tests / rwlock_rde_wro_autotest OK 5.61s
99/120 DPDK:fast-tests / sched_autotest OK 0.61s
100/120 DPDK:fast-tests / security_autotest OK 0.08s
101/120 DPDK:fast-tests / seqlock_autotest OK 2.62s
102/120 DPDK:fast-tests / service_autotest OK 3.31s
103/120 DPDK:fast-tests / soring_autotest OK 0.62s
104/120 DPDK:fast-tests / spinlock_autotest OK 0.69s
105/120 DPDK:fast-tests / stack_autotest OK 0.87s
106/120 DPDK:fast-tests / stack_lf_autotest SKIP 0.07s exit status 77
107/120 DPDK:fast-tests / string_autotest OK 0.62s
108/120 DPDK:fast-tests / table_autotest OK 7.92s
109/120 DPDK:fast-tests / tailq_autotest OK 0.62s
110/120 DPDK:fast-tests / telemetry_data_autotest OK 0.62s
111/120 DPDK:fast-tests / telemetry_json_autotest OK 0.62s
112/120 DPDK:fast-tests / thash_autotest OK 0.62s
113/120 DPDK:fast-tests / threads_autotest OK 0.79s
114/120 DPDK:fast-tests / ticketlock_autotest OK 0.77s
115/120 DPDK:fast-tests / timer_autotest OK 3.90s
116/120 DPDK:fast-tests / trace_autotest OK 0.61s
117/120 DPDK:fast-tests / trace_autotest_with_traces OK 0.62s
118/120 DPDK:fast-tests / vdev_autotest OK 0.61s
119/120 DPDK:fast-tests / version_autotest OK 0.62s
120/120 DPDK:fast-tests / telemetry_all OK 1.33s
Ok: 113
Expected Fail: 0
Fail: 0
Unexpected Pass: 0
Skipped: 7
Timeout: 0
^ permalink raw reply [flat|nested] 18+ messages in thread
* |WARNING| pw155533 [PATCH] [PATCH v4] lib/ethdev: fix segfault in secondary process by validating dev_private pointer
[not found] <20250725125526.2340233-1-14pwcse1224@uetpeshawar.edu.pk>
2025-07-25 12:30 ` |SUCCESS| pw155533 [PATCH] [PATCH v4] lib/ethdev: fix segfault in secondary process by validating dev_private pointer qemudev
2025-07-25 12:35 ` qemudev
@ 2025-07-25 12:54 ` checkpatch
2025-07-25 13:33 ` |SUCCESS| pw155533 [PATCH] [v4] lib/ethdev: fix segfault in secondar dpdklab
` (14 subsequent siblings)
17 siblings, 0 replies; 18+ messages in thread
From: checkpatch @ 2025-07-25 12:54 UTC (permalink / raw)
To: test-report; +Cc: Khadem Ullah
Test-Label: checkpatch
Test-Status: WARNING
http://dpdk.org/patch/155533
_coding style issues_
WARNING:COMMIT_LOG_LONG_LINE: Possible unwrapped commit description (prefer a maximum 75 chars per line)
#100:
This patch adds a mechanism in testpmd to monitor the primary process from the
WARNING:SUSPECT_CODE_INDENT: suspect code indent for conditional statements (8, 24)
#227: FILE: lib/ethdev/rte_ethdev.c:4082:
+ if (rte_eal_process_type() == RTE_PROC_SECONDARY &&
[...]
+ RTE_ETHDEV_LOG_LINE(ERR,
WARNING:SUSPECT_CODE_INDENT: suspect code indent for conditional statements (8, 24)
#242: FILE: lib/ethdev/rte_ethdev.c:4317:
+ if (rte_eal_process_type() == RTE_PROC_SECONDARY &&
[...]
+ RTE_ETHDEV_LOG_LINE(ERR,
total: 0 errors, 3 warnings, 122 lines checked
^ permalink raw reply [flat|nested] 18+ messages in thread
* |SUCCESS| pw155533 [PATCH] [v4] lib/ethdev: fix segfault in secondar
[not found] <20250725125526.2340233-1-14pwcse1224@uetpeshawar.edu.pk>
` (2 preceding siblings ...)
2025-07-25 12:54 ` |WARNING| " checkpatch
@ 2025-07-25 13:33 ` dpdklab
2025-07-25 13:38 ` |PENDING| " dpdklab
` (13 subsequent siblings)
17 siblings, 0 replies; 18+ messages in thread
From: dpdklab @ 2025-07-25 13:33 UTC (permalink / raw)
To: Test Report; +Cc: dpdk-test-reports
Test-Label: iol-marvell-Functional
Test-Status: SUCCESS
http://dpdk.org/patch/155533
_Functional Testing PASS_
Submitter: Khadem Ullah <14pwcse1224@uetpeshawar.edu.pk>
Date: Friday, July 25 2025 12:55:26
DPDK git baseline: Repo:dpdk
Branch: master
CommitID:899bc9e500ccc718c12b1df4b920dcf0cbeb6265
155533 --> functional testing pass
Upstream job id: Template-DTS-Pipeline#238196
Test environment and result as below:
Ubuntu 20.04.6
Kernel: 5.4.105
Compiler: gcc 9.4
NIC: Marvell CN106XX 50000 Mbps
Target: arm64-native-linuxapp-gcc
Aggregate Results by Test Suite
+----------------+--------+
| Test Suite | Result |
+================+========+
| cmdline | PASS |
+----------------+--------+
| rxtx_callbacks | PASS |
+----------------+--------+
To view detailed results, visit:
https://lab.dpdk.org/results/dashboard/patchsets/33752/
UNH-IOL DPDK Community Lab
To manage your email subscriptions, visit:
https://lab.dpdk.org/results/dashboard/preferences/subscriptions/
^ permalink raw reply [flat|nested] 18+ messages in thread
* |PENDING| pw155533 [PATCH] [v4] lib/ethdev: fix segfault in secondar
[not found] <20250725125526.2340233-1-14pwcse1224@uetpeshawar.edu.pk>
` (3 preceding siblings ...)
2025-07-25 13:33 ` |SUCCESS| pw155533 [PATCH] [v4] lib/ethdev: fix segfault in secondar dpdklab
@ 2025-07-25 13:38 ` dpdklab
2025-07-25 13:39 ` |SUCCESS| " dpdklab
` (12 subsequent siblings)
17 siblings, 0 replies; 18+ messages in thread
From: dpdklab @ 2025-07-25 13:38 UTC (permalink / raw)
To: Test Report; +Cc: dpdk-test-reports
Test-Label: iol-compile-amd64-testing
Test-Status: PENDING
http://dpdk.org/patch/155533
_Testing pending_
Submitter: Khadem Ullah <14pwcse1224@uetpeshawar.edu.pk>
Date: Friday, July 25 2025 12:55:26
DPDK git baseline: Repo:dpdk
Branch: master
CommitID:899bc9e500ccc718c12b1df4b920dcf0cbeb6265
155533 --> testing pending
Upstream job id: Generic-DPDK-Compile-Meson#412313
Test environment and result as below:
+------------------------------+--------------------+-------------------+------------------+
| Environment | dpdk_meson_compile | dpdk_compile_spdk | dpdk_compile_ovs |
+==============================+====================+===================+==================+
| CentOS Stream 9 | PEND | PEND | SKIPPED |
+------------------------------+--------------------+-------------------+------------------+
| Debian GNU/Linux 12 | PEND | PEND | SKIPPED |
+------------------------------+--------------------+-------------------+------------------+
| CentOS Stream 10 | PASS | SKIPPED | SKIPPED |
+------------------------------+--------------------+-------------------+------------------+
| Fedora Linux 41 | PEND | PEND | PEND |
+------------------------------+--------------------+-------------------+------------------+
| Fedora Linux 40 | PEND | PEND | SKIPPED |
+------------------------------+--------------------+-------------------+------------------+
| openSUSE Leap 15.6 | PEND | SKIPPED | SKIPPED |
+------------------------------+--------------------+-------------------+------------------+
| Red Hat Enterprise Linux 9.5 | PEND | SKIPPED | SKIPPED |
+------------------------------+--------------------+-------------------+------------------+
| Ubuntu 20.04 | PEND | SKIPPED | SKIPPED |
+------------------------------+--------------------+-------------------+------------------+
| Ubuntu 22.04 | PEND | PEND | SKIPPED |
+------------------------------+--------------------+-------------------+------------------+
CentOS Stream 9
Kernel: 5.15
Compiler: gcc gcc (GCC) 11.5.0 20240719 (Red Hat 11.5.0-7)
Debian GNU/Linux 12
Kernel: 5.15
Compiler: gcc gcc (Debian 12.2.0-14+deb12u1) 12.2.0
CentOS Stream 10
Kernel: 5.15
Compiler: gcc gcc (GCC) 14.2.1 20250110 (Red Hat 14.2.1-8)
Fedora Linux 41
Kernel: 5.15
Compiler: clang gcc (GCC) 14.3.1 20250523 (Red Hat 14.3.1-1)
Fedora Linux 40
Kernel: 5.15
Compiler: clang gcc (GCC) 14.2.1 20240912 (Red Hat 14.2.1-3)
openSUSE Leap 15.6
Kernel: 5.15
Compiler: gcc gcc (SUSE Linux) 7.5.0
Red Hat Enterprise Linux 9.5
Kernel: 5.15
Compiler: gcc gcc (GCC) 11.5.0 20240719 (Red Hat 11.5.0-2)
Ubuntu 20.04
Kernel: 5.15
Compiler: gcc gcc (Ubuntu 9.4.0-1ubuntu1~20.04.2) 9.4.0
Ubuntu 22.04
Kernel: 5.15
Compiler: gcc gcc (Ubuntu 11.4.0-1ubuntu1~22.04) 11.4.0
To view detailed results, visit:
https://lab.dpdk.org/results/dashboard/patchsets/33752/
UNH-IOL DPDK Community Lab
To manage your email subscriptions, visit:
https://lab.dpdk.org/results/dashboard/preferences/subscriptions/
^ permalink raw reply [flat|nested] 18+ messages in thread
* |SUCCESS| pw155533 [PATCH] [v4] lib/ethdev: fix segfault in secondar
[not found] <20250725125526.2340233-1-14pwcse1224@uetpeshawar.edu.pk>
` (4 preceding siblings ...)
2025-07-25 13:38 ` |PENDING| " dpdklab
@ 2025-07-25 13:39 ` dpdklab
2025-07-25 13:47 ` dpdklab
` (11 subsequent siblings)
17 siblings, 0 replies; 18+ messages in thread
From: dpdklab @ 2025-07-25 13:39 UTC (permalink / raw)
To: Test Report; +Cc: dpdk-test-reports
Test-Label: iol-intel-Functional
Test-Status: SUCCESS
http://dpdk.org/patch/155533
_Functional Testing PASS_
Submitter: Khadem Ullah <14pwcse1224@uetpeshawar.edu.pk>
Date: Friday, July 25 2025 12:55:26
DPDK git baseline: Repo:dpdk
Branch: master
CommitID:899bc9e500ccc718c12b1df4b920dcf0cbeb6265
155533 --> functional testing pass
Upstream job id: Template-DTS-Pipeline#238191
Test environment and result as below:
Ubuntu 24.04
Kernel: 6.8
Compiler: gcc gcc (Ubuntu 13.3.0-6ubuntu2~24.04) 13.3.0
NIC: Intel Corporation 4xxx Series QAT 0 Mbps
Aggregate Results by Test Suite
+----------------------------+--------+
| Test Suite | Result |
+============================+========+
| crypto_perf_cryptodev_perf | PASS |
+----------------------------+--------+
To view detailed results, visit:
https://lab.dpdk.org/results/dashboard/patchsets/33752/
UNH-IOL DPDK Community Lab
To manage your email subscriptions, visit:
https://lab.dpdk.org/results/dashboard/preferences/subscriptions/
^ permalink raw reply [flat|nested] 18+ messages in thread
* |SUCCESS| pw155533 [PATCH] [v4] lib/ethdev: fix segfault in secondar
[not found] <20250725125526.2340233-1-14pwcse1224@uetpeshawar.edu.pk>
` (5 preceding siblings ...)
2025-07-25 13:39 ` |SUCCESS| " dpdklab
@ 2025-07-25 13:47 ` dpdklab
2025-07-25 13:48 ` dpdklab
` (10 subsequent siblings)
17 siblings, 0 replies; 18+ messages in thread
From: dpdklab @ 2025-07-25 13:47 UTC (permalink / raw)
To: Test Report; +Cc: dpdk-test-reports
Test-Label: iol-broadcom-Performance
Test-Status: SUCCESS
http://dpdk.org/patch/155533
_Performance Testing PASS_
Submitter: Khadem Ullah <14pwcse1224@uetpeshawar.edu.pk>
Date: Friday, July 25 2025 12:55:26
DPDK git baseline: Repo:dpdk
Branch: master
CommitID:899bc9e500ccc718c12b1df4b920dcf0cbeb6265
155533 --> performance testing pass
Upstream job id: Template-DTS-Pipeline#238190
Test environment and result as below:
Ubuntu 22.04
Kernel: 5.15
Compiler: gcc gcc (Ubuntu 11.4.0-1ubuntu1~22.04) 11.4.0
NIC: Arm Broadcom Inc. brcm_57414 25000 Mbps
Fail/Total: 0/2
Detail performance results:
+------------+---------+----------+-------------+------------------------------+
| frame_size | txd/rxd | num_cpus | num_threads | throughput difference from |
| | | | | expected |
+============+=========+==========+=============+==============================+
| 64 | 512 | 1 | 1 | -0.1% |
+------------+---------+----------+-------------+------------------------------+
| 64 | 2048 | 1 | 1 | 0.3% |
+------------+---------+----------+-------------+------------------------------+
Ubuntu 22.04
Kernel: 5.15
Compiler: gcc gcc (Ubuntu 11.4.0-1ubuntu1~22.04) 11.4.0
NIC: Broadcom Inc. and subsidiaries BCM57414 NetXtreme-E 10Gb/25Gb RDMA Ethernet Controller 16d7 25 Mbps
Fail/Total: 0/3
Detail performance results:
+------------+---------+----------+-------------+------------------------------+
| frame_size | txd/rxd | num_cpus | num_threads | throughput difference from |
| | | | | expected |
+============+=========+==========+=============+==============================+
| 64 | 128 | 1 | 1 | -0.2% |
+------------+---------+----------+-------------+------------------------------+
| 64 | 512 | 1 | 1 | -1.2% |
+------------+---------+----------+-------------+------------------------------+
| 64 | 2048 | 1 | 1 | -1.5% |
+------------+---------+----------+-------------+------------------------------+
To view detailed results, visit:
https://lab.dpdk.org/results/dashboard/patchsets/33752/
UNH-IOL DPDK Community Lab
To manage your email subscriptions, visit:
https://lab.dpdk.org/results/dashboard/preferences/subscriptions/
^ permalink raw reply [flat|nested] 18+ messages in thread
* |SUCCESS| pw155533 [PATCH] [v4] lib/ethdev: fix segfault in secondar
[not found] <20250725125526.2340233-1-14pwcse1224@uetpeshawar.edu.pk>
` (6 preceding siblings ...)
2025-07-25 13:47 ` dpdklab
@ 2025-07-25 13:48 ` dpdklab
2025-07-25 13:50 ` dpdklab
` (9 subsequent siblings)
17 siblings, 0 replies; 18+ messages in thread
From: dpdklab @ 2025-07-25 13:48 UTC (permalink / raw)
To: Ali Alnubani, Test Report; +Cc: dpdk-test-reports
Test-Label: iol-mellanox-Performance
Test-Status: SUCCESS
http://dpdk.org/patch/155533
_Performance Testing PASS_
Submitter: Khadem Ullah <14pwcse1224@uetpeshawar.edu.pk>
Date: Friday, July 25 2025 12:55:26
DPDK git baseline: Repo:dpdk
Branch: master
CommitID:899bc9e500ccc718c12b1df4b920dcf0cbeb6265
155533 --> performance testing pass
Upstream job id: Template-DTS-Pipeline#238186
Test environment and result as below:
Ubuntu 24.04
Kernel: 6.8
Compiler: gcc gcc (Ubuntu 13.3.0-6ubuntu2~24.04) 13.3.0
NIC: NVIDIA Mellanox ConnectX-7 100000 Mbps
Fail/Total: 0/6
Detail performance results:
+------------+---------+----------+-------------+------------------------------+
| frame_size | txd/rxd | num_cpus | num_threads | throughput difference from |
| | | | | expected |
+============+=========+==========+=============+==============================+
| 64 | 1024 | 1 | 1 | -0.1% |
+------------+---------+----------+-------------+------------------------------+
| 128 | 1024 | 1 | 1 | -1.8% |
+------------+---------+----------+-------------+------------------------------+
| 256 | 1024 | 1 | 1 | -0.2% |
+------------+---------+----------+-------------+------------------------------+
| 512 | 1024 | 1 | 1 | 0.0% |
+------------+---------+----------+-------------+------------------------------+
| 1024 | 1024 | 1 | 1 | 0.0% |
+------------+---------+----------+-------------+------------------------------+
| 1518 | 1024 | 1 | 1 | -0.1% |
+------------+---------+----------+-------------+------------------------------+
Ubuntu 24.04
Kernel: 6.8
Compiler: gcc gcc (Ubuntu 13.3.0-6ubuntu2~24.04) 13.3.0
NIC: Mellanox ConnectX-6 Lx 25000 Mbps
Fail/Total: 0/6
Detail performance results:
+------------+---------+----------+-------------+------------------------------+
| frame_size | txd/rxd | num_cpus | num_threads | throughput difference from |
| | | | | expected |
+============+=========+==========+=============+==============================+
| 64 | 1024 | 1 | 1 | 0.1% |
+------------+---------+----------+-------------+------------------------------+
| 128 | 1024 | 1 | 1 | -0.1% |
+------------+---------+----------+-------------+------------------------------+
| 256 | 1024 | 1 | 1 | -0.0% |
+------------+---------+----------+-------------+------------------------------+
| 512 | 1024 | 1 | 1 | -0.1% |
+------------+---------+----------+-------------+------------------------------+
| 1024 | 1024 | 1 | 1 | -0.1% |
+------------+---------+----------+-------------+------------------------------+
| 1518 | 1024 | 1 | 1 | 0.1% |
+------------+---------+----------+-------------+------------------------------+
To view detailed results, visit:
https://lab.dpdk.org/results/dashboard/patchsets/33752/
UNH-IOL DPDK Community Lab
To manage your email subscriptions, visit:
https://lab.dpdk.org/results/dashboard/preferences/subscriptions/
^ permalink raw reply [flat|nested] 18+ messages in thread
* |SUCCESS| pw155533 [PATCH] [v4] lib/ethdev: fix segfault in secondar
[not found] <20250725125526.2340233-1-14pwcse1224@uetpeshawar.edu.pk>
` (7 preceding siblings ...)
2025-07-25 13:48 ` dpdklab
@ 2025-07-25 13:50 ` dpdklab
2025-07-25 13:50 ` dpdklab
` (8 subsequent siblings)
17 siblings, 0 replies; 18+ messages in thread
From: dpdklab @ 2025-07-25 13:50 UTC (permalink / raw)
To: Test Report; +Cc: dpdk-test-reports
Test-Label: iol-intel-Performance
Test-Status: SUCCESS
http://dpdk.org/patch/155533
_Performance Testing PASS_
Submitter: Khadem Ullah <14pwcse1224@uetpeshawar.edu.pk>
Date: Friday, July 25 2025 12:55:26
DPDK git baseline: Repo:dpdk
Branch: master
CommitID:899bc9e500ccc718c12b1df4b920dcf0cbeb6265
155533 --> performance testing pass
Upstream job id: Template-DTS-Pipeline#238188
Test environment and result as below:
Ubuntu 22.04
Kernel: 5.15
Compiler: gcc gcc (Ubuntu 11.4.0-1ubuntu1~22.04) 11.4.0
NIC: Intel E810 100000 Mbps
Fail/Total: 0/2
Detail performance results:
+------------+---------+----------+-------------+------------------------------+
| frame_size | txd/rxd | num_cpus | num_threads | throughput difference from |
| | | | | expected |
+============+=========+==========+=============+==============================+
| 64 | 512 | 1 | 1 | 0.9% |
+------------+---------+----------+-------------+------------------------------+
| 64 | 2048 | 1 | 1 | 0.4% |
+------------+---------+----------+-------------+------------------------------+
Ubuntu 20.04
Kernel: 5.4
Compiler: gcc gcc (Ubuntu 9.4.0-1ubuntu1~20.04.1) 9.4.0
NIC: Intel Corporation Ethernet Converged Network Adapter XL710-QDA2 40000 Mbps
Fail/Total: 0/4
Detail performance results:
+----------+-------------+---------+------------+------------------------------+
| num_cpus | num_threads | txd/rxd | frame_size | throughput difference from |
| | | | | expected |
+==========+=============+=========+============+==============================+
| 1 | 2 | 512 | 64 | -1.7% |
+----------+-------------+---------+------------+------------------------------+
| 1 | 2 | 2048 | 64 | 6.1% |
+----------+-------------+---------+------------+------------------------------+
| 1 | 1 | 512 | 64 | 2.6% |
+----------+-------------+---------+------------+------------------------------+
| 1 | 1 | 2048 | 64 | -2.7% |
+----------+-------------+---------+------------+------------------------------+
Ubuntu 24.04
Kernel: 6.8
Compiler: gcc gcc (Ubuntu 13.3.0-6ubuntu2~24.04) 13.3.0
NIC: Intel E810 (Arm Grace Server) 100000 Mbps
Fail/Total: 0/2
Detail performance results:
+------------+---------+----------+-------------+------------------------------+
| frame_size | txd/rxd | num_cpus | num_threads | throughput difference from |
| | | | | expected |
+============+=========+==========+=============+==============================+
| 64 | 512 | 1 | 1 | 0.6% |
+------------+---------+----------+-------------+------------------------------+
| 64 | 2048 | 1 | 1 | -0.4% |
+------------+---------+----------+-------------+------------------------------+
To view detailed results, visit:
https://lab.dpdk.org/results/dashboard/patchsets/33752/
UNH-IOL DPDK Community Lab
To manage your email subscriptions, visit:
https://lab.dpdk.org/results/dashboard/preferences/subscriptions/
^ permalink raw reply [flat|nested] 18+ messages in thread
* |SUCCESS| pw155533 [PATCH] [v4] lib/ethdev: fix segfault in secondar
[not found] <20250725125526.2340233-1-14pwcse1224@uetpeshawar.edu.pk>
` (8 preceding siblings ...)
2025-07-25 13:50 ` dpdklab
@ 2025-07-25 13:50 ` dpdklab
2025-07-25 14:00 ` |FAILURE| " dpdklab
` (7 subsequent siblings)
17 siblings, 0 replies; 18+ messages in thread
From: dpdklab @ 2025-07-25 13:50 UTC (permalink / raw)
To: Test Report; +Cc: dpdk-test-reports
Test-Label: iol-intel-Functional
Test-Status: SUCCESS
http://dpdk.org/patch/155533
_Functional Testing PASS_
Submitter: Khadem Ullah <14pwcse1224@uetpeshawar.edu.pk>
Date: Friday, July 25 2025 12:55:26
DPDK git baseline: Repo:dpdk
Branch: master
CommitID:899bc9e500ccc718c12b1df4b920dcf0cbeb6265
155533 --> functional testing pass
Upstream job id: Template-DTS-Pipeline#238193
Test environment and result as below:
Ubuntu 24.04
Kernel: 6.8
Compiler: gcc gcc (Ubuntu 13.3.0-6ubuntu2~24.04) 13.3.0
NIC: Intel Corporation 4xxx Series QAT 0 Mbps
Aggregate Results by Test Suite
+----------------------------+--------+
| Test Suite | Result |
+============================+========+
| crypto_perf_cryptodev_perf | PASS |
+----------------------------+--------+
Ubuntu 20.04
Kernel: 5.4
Compiler: gcc gcc (Ubuntu 9.4.0-1ubuntu1~20.04.1) 9.4.0
NIC: Intel Corporation Ethernet Converged Network Adapter XL710-QDA2 40000 Mbps
Aggregate Results by Test Suite
+-----------------------------+--------+
| Test Suite | Result |
+=============================+========+
| unit_tests_mbuf | PASS |
+-----------------------------+--------+
| vhost_virtio_user_interrupt | PASS |
+-----------------------------+--------+
| virtio_smoke | PASS |
+-----------------------------+--------+
To view detailed results, visit:
https://lab.dpdk.org/results/dashboard/patchsets/33752/
UNH-IOL DPDK Community Lab
To manage your email subscriptions, visit:
https://lab.dpdk.org/results/dashboard/preferences/subscriptions/
^ permalink raw reply [flat|nested] 18+ messages in thread
* |FAILURE| pw155533 [PATCH] [v4] lib/ethdev: fix segfault in secondar
[not found] <20250725125526.2340233-1-14pwcse1224@uetpeshawar.edu.pk>
` (9 preceding siblings ...)
2025-07-25 13:50 ` dpdklab
@ 2025-07-25 14:00 ` dpdklab
2025-07-25 14:02 ` |SUCCESS| " dpdklab
` (6 subsequent siblings)
17 siblings, 0 replies; 18+ messages in thread
From: dpdklab @ 2025-07-25 14:00 UTC (permalink / raw)
To: Test Report; +Cc: dpdk-test-reports, Khadem Ullah
Test-Label: iol-unit-amd64-testing
Test-Status: FAILURE
http://dpdk.org/patch/155533
_Testing issues_
Submitter: Khadem Ullah <14pwcse1224@uetpeshawar.edu.pk>
Date: Friday, July 25 2025 12:55:26
DPDK git baseline: Repo:dpdk
Branch: master
CommitID:899bc9e500ccc718c12b1df4b920dcf0cbeb6265
155533 --> testing issues
Upstream job id: Generic-VM-Unit-Test-DPDK#30185
Test environment and result as below:
+-------------------------------+----------------+
| Environment | dpdk_unit_test |
+===============================+================+
| Windows Server 2022 | FAIL |
+-------------------------------+----------------+
| CentOS Stream 9 | PASS |
+-------------------------------+----------------+
| Fedora Linux 40 | PASS |
+-------------------------------+----------------+
| Debian GNU/Linux 12 | PASS |
+-------------------------------+----------------+
| CentOS Stream 10 | PASS |
+-------------------------------+----------------+
| Ubuntu 20.04 | PASS |
+-------------------------------+----------------+
| Red Hat Enterprise Linux 9.5 | PASS |
+-------------------------------+----------------+
| Fedora Linux 41 | PASS |
+-------------------------------+----------------+
| Ubuntu 24.04 | PASS |
+-------------------------------+----------------+
| Red Hat Enterprise Linux 8.10 | PASS |
+-------------------------------+----------------+
| Ubuntu 22.04 | PASS |
+-------------------------------+----------------+
==== Unit test summary for Windows Server 2022 (dpdk_unit_test): ====
Failed to get the unit test results.
Displaying the unit test results is not supported for some environments,
such as our aarch32 testing, where meson is not used to run the tests.
Download the logs available on our CI site.
==== End log output ====
Windows Server 2022
Kernel: 10.0.20348.2031
Compiler: clang 15.0.7, gcc 14.1.0 (MinGW), and MSVC VS 19.39.33521
CentOS Stream 9
Kernel: 5.15
Compiler: gcc gcc (GCC) 11.5.0 20240719 (Red Hat 11.5.0-7)
Fedora Linux 40
Kernel: 5.15
Compiler: gcc gcc (GCC) 14.2.1 20240912 (Red Hat 14.2.1-3)
Debian GNU/Linux 12
Kernel: 5.15
Compiler: gcc gcc (Debian 12.2.0-14+deb12u1) 12.2.0
CentOS Stream 10
Kernel: 5.15
Compiler: gcc gcc (GCC) 14.2.1 20250110 (Red Hat 14.2.1-8)
Ubuntu 20.04
Kernel: 5.15
Compiler: gcc gcc (Ubuntu 9.4.0-1ubuntu1~20.04.2) 9.4.0
Red Hat Enterprise Linux 9.5
Kernel: 5.15
Compiler: gcc gcc (GCC) 11.5.0 20240719 (Red Hat 11.5.0-2)
Fedora Linux 41
Kernel: 5.15
Compiler: gcc gcc (GCC) 14.3.1 20250523 (Red Hat 14.3.1-1)
Ubuntu 24.04
Kernel: 5.15
Compiler: gcc gcc (Ubuntu 13.3.0-6ubuntu2~24.04) 13.3.0
Red Hat Enterprise Linux 8.10
Kernel: 5.15
Compiler: gcc gcc (GCC) 8.5.0 20210514 (Red Hat 8.5.0-22)
Ubuntu 22.04
Kernel: 5.15
Compiler: gcc gcc (Ubuntu 11.4.0-1ubuntu1~22.04) 11.4.0
To view detailed results, visit:
https://lab.dpdk.org/results/dashboard/patchsets/33752/
UNH-IOL DPDK Community Lab
To manage your email subscriptions, visit:
https://lab.dpdk.org/results/dashboard/preferences/subscriptions/
^ permalink raw reply [flat|nested] 18+ messages in thread
* |SUCCESS| pw155533 [PATCH] [v4] lib/ethdev: fix segfault in secondar
[not found] <20250725125526.2340233-1-14pwcse1224@uetpeshawar.edu.pk>
` (10 preceding siblings ...)
2025-07-25 14:00 ` |FAILURE| " dpdklab
@ 2025-07-25 14:02 ` dpdklab
2025-07-25 14:06 ` dpdklab
` (5 subsequent siblings)
17 siblings, 0 replies; 18+ messages in thread
From: dpdklab @ 2025-07-25 14:02 UTC (permalink / raw)
To: Test Report; +Cc: dpdk-test-reports
Test-Label: iol-sample-apps-testing
Test-Status: SUCCESS
http://dpdk.org/patch/155533
_Testing PASS_
Submitter: Khadem Ullah <14pwcse1224@uetpeshawar.edu.pk>
Date: Friday, July 25 2025 12:55:26
DPDK git baseline: Repo:dpdk
Branch: master
CommitID:899bc9e500ccc718c12b1df4b920dcf0cbeb6265
155533 --> testing pass
Upstream job id: ACVP-FIPS-testing#10623
Test environment and result as below:
+--------------+----------------------+
| Environment | dpdk_fips_validation |
+==============+======================+
| Ubuntu 20.04 | PASS |
+--------------+----------------------+
Ubuntu 20.04
Kernel: 5.15
Compiler: gcc gcc (Ubuntu 9.4.0-1ubuntu1~20.04.2) 9.4.0
To view detailed results, visit:
https://lab.dpdk.org/results/dashboard/patchsets/33752/
UNH-IOL DPDK Community Lab
To manage your email subscriptions, visit:
https://lab.dpdk.org/results/dashboard/preferences/subscriptions/
^ permalink raw reply [flat|nested] 18+ messages in thread
* |SUCCESS| pw155533 [PATCH] [v4] lib/ethdev: fix segfault in secondar
[not found] <20250725125526.2340233-1-14pwcse1224@uetpeshawar.edu.pk>
` (11 preceding siblings ...)
2025-07-25 14:02 ` |SUCCESS| " dpdklab
@ 2025-07-25 14:06 ` dpdklab
2025-07-25 14:26 ` |FAILURE| " dpdklab
` (4 subsequent siblings)
17 siblings, 0 replies; 18+ messages in thread
From: dpdklab @ 2025-07-25 14:06 UTC (permalink / raw)
To: Test Report; +Cc: dpdk-test-reports
Test-Label: iol-intel-Functional
Test-Status: SUCCESS
http://dpdk.org/patch/155533
_Functional Testing PASS_
Submitter: Khadem Ullah <14pwcse1224@uetpeshawar.edu.pk>
Date: Friday, July 25 2025 12:55:26
DPDK git baseline: Repo:dpdk
Branch: master
CommitID:899bc9e500ccc718c12b1df4b920dcf0cbeb6265
155533 --> functional testing pass
Upstream job id: Template-DTS-Pipeline#238195
Test environment and result as below:
Ubuntu 24.04
Kernel: 6.8
Compiler: gcc gcc (Ubuntu 13.3.0-6ubuntu2~24.04) 13.3.0
NIC: Intel Corporation 4xxx Series QAT 0 Mbps
Aggregate Results by Test Suite
+----------------------------+--------+
| Test Suite | Result |
+============================+========+
| crypto_perf_cryptodev_perf | PASS |
+----------------------------+--------+
Ubuntu 22.04
Kernel: 5.15
Compiler: gcc gcc (Ubuntu 11.4.0-1ubuntu1~22.04) 11.4.0
NIC: Intel Corporation QAT 8970 0 Mbps
Aggregate Results by Test Suite
+----------------------------+--------+
| Test Suite | Result |
+============================+========+
| crypto_perf_cryptodev_perf | PASS |
+----------------------------+--------+
Ubuntu 20.04
Kernel: 5.4
Compiler: gcc gcc (Ubuntu 9.4.0-1ubuntu1~20.04.1) 9.4.0
NIC: Intel Corporation Ethernet Converged Network Adapter XL710-QDA2 40000 Mbps
Aggregate Results by Test Suite
+-----------------------------+--------+
| Test Suite | Result |
+=============================+========+
| unit_tests_mbuf | PASS |
+-----------------------------+--------+
| vhost_virtio_user_interrupt | PASS |
+-----------------------------+--------+
| virtio_smoke | PASS |
+-----------------------------+--------+
To view detailed results, visit:
https://lab.dpdk.org/results/dashboard/patchsets/33752/
UNH-IOL DPDK Community Lab
To manage your email subscriptions, visit:
https://lab.dpdk.org/results/dashboard/preferences/subscriptions/
^ permalink raw reply [flat|nested] 18+ messages in thread
* |FAILURE| pw155533 [PATCH] [v4] lib/ethdev: fix segfault in secondar
[not found] <20250725125526.2340233-1-14pwcse1224@uetpeshawar.edu.pk>
` (12 preceding siblings ...)
2025-07-25 14:06 ` dpdklab
@ 2025-07-25 14:26 ` dpdklab
2025-07-25 14:36 ` |SUCCESS| " dpdklab
` (3 subsequent siblings)
17 siblings, 0 replies; 18+ messages in thread
From: dpdklab @ 2025-07-25 14:26 UTC (permalink / raw)
To: Test Report; +Cc: dpdk-test-reports, Khadem Ullah
Test-Label: iol-compile-amd64-testing
Test-Status: FAILURE
http://dpdk.org/patch/155533
_Testing issues_
Submitter: Khadem Ullah <14pwcse1224@uetpeshawar.edu.pk>
Date: Friday, July 25 2025 12:55:26
DPDK git baseline: Repo:dpdk
Branch: master
CommitID:899bc9e500ccc718c12b1df4b920dcf0cbeb6265
155533 --> testing issues
Upstream job id: Generic-DPDK-Compile-Meson#412317
Test environment and result as below:
+-------------------------------+--------------------+-------------------+------------------+-------------------------+-------------------+----------------------+
| Environment | dpdk_meson_compile | dpdk_compile_spdk | dpdk_compile_ovs | dpdk_llvm_clang_compile | dpdk_msvc_compile | dpdk_mingw64_compile |
+===============================+====================+===================+==================+=========================+===================+======================+
| CentOS Stream 9 | PASS | PASS | SKIPPED | SKIPPED | SKIPPED | SKIPPED |
+-------------------------------+--------------------+-------------------+------------------+-------------------------+-------------------+----------------------+
| Debian GNU/Linux 12 | PASS | PASS | SKIPPED | SKIPPED | SKIPPED | SKIPPED |
+-------------------------------+--------------------+-------------------+------------------+-------------------------+-------------------+----------------------+
| CentOS Stream 10 | PASS | SKIPPED | SKIPPED | SKIPPED | SKIPPED | SKIPPED |
+-------------------------------+--------------------+-------------------+------------------+-------------------------+-------------------+----------------------+
| Fedora Linux 41 | PASS | PASS | PASS | SKIPPED | SKIPPED | SKIPPED |
+-------------------------------+--------------------+-------------------+------------------+-------------------------+-------------------+----------------------+
| Fedora Linux 40 | PASS | PASS | SKIPPED | SKIPPED | SKIPPED | SKIPPED |
+-------------------------------+--------------------+-------------------+------------------+-------------------------+-------------------+----------------------+
| openSUSE Leap 15.6 | PASS | SKIPPED | SKIPPED | SKIPPED | SKIPPED | SKIPPED |
+-------------------------------+--------------------+-------------------+------------------+-------------------------+-------------------+----------------------+
| Red Hat Enterprise Linux 9.5 | PASS | SKIPPED | SKIPPED | SKIPPED | SKIPPED | SKIPPED |
+-------------------------------+--------------------+-------------------+------------------+-------------------------+-------------------+----------------------+
| Ubuntu 20.04 | PASS | SKIPPED | SKIPPED | SKIPPED | SKIPPED | SKIPPED |
+-------------------------------+--------------------+-------------------+------------------+-------------------------+-------------------+----------------------+
| Ubuntu 22.04 | PASS | PASS | SKIPPED | SKIPPED | SKIPPED | SKIPPED |
+-------------------------------+--------------------+-------------------+------------------+-------------------------+-------------------+----------------------+
| Ubuntu 24.04 | PASS | PASS | PASS | SKIPPED | SKIPPED | SKIPPED |
+-------------------------------+--------------------+-------------------+------------------+-------------------------+-------------------+----------------------+
| Alpine Linux 3.22.0 | PASS | SKIPPED | SKIPPED | SKIPPED | SKIPPED | SKIPPED |
+-------------------------------+--------------------+-------------------+------------------+-------------------------+-------------------+----------------------+
| FreeBSD 14.2 | PASS | SKIPPED | SKIPPED | SKIPPED | SKIPPED | SKIPPED |
+-------------------------------+--------------------+-------------------+------------------+-------------------------+-------------------+----------------------+
| Red Hat Enterprise Linux 8.10 | PASS | SKIPPED | SKIPPED | SKIPPED | SKIPPED | SKIPPED |
+-------------------------------+--------------------+-------------------+------------------+-------------------------+-------------------+----------------------+
| Windows Server 2022 | SKIPPED | SKIPPED | SKIPPED | FAIL | FAIL | FAIL |
+-------------------------------+--------------------+-------------------+------------------+-------------------------+-------------------+----------------------+
==== 20 line log output for Windows Server 2022 (dpdk_mingw64_compile): ====
[795/809] Linking target drivers/librte_net_i40e-26.dll
[796/809] Linking target drivers/librte_net_octeon_ep-26.dll
[797/809] Linking target drivers/librte_net_ring-26.dll
[798/809] Linking target drivers/librte_net_vmxnet3-26.dll
[799/809] Linking target drivers/librte_net_null-26.dll
[800/809] Linking target drivers/librte_net_ixgbe-26.dll
[801/809] Linking target drivers/librte_net_r8169-26.dll
[802/809] Linking target drivers/librte_net_ice-26.dll
[803/809] Linking target examples/dpdk-helloworld.exe
[804/809] Linking target app/dpdk-test-regex.exe
[805/809] Linking target app/dpdk-test-fib.exe
[806/809] Linking target app/dpdk-test-gpudev.exe
[807/809] Linking target app/dpdk-test.exe
[808/809] Compiling C object app/dpdk-testpmd.exe.p/test-pmd_testpmd.c.obj
[809/809] Linking target app/dpdk-testpmd.exe
FAILED: app/dpdk-testpmd.exe
"gcc" @app/dpdk-testpmd.exe.rsp
C:/mingw64/mingw64/bin/../lib/gcc/x86_64-w64-mingw32/14.1.0/../../../../x86_64-w64-mingw32/bin/ld.exe: app/dpdk-testpmd.exe.p/test-pmd_testpmd.c.obj:testpmd.c:(.text+0x148b): undefined reference to `rte_eal_primary_proc_alive'
collect2.exe: error: ld returned 1 exit status
ninja: build stopped: subcommand failed.
==== End log output ====
CentOS Stream 9
Kernel: 5.15
Compiler: gcc gcc (GCC) 11.5.0 20240719 (Red Hat 11.5.0-7)
Debian GNU/Linux 12
Kernel: 5.15
Compiler: gcc gcc (Debian 12.2.0-14+deb12u1) 12.2.0
CentOS Stream 10
Kernel: 5.15
Compiler: gcc gcc (GCC) 14.2.1 20250110 (Red Hat 14.2.1-8)
Fedora Linux 41
Kernel: 5.15
Compiler: clang gcc (GCC) 14.3.1 20250523 (Red Hat 14.3.1-1)
Fedora Linux 40
Kernel: 5.15
Compiler: clang gcc (GCC) 14.2.1 20240912 (Red Hat 14.2.1-3)
openSUSE Leap 15.6
Kernel: 5.15
Compiler: gcc gcc (SUSE Linux) 7.5.0
Red Hat Enterprise Linux 9.5
Kernel: 5.15
Compiler: gcc gcc (GCC) 11.5.0 20240719 (Red Hat 11.5.0-2)
Ubuntu 20.04
Kernel: 5.15
Compiler: gcc gcc (Ubuntu 9.4.0-1ubuntu1~20.04.2) 9.4.0
Ubuntu 22.04
Kernel: 5.15
Compiler: gcc gcc (Ubuntu 11.4.0-1ubuntu1~22.04) 11.4.0
Ubuntu 24.04
Kernel: 5.15
Compiler: gcc gcc (Ubuntu 13.3.0-6ubuntu2~24.04) 13.3.0
Alpine Linux 3.22.0
Kernel: 5.15
Compiler: gcc gcc (Alpine 14.2.0) 14.2.0
FreeBSD 14.2
Kernel: 14.2-RELEASE
Compiler: clang 18.1.6
Red Hat Enterprise Linux 8.10
Kernel: 5.15
Compiler: gcc gcc (GCC) 8.5.0 20210514 (Red Hat 8.5.0-22)
Windows Server 2022
Kernel: 10.0.20348.2031
Compiler: clang 15.0.7, gcc 14.1.0 (MinGW), and MSVC VS 19.39.33521
To view detailed results, visit:
https://lab.dpdk.org/results/dashboard/patchsets/33752/
UNH-IOL DPDK Community Lab
To manage your email subscriptions, visit:
https://lab.dpdk.org/results/dashboard/preferences/subscriptions/
^ permalink raw reply [flat|nested] 18+ messages in thread
* |SUCCESS| pw155533 [PATCH] [v4] lib/ethdev: fix segfault in secondar
[not found] <20250725125526.2340233-1-14pwcse1224@uetpeshawar.edu.pk>
` (13 preceding siblings ...)
2025-07-25 14:26 ` |FAILURE| " dpdklab
@ 2025-07-25 14:36 ` dpdklab
2025-07-25 15:43 ` |FAILURE| pw155533 [PATCH] [PATCH v4] lib/ethdev: fix segfault in secondary process by validating dev_private pointer 0-day Robot
` (2 subsequent siblings)
17 siblings, 0 replies; 18+ messages in thread
From: dpdklab @ 2025-07-25 14:36 UTC (permalink / raw)
To: Test Report; +Cc: dpdk-test-reports
Test-Label: iol-unit-arm64-testing
Test-Status: SUCCESS
http://dpdk.org/patch/155533
_Testing PASS_
Submitter: Khadem Ullah <14pwcse1224@uetpeshawar.edu.pk>
Date: Friday, July 25 2025 12:55:26
DPDK git baseline: Repo:dpdk
Branch: master
CommitID:899bc9e500ccc718c12b1df4b920dcf0cbeb6265
155533 --> testing pass
Upstream job id: Generic-Unit-Test-DPDK#358377
Test environment and result as below:
+------------------------------+--------------+------------------------------+---------------------------+----------------+
| Environment | lpm_autotest | cryptodev_sw_snow3g_autotest | cryptodev_sw_zuc_autotest | dpdk_unit_test |
+==============================+==============+==============================+===========================+================+
| Ubuntu 20.04 | PASS | SKIPPED | SKIPPED | PASS |
+------------------------------+--------------+------------------------------+---------------------------+----------------+
| Debian 12 (arm) | SKIPPED | PASS | PASS | SKIPPED |
+------------------------------+--------------+------------------------------+---------------------------+----------------+
| CentOS Stream 10 | SKIPPED | SKIPPED | SKIPPED | PASS |
+------------------------------+--------------+------------------------------+---------------------------+----------------+
| CentOS Stream 9 | SKIPPED | SKIPPED | SKIPPED | PASS |
+------------------------------+--------------+------------------------------+---------------------------+----------------+
| Debian GNU/Linux 12 | SKIPPED | SKIPPED | SKIPPED | PASS |
+------------------------------+--------------+------------------------------+---------------------------+----------------+
| Fedora Linux 41 | SKIPPED | SKIPPED | SKIPPED | PASS |
+------------------------------+--------------+------------------------------+---------------------------+----------------+
| Fedora Linux 40 | SKIPPED | SKIPPED | SKIPPED | PASS |
+------------------------------+--------------+------------------------------+---------------------------+----------------+
| Red Hat Enterprise Linux 9.5 | SKIPPED | SKIPPED | SKIPPED | PASS |
+------------------------------+--------------+------------------------------+---------------------------+----------------+
| Ubuntu 22.04 | SKIPPED | SKIPPED | SKIPPED | PASS |
+------------------------------+--------------+------------------------------+---------------------------+----------------+
| Ubuntu 24.04 | SKIPPED | SKIPPED | SKIPPED | PASS |
+------------------------------+--------------+------------------------------+---------------------------+----------------+
Ubuntu 20.04
Kernel: 5.4
Compiler: gcc gcc (Ubuntu 9.4.0-1ubuntu1~20.04.2) 9.4.0
Debian 12 (arm)
Kernel: Depends on container host
Compiler: gcc (Debian 12.2.0-14) 12.2.0
CentOS Stream 10
Kernel: 5.4
Compiler: gcc gcc (GCC) 14.2.1 20250110 (Red Hat 14.2.1-8)
CentOS Stream 9
Kernel: 5.4
Compiler: gcc gcc (GCC) 11.5.0 20240719 (Red Hat 11.5.0-7)
Debian GNU/Linux 12
Kernel: 5.4
Compiler: gcc gcc (Debian 12.2.0-14+deb12u1) 12.2.0
Fedora Linux 41
Kernel: 5.4
Compiler: clang gcc (GCC) 14.3.1 20250523 (Red Hat 14.3.1-1)
Fedora Linux 40
Kernel: 5.4
Compiler: clang gcc (GCC) 14.2.1 20240912 (Red Hat 14.2.1-3)
Red Hat Enterprise Linux 9.5
Kernel: 5.4
Compiler: gcc gcc (GCC) 11.5.0 20240719 (Red Hat 11.5.0-2)
Ubuntu 22.04
Kernel: 5.4
Compiler: gcc gcc (Ubuntu 11.4.0-1ubuntu1~22.04) 11.4.0
Ubuntu 24.04
Kernel: 5.4
Compiler: gcc gcc (Ubuntu 13.3.0-6ubuntu2~24.04) 13.3.0
To view detailed results, visit:
https://lab.dpdk.org/results/dashboard/patchsets/33752/
UNH-IOL DPDK Community Lab
To manage your email subscriptions, visit:
https://lab.dpdk.org/results/dashboard/preferences/subscriptions/
^ permalink raw reply [flat|nested] 18+ messages in thread
* |FAILURE| pw155533 [PATCH] [PATCH v4] lib/ethdev: fix segfault in secondary process by validating dev_private pointer
[not found] <20250725125526.2340233-1-14pwcse1224@uetpeshawar.edu.pk>
` (14 preceding siblings ...)
2025-07-25 14:36 ` |SUCCESS| " dpdklab
@ 2025-07-25 15:43 ` 0-day Robot
2025-07-25 19:02 ` |SUCCESS| pw155533 [PATCH] [v4] lib/ethdev: fix segfault in secondar dpdklab
2025-07-25 19:03 ` dpdklab
17 siblings, 0 replies; 18+ messages in thread
From: 0-day Robot @ 2025-07-25 15:43 UTC (permalink / raw)
To: test-report; +Cc: 14pwcse1224, robot
From: robot@bytheb.org
Test-Label: github-robot: build
Test-Status: FAILURE
http://patchwork.dpdk.org/patch/155533/
_github build: failed_
Build URL: https://github.com/ovsrobot/dpdk/actions/runs/16522698922
Build Logs:
-----------------------Summary of failed steps-----------------------
"windows-2022-msvc" failed at step Build
"ubuntu-22.04-clang-stdatomic" failed at step Build and test
"ubuntu-22.04-gcc-static-mingw" failed at step Build and test
----------------------End summary of failed steps--------------------
-------------------------------BEGIN LOGS----------------------------
####################################################################################
#### [Begin job log] "windows-2022-msvc" at step Build
####################################################################################
####################################################################################
#### [End job log] "windows-2022-msvc" at step Build
####################################################################################
####################################################################################
#### [Begin job log] "ubuntu-22.04-clang-stdatomic" at step Build and test
####################################################################################
####################################################################################
#### [End job log] "ubuntu-22.04-clang-stdatomic" at step Build and test
####################################################################################
####################################################################################
#### [Begin job log] "ubuntu-22.04-gcc-static-mingw" at step Build and test
####################################################################################
####################################################################################
#### [End job log] "ubuntu-22.04-gcc-static-mingw" at step Build and test
####################################################################################
--------------------------------END LOGS-----------------------------
^ permalink raw reply [flat|nested] 18+ messages in thread
* |SUCCESS| pw155533 [PATCH] [v4] lib/ethdev: fix segfault in secondar
[not found] <20250725125526.2340233-1-14pwcse1224@uetpeshawar.edu.pk>
` (15 preceding siblings ...)
2025-07-25 15:43 ` |FAILURE| pw155533 [PATCH] [PATCH v4] lib/ethdev: fix segfault in secondary process by validating dev_private pointer 0-day Robot
@ 2025-07-25 19:02 ` dpdklab
2025-07-25 19:03 ` dpdklab
17 siblings, 0 replies; 18+ messages in thread
From: dpdklab @ 2025-07-25 19:02 UTC (permalink / raw)
To: Test Report; +Cc: dpdk-test-reports
Test-Label: iol-compile-arm64-testing
Test-Status: SUCCESS
http://dpdk.org/patch/155533
_Testing PASS_
Submitter: Khadem Ullah <14pwcse1224@uetpeshawar.edu.pk>
Date: Friday, July 25 2025 12:55:26
DPDK git baseline: Repo:dpdk
Branch: master
CommitID:899bc9e500ccc718c12b1df4b920dcf0cbeb6265
155533 --> testing pass
Upstream job id: Generic-DPDK-Compile-Meson#412332
Test environment and result as below:
+------------------------------+--------------------+
| Environment | dpdk_meson_compile |
+==============================+====================+
| Red Hat Enterprise Linux 9.5 | PASS |
+------------------------------+--------------------+
| Ubuntu 20.04 | PASS |
+------------------------------+--------------------+
| Debian GNU/Linux 12 | PASS |
+------------------------------+--------------------+
| Fedora Linux 40 | PASS |
+------------------------------+--------------------+
| Fedora Linux 41 | PASS |
+------------------------------+--------------------+
| Ubuntu 22.04 | PASS |
+------------------------------+--------------------+
| Ubuntu 24.04 | PASS |
+------------------------------+--------------------+
| CentOS Stream 9 | PASS |
+------------------------------+--------------------+
| CentOS Stream 10 | PASS |
+------------------------------+--------------------+
Red Hat Enterprise Linux 9.5
Kernel: 5.4
Compiler: gcc gcc (GCC) 11.5.0 20240719 (Red Hat 11.5.0-2)
Ubuntu 20.04
Kernel: 5.4
Compiler: gcc gcc (Ubuntu 9.4.0-1ubuntu1~20.04.2) 9.4.0
Debian GNU/Linux 12
Kernel: 5.4
Compiler: gcc gcc (Debian 12.2.0-14+deb12u1) 12.2.0
Fedora Linux 40
Kernel: 5.4
Compiler: gcc gcc (GCC) 14.2.1 20240912 (Red Hat 14.2.1-3)
Fedora Linux 41
Kernel: 5.4
Compiler: gcc gcc (GCC) 14.3.1 20250523 (Red Hat 14.3.1-1)
Ubuntu 22.04
Kernel: 5.4
Compiler: gcc gcc (Ubuntu 11.4.0-1ubuntu1~22.04) 11.4.0
Ubuntu 24.04
Kernel: 5.4
Compiler: gcc gcc (Ubuntu 13.3.0-6ubuntu2~24.04) 13.3.0
CentOS Stream 9
Kernel: 5.4
Compiler: gcc gcc (GCC) 11.5.0 20240719 (Red Hat 11.5.0-7)
CentOS Stream 10
Kernel: 5.4
Compiler: gcc gcc (GCC) 14.2.1 20250110 (Red Hat 14.2.1-8)
To view detailed results, visit:
https://lab.dpdk.org/results/dashboard/patchsets/33752/
UNH-IOL DPDK Community Lab
To manage your email subscriptions, visit:
https://lab.dpdk.org/results/dashboard/preferences/subscriptions/
^ permalink raw reply [flat|nested] 18+ messages in thread
* |SUCCESS| pw155533 [PATCH] [v4] lib/ethdev: fix segfault in secondar
[not found] <20250725125526.2340233-1-14pwcse1224@uetpeshawar.edu.pk>
` (16 preceding siblings ...)
2025-07-25 19:02 ` |SUCCESS| pw155533 [PATCH] [v4] lib/ethdev: fix segfault in secondar dpdklab
@ 2025-07-25 19:03 ` dpdklab
17 siblings, 0 replies; 18+ messages in thread
From: dpdklab @ 2025-07-25 19:03 UTC (permalink / raw)
To: Test Report; +Cc: dpdk-test-reports
Test-Label: iol-compile-arm64-testing
Test-Status: SUCCESS
http://dpdk.org/patch/155533
_Testing PASS_
Submitter: Khadem Ullah <14pwcse1224@uetpeshawar.edu.pk>
Date: Friday, July 25 2025 12:55:26
DPDK git baseline: Repo:dpdk
Branch: master
CommitID:899bc9e500ccc718c12b1df4b920dcf0cbeb6265
155533 --> testing pass
Upstream job id: Generic-DPDK-Compile-Meson#412334
Test environment and result as below:
+------------------------------+--------------------+
| Environment | dpdk_meson_compile |
+==============================+====================+
| Red Hat Enterprise Linux 9.5 | PASS |
+------------------------------+--------------------+
| Ubuntu 20.04 | PASS |
+------------------------------+--------------------+
| Debian GNU/Linux 12 | PASS |
+------------------------------+--------------------+
| Fedora Linux 40 | PASS |
+------------------------------+--------------------+
| Fedora Linux 41 | PASS |
+------------------------------+--------------------+
| Ubuntu 22.04 | PASS |
+------------------------------+--------------------+
| Ubuntu 24.04 | PASS |
+------------------------------+--------------------+
| CentOS Stream 9 | PASS |
+------------------------------+--------------------+
| CentOS Stream 10 | PASS |
+------------------------------+--------------------+
Red Hat Enterprise Linux 9.5
Kernel: 5.4
Compiler: gcc gcc (GCC) 11.5.0 20240719 (Red Hat 11.5.0-2)
Ubuntu 20.04
Kernel: 5.4
Compiler: gcc gcc (Ubuntu 9.4.0-1ubuntu1~20.04.2) 9.4.0
Debian GNU/Linux 12
Kernel: 5.4
Compiler: gcc gcc (Debian 12.2.0-14+deb12u1) 12.2.0
Fedora Linux 40
Kernel: 5.4
Compiler: gcc gcc (GCC) 14.2.1 20240912 (Red Hat 14.2.1-3)
Fedora Linux 41
Kernel: 5.4
Compiler: gcc gcc (GCC) 14.3.1 20250523 (Red Hat 14.3.1-1)
Ubuntu 22.04
Kernel: 5.4
Compiler: gcc gcc (Ubuntu 11.4.0-1ubuntu1~22.04) 11.4.0
Ubuntu 24.04
Kernel: 5.4
Compiler: gcc gcc (Ubuntu 13.3.0-6ubuntu2~24.04) 13.3.0
CentOS Stream 9
Kernel: 5.4
Compiler: gcc gcc (GCC) 11.5.0 20240719 (Red Hat 11.5.0-7)
CentOS Stream 10
Kernel: 5.4
Compiler: gcc gcc (GCC) 14.2.1 20250110 (Red Hat 14.2.1-8)
To view detailed results, visit:
https://lab.dpdk.org/results/dashboard/patchsets/33752/
UNH-IOL DPDK Community Lab
To manage your email subscriptions, visit:
https://lab.dpdk.org/results/dashboard/preferences/subscriptions/
^ permalink raw reply [flat|nested] 18+ messages in thread
end of thread, other threads:[~2025-07-25 19:03 UTC | newest]
Thread overview: 18+ messages (download: mbox.gz / follow: Atom feed)
-- links below jump to the message on this page --
[not found] <20250725125526.2340233-1-14pwcse1224@uetpeshawar.edu.pk>
2025-07-25 12:30 ` |SUCCESS| pw155533 [PATCH] [PATCH v4] lib/ethdev: fix segfault in secondary process by validating dev_private pointer qemudev
2025-07-25 12:35 ` qemudev
2025-07-25 12:54 ` |WARNING| " checkpatch
2025-07-25 13:33 ` |SUCCESS| pw155533 [PATCH] [v4] lib/ethdev: fix segfault in secondar dpdklab
2025-07-25 13:38 ` |PENDING| " dpdklab
2025-07-25 13:39 ` |SUCCESS| " dpdklab
2025-07-25 13:47 ` dpdklab
2025-07-25 13:48 ` dpdklab
2025-07-25 13:50 ` dpdklab
2025-07-25 13:50 ` dpdklab
2025-07-25 14:00 ` |FAILURE| " dpdklab
2025-07-25 14:02 ` |SUCCESS| " dpdklab
2025-07-25 14:06 ` dpdklab
2025-07-25 14:26 ` |FAILURE| " dpdklab
2025-07-25 14:36 ` |SUCCESS| " dpdklab
2025-07-25 15:43 ` |FAILURE| pw155533 [PATCH] [PATCH v4] lib/ethdev: fix segfault in secondary process by validating dev_private pointer 0-day Robot
2025-07-25 19:02 ` |SUCCESS| pw155533 [PATCH] [v4] lib/ethdev: fix segfault in secondar dpdklab
2025-07-25 19:03 ` dpdklab
This is a public inbox, see mirroring instructions
for how to clone and mirror all data and code used for this inbox;
as well as URLs for NNTP newsgroup(s).