From mboxrd@z Thu Jan 1 00:00:00 1970 Return-Path: Received: from mails.dpdk.org (mails.dpdk.org [217.70.189.124]) by inbox.dpdk.org (Postfix) with ESMTP id CD84146C0E for ; Fri, 25 Jul 2025 16:01:01 +0200 (CEST) Received: from mails.dpdk.org (localhost [127.0.0.1]) by mails.dpdk.org (Postfix) with ESMTP id B19DF400D5; Fri, 25 Jul 2025 16:01:01 +0200 (CEST) Received: from mail-il1-f226.google.com (mail-il1-f226.google.com [209.85.166.226]) by mails.dpdk.org (Postfix) with ESMTP id CB049400D5 for ; Fri, 25 Jul 2025 16:01:00 +0200 (CEST) Received: by mail-il1-f226.google.com with SMTP id e9e14a558f8ab-3df2d8cb8d2so9054665ab.2 for ; Fri, 25 Jul 2025 07:01:00 -0700 (PDT) DKIM-Signature: v=1; a=rsa-sha256; c=relaxed/relaxed; d=iol.unh.edu; s=unh-iol; t=1753452060; x=1754056860; darn=dpdk.org; h=references:in-reply-to:cc:to:from:subject:message-id:date:from:to :cc:subject:date:message-id:reply-to; bh=m6HJq5DhXin3FNatqp6iuM9x13QMzNQl7RuS1CxOIgQ=; b=fTByq7+xvWZpS2k2mkzCz4GkRqm66gMqdR1ASlkzntGdy/w3MEtqUkrhIBzFVXkCzh 4H+tZyA0GgFWFvgq0I4AE2Yc/FV5YtZ75WMUb5hM1ZIb2zFYHeV8PBDx2zLndBruvEtK CKe/VLrC3ArtUYI+TsQiAb2QfE+aJU+dL9pdw= X-Google-DKIM-Signature: v=1; a=rsa-sha256; c=relaxed/relaxed; d=1e100.net; s=20230601; t=1753452060; x=1754056860; h=references:in-reply-to:cc:to:from:subject:message-id:date :x-gm-message-state:from:to:cc:subject:date:message-id:reply-to; bh=m6HJq5DhXin3FNatqp6iuM9x13QMzNQl7RuS1CxOIgQ=; b=YT0ySzQjKyvD1SPQNtRyT/6v6lEj9ik2F1I89VN1aRApkNwrOjBV+rSsmuDR68zGaa j/96BjPGsQ0cRHCaA107TMZhxXpQO5zEvMA8pjT6Qpfyd35NsmPkI6K8veiGZmDFy7DL HrHVSHPcApVJ9aLZyqNJfv2v8MWndutU5DtIm6Ofp7r6JBHgZWKv8QfDeENVOUkomPyh y2wpysL2JIFWN3wV7RzuKWNCu6RfwonozsnHteJ+9HPW9PCkXLeGpcNyEftLL5p55rRq mO7qfaDfyHVb49qcxBMDHoOu3QQTwA8FwnHb44zXnWQ96k5PE8Bg0EweUCgY6prF+EAu 9v4g== X-Gm-Message-State: AOJu0YzwTi4BkiqDrxyoP557bH8t3q5An3T6ofGoucQaGyQ6QMG1FOVD VZYYPaj0l0bJgJ642EUfNS10hr9SGSW9WmjlCvLkbKvbePiIFCUyy7g80QUOC6QYUy9WEfARQmO zHEgwaJrqbgSGMBN+gZQwrybWGKbXKFUxVs6fk/odSKTD X-Gm-Gg: ASbGncsaA6C/m8uNLVglEwPpLsszCwplzRgGsB2kn/f4Qo4geLFT1Xeakpe3Q+FG8AZ ozRA5WVsCeK9q1JsnqbFup1RYO1t0dpVU0zHF1Xwy6+NYtY7I7SP+veGne5TQOlHneSCi5R/pxI Q3UzICl25/iraHNuQbwD2TBqTocUj55L5Gpd1BmGFnZli85CFfSvaK9KWUcSKMWPRu5+wwUko7X pPSU4ijYGAlp0ysURm9l9Mh/kX5vRM6pM8NOgA4Ik/yAwxEFclvK+33pyTwqV1r86gSyI8CE7jk hcordutaZSdm9gIKEnzShAdpvV2Q+hdLVfJPfEG2wMUG7+x28TW7RuRs+2SlA3h1xCNCp3QC X-Google-Smtp-Source: AGHT+IF8SP+tTLz16cSzDgdp3Bm/2cUh/+fNKleNsLUUWo8DIqvAcPI+o4cU0ziYOBIQZdGkm2dVdfDjaZ0s X-Received: by 2002:a05:6e02:3048:b0:3e2:96c0:edf with SMTP id e9e14a558f8ab-3e3c525cc9emr28090255ab.2.1753452059662; Fri, 25 Jul 2025 07:00:59 -0700 (PDT) Received: from postal.iol.unh.edu (postal.iol.unh.edu. [132.177.123.84]) by smtp-relay.gmail.com with ESMTPS id e9e14a558f8ab-3e3cab1a04asm34795ab.20.2025.07.25.07.00.59 (version=TLS1_2 cipher=ECDHE-ECDSA-AES128-GCM-SHA256 bits=128/128); Fri, 25 Jul 2025 07:00:59 -0700 (PDT) X-Relaying-Domain: iol.unh.edu Date: Fri, 25 Jul 2025 07:00:59 -0700 (PDT) Message-ID: <68838e1b.050a0220.28fac9.0377SMTPIN_ADDED_MISSING@mx.google.com> Received: from [172.21.0.4] (unknown [172.18.0.240]) by postal.iol.unh.edu (Postfix) with ESMTP id 100696051830; Fri, 25 Jul 2025 10:00:59 -0400 (EDT) Subject: |FAILURE| pw155533 [PATCH] [v4] lib/ethdev: fix segfault in secondar From: dpdklab@iol.unh.edu To: Test Report Cc: dpdk-test-reports@iol.unh.edu, Khadem Ullah <14pwcse1224@uetpeshawar.edu.pk> In-Reply-To: <20250725125526.2340233-1-14pwcse1224@uetpeshawar.edu.pk> References: <20250725125526.2340233-1-14pwcse1224@uetpeshawar.edu.pk> Content-Type: text/plain X-BeenThere: test-report@dpdk.org X-Mailman-Version: 2.1.29 Precedence: list List-Id: automatic DPDK test reports List-Unsubscribe: , List-Archive: List-Post: List-Help: List-Subscribe: , Errors-To: test-report-bounces@dpdk.org Test-Label: iol-unit-amd64-testing Test-Status: FAILURE http://dpdk.org/patch/155533 _Testing issues_ Submitter: Khadem Ullah <14pwcse1224@uetpeshawar.edu.pk> Date: Friday, July 25 2025 12:55:26 DPDK git baseline: Repo:dpdk Branch: master CommitID:899bc9e500ccc718c12b1df4b920dcf0cbeb6265 155533 --> testing issues Upstream job id: Generic-VM-Unit-Test-DPDK#30185 Test environment and result as below: +-------------------------------+----------------+ | Environment | dpdk_unit_test | +===============================+================+ | Windows Server 2022 | FAIL | +-------------------------------+----------------+ | CentOS Stream 9 | PASS | +-------------------------------+----------------+ | Fedora Linux 40 | PASS | +-------------------------------+----------------+ | Debian GNU/Linux 12 | PASS | +-------------------------------+----------------+ | CentOS Stream 10 | PASS | +-------------------------------+----------------+ | Ubuntu 20.04 | PASS | +-------------------------------+----------------+ | Red Hat Enterprise Linux 9.5 | PASS | +-------------------------------+----------------+ | Fedora Linux 41 | PASS | +-------------------------------+----------------+ | Ubuntu 24.04 | PASS | +-------------------------------+----------------+ | Red Hat Enterprise Linux 8.10 | PASS | +-------------------------------+----------------+ | Ubuntu 22.04 | PASS | +-------------------------------+----------------+ ==== Unit test summary for Windows Server 2022 (dpdk_unit_test): ==== Failed to get the unit test results. Displaying the unit test results is not supported for some environments, such as our aarch32 testing, where meson is not used to run the tests. Download the logs available on our CI site. ==== End log output ==== Windows Server 2022 Kernel: 10.0.20348.2031 Compiler: clang 15.0.7, gcc 14.1.0 (MinGW), and MSVC VS 19.39.33521 CentOS Stream 9 Kernel: 5.15 Compiler: gcc gcc (GCC) 11.5.0 20240719 (Red Hat 11.5.0-7) Fedora Linux 40 Kernel: 5.15 Compiler: gcc gcc (GCC) 14.2.1 20240912 (Red Hat 14.2.1-3) Debian GNU/Linux 12 Kernel: 5.15 Compiler: gcc gcc (Debian 12.2.0-14+deb12u1) 12.2.0 CentOS Stream 10 Kernel: 5.15 Compiler: gcc gcc (GCC) 14.2.1 20250110 (Red Hat 14.2.1-8) Ubuntu 20.04 Kernel: 5.15 Compiler: gcc gcc (Ubuntu 9.4.0-1ubuntu1~20.04.2) 9.4.0 Red Hat Enterprise Linux 9.5 Kernel: 5.15 Compiler: gcc gcc (GCC) 11.5.0 20240719 (Red Hat 11.5.0-2) Fedora Linux 41 Kernel: 5.15 Compiler: gcc gcc (GCC) 14.3.1 20250523 (Red Hat 14.3.1-1) Ubuntu 24.04 Kernel: 5.15 Compiler: gcc gcc (Ubuntu 13.3.0-6ubuntu2~24.04) 13.3.0 Red Hat Enterprise Linux 8.10 Kernel: 5.15 Compiler: gcc gcc (GCC) 8.5.0 20210514 (Red Hat 8.5.0-22) Ubuntu 22.04 Kernel: 5.15 Compiler: gcc gcc (Ubuntu 11.4.0-1ubuntu1~22.04) 11.4.0 To view detailed results, visit: https://lab.dpdk.org/results/dashboard/patchsets/33752/ UNH-IOL DPDK Community Lab To manage your email subscriptions, visit: https://lab.dpdk.org/results/dashboard/preferences/subscriptions/