From: dpdklab@iol.unh.edu
To: Test Report <test-report@dpdk.org>
Cc: dpdk-test-reports@iol.unh.edu,
Khadem Ullah <14pwcse1224@uetpeshawar.edu.pk>
Subject: |FAILURE| pw155533 [PATCH] [v4] lib/ethdev: fix segfault in secondar
Date: Fri, 25 Jul 2025 07:26:19 -0700 (PDT) [thread overview]
Message-ID: <6883940b.170a0220.10c45.266dSMTPIN_ADDED_MISSING@mx.google.com> (raw)
In-Reply-To: <20250725125526.2340233-1-14pwcse1224@uetpeshawar.edu.pk>
Test-Label: iol-compile-amd64-testing
Test-Status: FAILURE
http://dpdk.org/patch/155533
_Testing issues_
Submitter: Khadem Ullah <14pwcse1224@uetpeshawar.edu.pk>
Date: Friday, July 25 2025 12:55:26
DPDK git baseline: Repo:dpdk
Branch: master
CommitID:899bc9e500ccc718c12b1df4b920dcf0cbeb6265
155533 --> testing issues
Upstream job id: Generic-DPDK-Compile-Meson#412317
Test environment and result as below:
+-------------------------------+--------------------+-------------------+------------------+-------------------------+-------------------+----------------------+
| Environment | dpdk_meson_compile | dpdk_compile_spdk | dpdk_compile_ovs | dpdk_llvm_clang_compile | dpdk_msvc_compile | dpdk_mingw64_compile |
+===============================+====================+===================+==================+=========================+===================+======================+
| CentOS Stream 9 | PASS | PASS | SKIPPED | SKIPPED | SKIPPED | SKIPPED |
+-------------------------------+--------------------+-------------------+------------------+-------------------------+-------------------+----------------------+
| Debian GNU/Linux 12 | PASS | PASS | SKIPPED | SKIPPED | SKIPPED | SKIPPED |
+-------------------------------+--------------------+-------------------+------------------+-------------------------+-------------------+----------------------+
| CentOS Stream 10 | PASS | SKIPPED | SKIPPED | SKIPPED | SKIPPED | SKIPPED |
+-------------------------------+--------------------+-------------------+------------------+-------------------------+-------------------+----------------------+
| Fedora Linux 41 | PASS | PASS | PASS | SKIPPED | SKIPPED | SKIPPED |
+-------------------------------+--------------------+-------------------+------------------+-------------------------+-------------------+----------------------+
| Fedora Linux 40 | PASS | PASS | SKIPPED | SKIPPED | SKIPPED | SKIPPED |
+-------------------------------+--------------------+-------------------+------------------+-------------------------+-------------------+----------------------+
| openSUSE Leap 15.6 | PASS | SKIPPED | SKIPPED | SKIPPED | SKIPPED | SKIPPED |
+-------------------------------+--------------------+-------------------+------------------+-------------------------+-------------------+----------------------+
| Red Hat Enterprise Linux 9.5 | PASS | SKIPPED | SKIPPED | SKIPPED | SKIPPED | SKIPPED |
+-------------------------------+--------------------+-------------------+------------------+-------------------------+-------------------+----------------------+
| Ubuntu 20.04 | PASS | SKIPPED | SKIPPED | SKIPPED | SKIPPED | SKIPPED |
+-------------------------------+--------------------+-------------------+------------------+-------------------------+-------------------+----------------------+
| Ubuntu 22.04 | PASS | PASS | SKIPPED | SKIPPED | SKIPPED | SKIPPED |
+-------------------------------+--------------------+-------------------+------------------+-------------------------+-------------------+----------------------+
| Ubuntu 24.04 | PASS | PASS | PASS | SKIPPED | SKIPPED | SKIPPED |
+-------------------------------+--------------------+-------------------+------------------+-------------------------+-------------------+----------------------+
| Alpine Linux 3.22.0 | PASS | SKIPPED | SKIPPED | SKIPPED | SKIPPED | SKIPPED |
+-------------------------------+--------------------+-------------------+------------------+-------------------------+-------------------+----------------------+
| FreeBSD 14.2 | PASS | SKIPPED | SKIPPED | SKIPPED | SKIPPED | SKIPPED |
+-------------------------------+--------------------+-------------------+------------------+-------------------------+-------------------+----------------------+
| Red Hat Enterprise Linux 8.10 | PASS | SKIPPED | SKIPPED | SKIPPED | SKIPPED | SKIPPED |
+-------------------------------+--------------------+-------------------+------------------+-------------------------+-------------------+----------------------+
| Windows Server 2022 | SKIPPED | SKIPPED | SKIPPED | FAIL | FAIL | FAIL |
+-------------------------------+--------------------+-------------------+------------------+-------------------------+-------------------+----------------------+
==== 20 line log output for Windows Server 2022 (dpdk_mingw64_compile): ====
[795/809] Linking target drivers/librte_net_i40e-26.dll
[796/809] Linking target drivers/librte_net_octeon_ep-26.dll
[797/809] Linking target drivers/librte_net_ring-26.dll
[798/809] Linking target drivers/librte_net_vmxnet3-26.dll
[799/809] Linking target drivers/librte_net_null-26.dll
[800/809] Linking target drivers/librte_net_ixgbe-26.dll
[801/809] Linking target drivers/librte_net_r8169-26.dll
[802/809] Linking target drivers/librte_net_ice-26.dll
[803/809] Linking target examples/dpdk-helloworld.exe
[804/809] Linking target app/dpdk-test-regex.exe
[805/809] Linking target app/dpdk-test-fib.exe
[806/809] Linking target app/dpdk-test-gpudev.exe
[807/809] Linking target app/dpdk-test.exe
[808/809] Compiling C object app/dpdk-testpmd.exe.p/test-pmd_testpmd.c.obj
[809/809] Linking target app/dpdk-testpmd.exe
FAILED: app/dpdk-testpmd.exe
"gcc" @app/dpdk-testpmd.exe.rsp
C:/mingw64/mingw64/bin/../lib/gcc/x86_64-w64-mingw32/14.1.0/../../../../x86_64-w64-mingw32/bin/ld.exe: app/dpdk-testpmd.exe.p/test-pmd_testpmd.c.obj:testpmd.c:(.text+0x148b): undefined reference to `rte_eal_primary_proc_alive'
collect2.exe: error: ld returned 1 exit status
ninja: build stopped: subcommand failed.
==== End log output ====
CentOS Stream 9
Kernel: 5.15
Compiler: gcc gcc (GCC) 11.5.0 20240719 (Red Hat 11.5.0-7)
Debian GNU/Linux 12
Kernel: 5.15
Compiler: gcc gcc (Debian 12.2.0-14+deb12u1) 12.2.0
CentOS Stream 10
Kernel: 5.15
Compiler: gcc gcc (GCC) 14.2.1 20250110 (Red Hat 14.2.1-8)
Fedora Linux 41
Kernel: 5.15
Compiler: clang gcc (GCC) 14.3.1 20250523 (Red Hat 14.3.1-1)
Fedora Linux 40
Kernel: 5.15
Compiler: clang gcc (GCC) 14.2.1 20240912 (Red Hat 14.2.1-3)
openSUSE Leap 15.6
Kernel: 5.15
Compiler: gcc gcc (SUSE Linux) 7.5.0
Red Hat Enterprise Linux 9.5
Kernel: 5.15
Compiler: gcc gcc (GCC) 11.5.0 20240719 (Red Hat 11.5.0-2)
Ubuntu 20.04
Kernel: 5.15
Compiler: gcc gcc (Ubuntu 9.4.0-1ubuntu1~20.04.2) 9.4.0
Ubuntu 22.04
Kernel: 5.15
Compiler: gcc gcc (Ubuntu 11.4.0-1ubuntu1~22.04) 11.4.0
Ubuntu 24.04
Kernel: 5.15
Compiler: gcc gcc (Ubuntu 13.3.0-6ubuntu2~24.04) 13.3.0
Alpine Linux 3.22.0
Kernel: 5.15
Compiler: gcc gcc (Alpine 14.2.0) 14.2.0
FreeBSD 14.2
Kernel: 14.2-RELEASE
Compiler: clang 18.1.6
Red Hat Enterprise Linux 8.10
Kernel: 5.15
Compiler: gcc gcc (GCC) 8.5.0 20210514 (Red Hat 8.5.0-22)
Windows Server 2022
Kernel: 10.0.20348.2031
Compiler: clang 15.0.7, gcc 14.1.0 (MinGW), and MSVC VS 19.39.33521
To view detailed results, visit:
https://lab.dpdk.org/results/dashboard/patchsets/33752/
UNH-IOL DPDK Community Lab
To manage your email subscriptions, visit:
https://lab.dpdk.org/results/dashboard/preferences/subscriptions/
next prev parent reply other threads:[~2025-07-25 14:26 UTC|newest]
Thread overview: 18+ messages / expand[flat|nested] mbox.gz Atom feed top
[not found] <20250725125526.2340233-1-14pwcse1224@uetpeshawar.edu.pk>
2025-07-25 12:30 ` |SUCCESS| pw155533 [PATCH] [PATCH v4] lib/ethdev: fix segfault in secondary process by validating dev_private pointer qemudev
2025-07-25 12:35 ` qemudev
2025-07-25 12:54 ` |WARNING| " checkpatch
2025-07-25 13:33 ` |SUCCESS| pw155533 [PATCH] [v4] lib/ethdev: fix segfault in secondar dpdklab
2025-07-25 13:38 ` |PENDING| " dpdklab
2025-07-25 13:39 ` |SUCCESS| " dpdklab
2025-07-25 13:47 ` dpdklab
2025-07-25 13:48 ` dpdklab
2025-07-25 13:50 ` dpdklab
2025-07-25 13:50 ` dpdklab
2025-07-25 14:00 ` |FAILURE| " dpdklab
2025-07-25 14:02 ` |SUCCESS| " dpdklab
2025-07-25 14:06 ` dpdklab
2025-07-25 14:26 ` dpdklab [this message]
2025-07-25 14:36 ` dpdklab
2025-07-25 15:43 ` |FAILURE| pw155533 [PATCH] [PATCH v4] lib/ethdev: fix segfault in secondary process by validating dev_private pointer 0-day Robot
2025-07-25 19:02 ` |SUCCESS| pw155533 [PATCH] [v4] lib/ethdev: fix segfault in secondar dpdklab
2025-07-25 19:03 ` dpdklab
Reply instructions:
You may reply publicly to this message via plain-text email
using any one of the following methods:
* Save the following mbox file, import it into your mail client,
and reply-to-all from there: mbox
Avoid top-posting and favor interleaved quoting:
https://en.wikipedia.org/wiki/Posting_style#Interleaved_style
* Reply using the --to, --cc, and --in-reply-to
switches of git-send-email(1):
git send-email \
--in-reply-to=6883940b.170a0220.10c45.266dSMTPIN_ADDED_MISSING@mx.google.com \
--to=dpdklab@iol.unh.edu \
--cc=14pwcse1224@uetpeshawar.edu.pk \
--cc=dpdk-test-reports@iol.unh.edu \
--cc=test-report@dpdk.org \
/path/to/YOUR_REPLY
https://kernel.org/pub/software/scm/git/docs/git-send-email.html
* If your mail client supports setting the In-Reply-To header
via mailto: links, try the mailto: link
Be sure your reply has a Subject: header at the top and a blank line
before the message body.
This is a public inbox, see mirroring instructions
for how to clone and mirror all data and code used for this inbox;
as well as URLs for NNTP newsgroup(s).