From mboxrd@z Thu Jan 1 00:00:00 1970 Return-Path: Received: from mails.dpdk.org (mails.dpdk.org [217.70.189.124]) by inbox.dpdk.org (Postfix) with ESMTP id 7326D46C0E for ; Fri, 25 Jul 2025 16:26:21 +0200 (CEST) Received: from mails.dpdk.org (localhost [127.0.0.1]) by mails.dpdk.org (Postfix) with ESMTP id 561A0400D5; Fri, 25 Jul 2025 16:26:21 +0200 (CEST) Received: from mail-pl1-f228.google.com (mail-pl1-f228.google.com [209.85.214.228]) by mails.dpdk.org (Postfix) with ESMTP id 00217400D5 for ; Fri, 25 Jul 2025 16:26:19 +0200 (CEST) Received: by mail-pl1-f228.google.com with SMTP id d9443c01a7336-23649faf69fso19228855ad.0 for ; Fri, 25 Jul 2025 07:26:19 -0700 (PDT) DKIM-Signature: v=1; a=rsa-sha256; c=relaxed/relaxed; d=iol.unh.edu; s=unh-iol; t=1753453579; x=1754058379; darn=dpdk.org; h=references:in-reply-to:cc:to:from:subject:message-id:date:from:to :cc:subject:date:message-id:reply-to; bh=RPJZqwdjC+XLDWWjKZfdouCG36y7yyzSjNIpISDhQk8=; b=FGiU9PDdW/5ZzvfI6mr4dJfmMVCvY7ocTe+Y0i2DHaOKbNkPrGDuO4sDrhPan62xsV itcl3dELssZtZ6t16deg8JKevmPZQrYdie9dlmvLTaceRKfqYFA8e1W/mxsNpKlQFIr8 Kb0KmF1h0AcvftFFeB79xs8CYqGMJ9tvghZwY= X-Google-DKIM-Signature: v=1; a=rsa-sha256; c=relaxed/relaxed; d=1e100.net; s=20230601; t=1753453579; x=1754058379; h=references:in-reply-to:cc:to:from:subject:message-id:date :x-gm-message-state:from:to:cc:subject:date:message-id:reply-to; bh=RPJZqwdjC+XLDWWjKZfdouCG36y7yyzSjNIpISDhQk8=; b=EbjcVHKlGFpgXo6AhNFFbyvGLJ1yBgVrjch1VojulV2ZCDmOn4Fi11iBuqXwD54E/u AKU8cUoXRT4vH3a98jiDcVcUym5TlHF2ZoC4NwaoJgpApp/kbksgbq11oFPS+CBE9mkx fdzogrlhjwtDEfCbaLTMW/zg8BxsFIdJ6w8LDxMp3wjUgx44DBzYd3DeqcryUan/aFIS O5MXeX7+7c6JfVGco3lqC0UqPMzj0+s44Vhc4o3SZfyz7BMo5Iv4XERJCqEGQtkDXXmh wJND920GgxLfkoIyfSsNvSAse5YTlOfsLW+V7JMOtUkcWazYCZWSbOKaCwNWxdhZUbv5 wUcg== X-Gm-Message-State: AOJu0YznR03UE8fUBH66tsMZOeLpAF0uSX8kZz2v0tInDZ6LaXH7YmnU H4oIo+/JiN0Vfx2fkjcdwOxutGFxg2CL4FT+u7kIPK4wnu6xZzQdKySp73GpMIlSmGEmDJ8zcfF UgL8Udm1Wx7/Afm6wHwnSTojlsR+3VghiYni86U1xwy/S X-Gm-Gg: ASbGncvW+YXShJHb0MsPDzJyapA9kTGfz1UNVBz9rAgKsqzvxoOztarwg6wcoGflN38 cKi/LhIg3CKYUKjnQ5A9y2xGuDUX+XqWqMoPmRjCqlD7aRXAOw4I08aGG1XMXC0Br57czd6OaxP lUfm2/TOx2CDrMVuDq81s76Lzk7f/R67tIB03xZYOFweiBbhtkC32hXT0qcj5cwidfsY9OTvsjO JDsmkDPxjGIVtfC4SQLhfcolp8FBVetPbkC3v4DhZHfkFlOAAIK6M0ABrG77mWPw9nwSmXylovB Loxt3KP3wy8l9jXKlHOrv9kLaUJMmkRBUFSt/e+RnjclnTWxd27vSmrrr4H/ElhAqBf8RRdo X-Google-Smtp-Source: AGHT+IGPjBbHMgw3sD3HwPB23/AU7ySeb2Kn++LUIFwLWC8LeqReGqkziRmSaD1/pDpi2rTykujRammnKd6Q X-Received: by 2002:a17:903:41ca:b0:23d:ed96:e2b6 with SMTP id d9443c01a7336-23fb3165871mr34438655ad.44.1753453579080; Fri, 25 Jul 2025 07:26:19 -0700 (PDT) Received: from postal.iol.unh.edu (postal.iol.unh.edu. [132.177.123.84]) by smtp-relay.gmail.com with ESMTPS id d9443c01a7336-23fb6a18767sm510745ad.72.2025.07.25.07.26.18 (version=TLS1_2 cipher=ECDHE-ECDSA-AES128-GCM-SHA256 bits=128/128); Fri, 25 Jul 2025 07:26:19 -0700 (PDT) X-Relaying-Domain: iol.unh.edu Date: Fri, 25 Jul 2025 07:26:19 -0700 (PDT) Message-ID: <6883940b.170a0220.10c45.266dSMTPIN_ADDED_MISSING@mx.google.com> Received: from [172.21.0.2] (unknown [172.18.0.240]) by postal.iol.unh.edu (Postfix) with ESMTP id 40C96604D420; Fri, 25 Jul 2025 10:26:18 -0400 (EDT) Subject: |FAILURE| pw155533 [PATCH] [v4] lib/ethdev: fix segfault in secondar From: dpdklab@iol.unh.edu To: Test Report Cc: dpdk-test-reports@iol.unh.edu, Khadem Ullah <14pwcse1224@uetpeshawar.edu.pk> In-Reply-To: <20250725125526.2340233-1-14pwcse1224@uetpeshawar.edu.pk> References: <20250725125526.2340233-1-14pwcse1224@uetpeshawar.edu.pk> Content-Type: text/plain X-BeenThere: test-report@dpdk.org X-Mailman-Version: 2.1.29 Precedence: list List-Id: automatic DPDK test reports List-Unsubscribe: , List-Archive: List-Post: List-Help: List-Subscribe: , Errors-To: test-report-bounces@dpdk.org Test-Label: iol-compile-amd64-testing Test-Status: FAILURE http://dpdk.org/patch/155533 _Testing issues_ Submitter: Khadem Ullah <14pwcse1224@uetpeshawar.edu.pk> Date: Friday, July 25 2025 12:55:26 DPDK git baseline: Repo:dpdk Branch: master CommitID:899bc9e500ccc718c12b1df4b920dcf0cbeb6265 155533 --> testing issues Upstream job id: Generic-DPDK-Compile-Meson#412317 Test environment and result as below: +-------------------------------+--------------------+-------------------+------------------+-------------------------+-------------------+----------------------+ | Environment | dpdk_meson_compile | dpdk_compile_spdk | dpdk_compile_ovs | dpdk_llvm_clang_compile | dpdk_msvc_compile | dpdk_mingw64_compile | +===============================+====================+===================+==================+=========================+===================+======================+ | CentOS Stream 9 | PASS | PASS | SKIPPED | SKIPPED | SKIPPED | SKIPPED | +-------------------------------+--------------------+-------------------+------------------+-------------------------+-------------------+----------------------+ | Debian GNU/Linux 12 | PASS | PASS | SKIPPED | SKIPPED | SKIPPED | SKIPPED | +-------------------------------+--------------------+-------------------+------------------+-------------------------+-------------------+----------------------+ | CentOS Stream 10 | PASS | SKIPPED | SKIPPED | SKIPPED | SKIPPED | SKIPPED | +-------------------------------+--------------------+-------------------+------------------+-------------------------+-------------------+----------------------+ | Fedora Linux 41 | PASS | PASS | PASS | SKIPPED | SKIPPED | SKIPPED | +-------------------------------+--------------------+-------------------+------------------+-------------------------+-------------------+----------------------+ | Fedora Linux 40 | PASS | PASS | SKIPPED | SKIPPED | SKIPPED | SKIPPED | +-------------------------------+--------------------+-------------------+------------------+-------------------------+-------------------+----------------------+ | openSUSE Leap 15.6 | PASS | SKIPPED | SKIPPED | SKIPPED | SKIPPED | SKIPPED | +-------------------------------+--------------------+-------------------+------------------+-------------------------+-------------------+----------------------+ | Red Hat Enterprise Linux 9.5 | PASS | SKIPPED | SKIPPED | SKIPPED | SKIPPED | SKIPPED | +-------------------------------+--------------------+-------------------+------------------+-------------------------+-------------------+----------------------+ | Ubuntu 20.04 | PASS | SKIPPED | SKIPPED | SKIPPED | SKIPPED | SKIPPED | +-------------------------------+--------------------+-------------------+------------------+-------------------------+-------------------+----------------------+ | Ubuntu 22.04 | PASS | PASS | SKIPPED | SKIPPED | SKIPPED | SKIPPED | +-------------------------------+--------------------+-------------------+------------------+-------------------------+-------------------+----------------------+ | Ubuntu 24.04 | PASS | PASS | PASS | SKIPPED | SKIPPED | SKIPPED | +-------------------------------+--------------------+-------------------+------------------+-------------------------+-------------------+----------------------+ | Alpine Linux 3.22.0 | PASS | SKIPPED | SKIPPED | SKIPPED | SKIPPED | SKIPPED | +-------------------------------+--------------------+-------------------+------------------+-------------------------+-------------------+----------------------+ | FreeBSD 14.2 | PASS | SKIPPED | SKIPPED | SKIPPED | SKIPPED | SKIPPED | +-------------------------------+--------------------+-------------------+------------------+-------------------------+-------------------+----------------------+ | Red Hat Enterprise Linux 8.10 | PASS | SKIPPED | SKIPPED | SKIPPED | SKIPPED | SKIPPED | +-------------------------------+--------------------+-------------------+------------------+-------------------------+-------------------+----------------------+ | Windows Server 2022 | SKIPPED | SKIPPED | SKIPPED | FAIL | FAIL | FAIL | +-------------------------------+--------------------+-------------------+------------------+-------------------------+-------------------+----------------------+ ==== 20 line log output for Windows Server 2022 (dpdk_mingw64_compile): ==== [795/809] Linking target drivers/librte_net_i40e-26.dll [796/809] Linking target drivers/librte_net_octeon_ep-26.dll [797/809] Linking target drivers/librte_net_ring-26.dll [798/809] Linking target drivers/librte_net_vmxnet3-26.dll [799/809] Linking target drivers/librte_net_null-26.dll [800/809] Linking target drivers/librte_net_ixgbe-26.dll [801/809] Linking target drivers/librte_net_r8169-26.dll [802/809] Linking target drivers/librte_net_ice-26.dll [803/809] Linking target examples/dpdk-helloworld.exe [804/809] Linking target app/dpdk-test-regex.exe [805/809] Linking target app/dpdk-test-fib.exe [806/809] Linking target app/dpdk-test-gpudev.exe [807/809] Linking target app/dpdk-test.exe [808/809] Compiling C object app/dpdk-testpmd.exe.p/test-pmd_testpmd.c.obj [809/809] Linking target app/dpdk-testpmd.exe FAILED: app/dpdk-testpmd.exe "gcc" @app/dpdk-testpmd.exe.rsp C:/mingw64/mingw64/bin/../lib/gcc/x86_64-w64-mingw32/14.1.0/../../../../x86_64-w64-mingw32/bin/ld.exe: app/dpdk-testpmd.exe.p/test-pmd_testpmd.c.obj:testpmd.c:(.text+0x148b): undefined reference to `rte_eal_primary_proc_alive' collect2.exe: error: ld returned 1 exit status ninja: build stopped: subcommand failed. ==== End log output ==== CentOS Stream 9 Kernel: 5.15 Compiler: gcc gcc (GCC) 11.5.0 20240719 (Red Hat 11.5.0-7) Debian GNU/Linux 12 Kernel: 5.15 Compiler: gcc gcc (Debian 12.2.0-14+deb12u1) 12.2.0 CentOS Stream 10 Kernel: 5.15 Compiler: gcc gcc (GCC) 14.2.1 20250110 (Red Hat 14.2.1-8) Fedora Linux 41 Kernel: 5.15 Compiler: clang gcc (GCC) 14.3.1 20250523 (Red Hat 14.3.1-1) Fedora Linux 40 Kernel: 5.15 Compiler: clang gcc (GCC) 14.2.1 20240912 (Red Hat 14.2.1-3) openSUSE Leap 15.6 Kernel: 5.15 Compiler: gcc gcc (SUSE Linux) 7.5.0 Red Hat Enterprise Linux 9.5 Kernel: 5.15 Compiler: gcc gcc (GCC) 11.5.0 20240719 (Red Hat 11.5.0-2) Ubuntu 20.04 Kernel: 5.15 Compiler: gcc gcc (Ubuntu 9.4.0-1ubuntu1~20.04.2) 9.4.0 Ubuntu 22.04 Kernel: 5.15 Compiler: gcc gcc (Ubuntu 11.4.0-1ubuntu1~22.04) 11.4.0 Ubuntu 24.04 Kernel: 5.15 Compiler: gcc gcc (Ubuntu 13.3.0-6ubuntu2~24.04) 13.3.0 Alpine Linux 3.22.0 Kernel: 5.15 Compiler: gcc gcc (Alpine 14.2.0) 14.2.0 FreeBSD 14.2 Kernel: 14.2-RELEASE Compiler: clang 18.1.6 Red Hat Enterprise Linux 8.10 Kernel: 5.15 Compiler: gcc gcc (GCC) 8.5.0 20210514 (Red Hat 8.5.0-22) Windows Server 2022 Kernel: 10.0.20348.2031 Compiler: clang 15.0.7, gcc 14.1.0 (MinGW), and MSVC VS 19.39.33521 To view detailed results, visit: https://lab.dpdk.org/results/dashboard/patchsets/33752/ UNH-IOL DPDK Community Lab To manage your email subscriptions, visit: https://lab.dpdk.org/results/dashboard/preferences/subscriptions/