From mboxrd@z Thu Jan 1 00:00:00 1970 Return-Path: Received: from mails.dpdk.org (mails.dpdk.org [217.70.189.124]) by inbox.dpdk.org (Postfix) with ESMTP id 216D946F18 for ; Thu, 18 Sep 2025 07:22:29 +0200 (CEST) Received: from mails.dpdk.org (localhost [127.0.0.1]) by mails.dpdk.org (Postfix) with ESMTP id 1A2CF4027A; Thu, 18 Sep 2025 07:22:29 +0200 (CEST) Received: from mail-yw1-f227.google.com (mail-yw1-f227.google.com [209.85.128.227]) by mails.dpdk.org (Postfix) with ESMTP id 00A744027A for ; Thu, 18 Sep 2025 07:22:27 +0200 (CEST) Received: by mail-yw1-f227.google.com with SMTP id 00721157ae682-72267c05111so4839567b3.2 for ; Wed, 17 Sep 2025 22:22:27 -0700 (PDT) DKIM-Signature: v=1; a=rsa-sha256; c=relaxed/relaxed; d=iol.unh.edu; s=unh-iol; t=1758172947; x=1758777747; darn=dpdk.org; h=cc:to:from:subject:message-id:date:from:to:cc:subject:date :message-id:reply-to; bh=TC+agcdDUUlDPcHRBg+S6wvlLg6dLRocoDab2XKnfXE=; b=B/YRBkEUbWLklU+/jYPACFJ5fRtNTLs0PYXydtlyLahjYKvKYQAcl9Vl6zx0hPTzL4 J6XLKuD/GLW3M9bapQxaQ41NuZbhhQI1gCHr6lPfi3SHX/SXF9Vydz1LmwzUeCEtXelk Ifcqpc2VscsRihuzNdK+FcCCmMpH6YhCgUqKo= X-Google-DKIM-Signature: v=1; a=rsa-sha256; c=relaxed/relaxed; d=1e100.net; s=20230601; t=1758172947; x=1758777747; h=cc:to:from:subject:message-id:date:x-gm-message-state:from:to:cc :subject:date:message-id:reply-to; bh=TC+agcdDUUlDPcHRBg+S6wvlLg6dLRocoDab2XKnfXE=; b=p4wj0x1el47EZwxG5uK2EPL0jSuHZezsrdxlGveORhD4sPuN1hgYKJamNGDC3ZbCf7 6mCapFP3De29qbZKQrjtZEM1bcoBMWQEYeSPc9TKrzKTeyUteOqGX7ZUdmKm6w/m5Hhl MLcD1PajXE/YaU7wkJJGBckmlG5Crbr5lz8b5/EIudsocAWJ1abm1zIrTbISL9rIWWwA CwckoLvPlNV4HCOPXqRrGXN+HI1nkY8w8WMAmsLVoevT0oCU1v82is7u5uZO+uOcAgEq GmoHsC8Hm+MFRXwe7NiJloFBV81lRLlxU1Ir8TUibMnWQqoNOVuenorxSXkDrglPIgMm tLUA== X-Gm-Message-State: AOJu0YxGwNN85Zc3p0pCbrOmGosR5xzf5Y/iral4b4GEBcOJKbOhXVMw 5d3vsjs+Qbwh5tq33CPP47Zlbc7cSQ0I7h/pqBv3skKqKXQ74njL0NhdSJzMDrgnheceO5T4K9Q YkBFo0Stl1QVgYeT9fLlH/VbK2fHY1biYUs7a X-Gm-Gg: ASbGncsEVz+QWfamyCz2qO99IBNmSNyKTsVYgca4UOpoZJO9uiwPkfR6q75+Rmj44fp uAFAs7OArMk/W6FTI6QZ0Ujntz63QgqqgUuych7xhaU/Jq3TODmZ2Kt7B9IhskY/Gi52+7iUq2s +vi8Rjr7KM5YCEa46Dfstsvfhcn2RFhE1uMhpV3W3xNszkyh+gTmqY2uLjWqVJV4gt2347hln1e tvmz+BubqyjQ+6a/Fo27Ajm7DdCDNQ13yiCz+IX8FdnC05txAHPO15/14aElaN8HJL8NaYBFji5 UHulzyv0vxE49y+5HdZP+wOlublNViD9W1FzuOl9TOIht4YLvcCKJCj09Q7pEOuf28rmZRKN X-Google-Smtp-Source: AGHT+IGzmzXnrI0xge/Otz2QJYQHjqnfrrXgemA/yFwMBUsV0lb1kZy6rhS8EttXWqFQYn2SUu17PXonucrM X-Received: by 2002:a05:690c:4d81:b0:71f:f942:8474 with SMTP id 00721157ae682-73893044ac5mr41604867b3.49.1758172947271; Wed, 17 Sep 2025 22:22:27 -0700 (PDT) Received: from postal.iol.unh.edu (postal.iol.unh.edu. [132.177.123.84]) by smtp-relay.gmail.com with ESMTPS id 00721157ae682-739717a8b86sm844177b3.10.2025.09.17.22.22.27 (version=TLS1_2 cipher=ECDHE-ECDSA-AES128-GCM-SHA256 bits=128/128); Wed, 17 Sep 2025 22:22:27 -0700 (PDT) X-Relaying-Domain: iol.unh.edu Date: Wed, 17 Sep 2025 22:22:27 -0700 (PDT) Message-ID: <68cb9713.050a0220.19d4ea.4359SMTPIN_ADDED_MISSING@mx.google.com> Received: from [172.21.0.3] (unknown [172.18.0.240]) by postal.iol.unh.edu (Postfix) with ESMTP id E23F86051830; Thu, 18 Sep 2025 01:22:26 -0400 (EDT) Subject: |FAILURE| [GIT MASTER] 62f583c49bf67dd4d6733ece14e55fe6839e66d1 From: dpdklab@iol.unh.edu To: Test Report Cc: dpdk-test-reports@iol.unh.edu, Xueming Li , Christian Ehrhardt , Kevin Traynor , Luca Boccassi Content-Type: text/plain X-BeenThere: test-report@dpdk.org X-Mailman-Version: 2.1.29 Precedence: list List-Id: automatic DPDK test reports List-Unsubscribe: , List-Archive: List-Post: List-Help: List-Subscribe: , Errors-To: test-report-bounces@dpdk.org _Testing issues_ Branch: tags/v23.11 62f583c49bf67dd4d6733ece14e55fe6839e66d1 --> testing issues Upstream job id: Generic-Unit-Test-DPDK#372518 Test environment and result as below: +-------------------------------+----------------+ | Environment | dpdk_unit_test | +===============================+================+ | CentOS Stream 9 | PASS | +-------------------------------+----------------+ | Fedora Linux 40 | PASS | +-------------------------------+----------------+ | CentOS Stream 10 | PASS | +-------------------------------+----------------+ | Red Hat Enterprise Linux 9.5 | PASS | +-------------------------------+----------------+ | Fedora Linux 41 | PASS | +-------------------------------+----------------+ | Debian GNU/Linux 12 | PASS | +-------------------------------+----------------+ | Ubuntu 22.04 | PASS | +-------------------------------+----------------+ | Fedora Linux 42 | WARN | +-------------------------------+----------------+ | Red Hat Enterprise Linux 8.10 | PASS | +-------------------------------+----------------+ | Ubuntu 20.04 | PASS | +-------------------------------+----------------+ | Ubuntu 24.04 | PASS | +-------------------------------+----------------+ | Windows Server 2022 | FAIL | +-------------------------------+----------------+ ==== Unit test summary for Windows Server 2022 (dpdk_unit_test): ==== Failed to get the unit test results. Displaying the unit test results is not supported for some environments, such as our aarch32 testing, where meson is not used to run the tests. Download the logs available on our CI site. ==== End log output ==== CentOS Stream 9 Kernel: 5.15 Compiler: gcc gcc (GCC) 11.5.0 20240719 (Red Hat 11.5.0-11) Fedora Linux 40 Kernel: 5.15 Compiler: clang gcc (GCC) 14.2.1 20240912 (Red Hat 14.2.1-3) CentOS Stream 10 Kernel: 5.15 Compiler: gcc gcc (GCC) 14.2.1 20250110 (Red Hat 14.2.1-8) Red Hat Enterprise Linux 9.5 Kernel: 5.15 Compiler: gcc gcc (GCC) 11.5.0 20240719 (Red Hat 11.5.0-2) Fedora Linux 41 Kernel: 5.15 Compiler: clang gcc (GCC) 14.3.1 20250523 (Red Hat 14.3.1-1) Debian GNU/Linux 12 Kernel: 5.15 Compiler: gcc gcc (Debian 12.2.0-14+deb12u1) 12.2.0 Ubuntu 22.04 Kernel: 5.15 Compiler: gcc gcc (Ubuntu 11.4.0-1ubuntu1~22.04) 11.4.0 Fedora Linux 42 Kernel: 5.15 Compiler: clang gcc (GCC) 15.2.1 20250808 (Red Hat 15.2.1-1) Red Hat Enterprise Linux 8.10 Kernel: 5.15 Compiler: gcc gcc (GCC) 8.5.0 20210514 (Red Hat 8.5.0-22) Ubuntu 20.04 Kernel: 5.15 Compiler: gcc gcc (Ubuntu 9.4.0-1ubuntu1~20.04.2) 9.4.0 Ubuntu 24.04 Kernel: 5.15 Compiler: gcc gcc (Ubuntu 13.3.0-6ubuntu2~24.04) 13.3.0 Windows Server 2022 Kernel: 10.0.20348.2031 Compiler: clang 15.0.7, gcc 14.1.0 (MinGW), and MSVC VS 19.39.33521 To view detailed results, visit: https://lab.dpdk.org/results/dashboard/tarballs/34916/ UNH-IOL DPDK Community Lab To manage your email subscriptions, visit: https://lab.dpdk.org/results/dashboard/preferences/subscriptions/