From mboxrd@z Thu Jan 1 00:00:00 1970 Return-Path: Received: from mails.dpdk.org (mails.dpdk.org [217.70.189.124]) by inbox.dpdk.org (Postfix) with ESMTP id 16D2846F97 for ; Sun, 21 Sep 2025 06:50:33 +0200 (CEST) Received: from mails.dpdk.org (localhost [127.0.0.1]) by mails.dpdk.org (Postfix) with ESMTP id EA3E340262; Sun, 21 Sep 2025 06:50:32 +0200 (CEST) Received: from mail-il1-f227.google.com (mail-il1-f227.google.com [209.85.166.227]) by mails.dpdk.org (Postfix) with ESMTP id 4317E40262 for ; Sun, 21 Sep 2025 06:50:31 +0200 (CEST) Received: by mail-il1-f227.google.com with SMTP id e9e14a558f8ab-42571046185so2920145ab.0 for ; Sat, 20 Sep 2025 21:50:31 -0700 (PDT) DKIM-Signature: v=1; a=rsa-sha256; c=relaxed/relaxed; d=iol.unh.edu; s=unh-iol; t=1758430230; x=1759035030; darn=dpdk.org; h=cc:to:from:subject:message-id:date:from:to:cc:subject:date :message-id:reply-to; bh=ceS5CcTxlbJdG5eFkXXhBI1Mz7YA0UFUdqJ1+MHhDhg=; b=C825dsBeZ4Hr4tvLQiQE64jFQNJS5JoEpw3wckz58pInKY8ePF6yeSWzAv4EuFPK1a FszS6Q6l/kB3nWt2NNG9AXwGItZyMJ7OfnKGJW8Cn53UF9bPSYWboFETnj8ZBPFdCvNU dt+4Y9ZLnxmSZ24sC2xjuQAjr0HnkhqMVDWKw= X-Google-DKIM-Signature: v=1; a=rsa-sha256; c=relaxed/relaxed; d=1e100.net; s=20230601; t=1758430230; x=1759035030; h=cc:to:from:subject:message-id:date:x-gm-message-state:from:to:cc :subject:date:message-id:reply-to; bh=ceS5CcTxlbJdG5eFkXXhBI1Mz7YA0UFUdqJ1+MHhDhg=; b=TQAEzRan37ZjV7gMZSIThlJpxdO808avmi1IEzPPPbPZP5dmPrM7kzSQkHcO1cNUQN 8OyTmjhCCsdVj02xrbsK+dwOtc6/0cpcH/5CGX9mQnDY2hFjtKe/hC0pOXwhIzAvkQyu kgJOZuPmWfAFLMt1ee7Wz/HFWiUrIMh/qcbOzxAR/MgulEVqa8ylNPgZWEFwgSWM9pZw fprOxdPG4btP5ikUabpqEI03qc+ZWAs2AAM4rQyCTeta3w4MZB/m4MLgrrRji6yt654p a5uvOyzjrO+CrK8CiYbUV50liVRKaL9vHIyZEA6u7qb5n2Oyc8Y981E32e95RU01AL0a YDcQ== X-Gm-Message-State: AOJu0YyTiNW9oe7Vrq8y+0UTFC3UUyYVA9KMDP181lP9SincHKNiJ6+r Zb+MfkJU33Juyu5GgdS5LTAiBkIIe9pKXy4liMzQEPrr92ODUt91Rv3TJtFegIEbKQdggZOvOuN SY7nJvZgYS7PHeIzqxexKhsrEDQKSeNRTNAk6OL0SrC0w2/5Wxl9I X-Gm-Gg: ASbGncviP7zROLX82oVllZbeCbVKc0VuI6zz6rJsufPIUb7DXFszAk5KUyv3D6iVbS2 2pNv/4HYVk8MktGnPvAoyUlfiVh5ksQt1PBAdkGIBtKptzNlgplaa+aHlnqQmYv9UlEkDC/oWKx pZgdMzqMYP3fKQOURvq+59TZJG06lucZ3nvie6I0kKR4lNoDdCbau22fFOUeJAMn4/9MDalfNKR //lFRbIBot6xNikQ+w5pY1Itkxt2OAEkymOv0JK5X0Y+c+z+DtRzODwUYTcotfmUmyyhorkp5pT cFc0NAp6uxY/GeT5NRNLP87y2dBzhSTIN2zzk7DmTlouTqi4eQ== X-Google-Smtp-Source: AGHT+IGZh2vJJvCWp1u2K7TrAYIhahaNycdrfNtxVrj9r5dsrKM4nUqjA/34gyoh7+BgOICf9BOd8XQ9B3SY X-Received: by 2002:a05:6e02:1fe3:b0:424:881b:ca76 with SMTP id e9e14a558f8ab-424881bcbacmr89066705ab.22.1758430230486; Sat, 20 Sep 2025 21:50:30 -0700 (PDT) Received: from postal.iol.unh.edu (postal.iol.unh.edu. [2606:4100:3880:1234::84]) by smtp-relay.gmail.com with ESMTPS id 8926c6da1cb9f-53d3eeb5610sm590000173.21.2025.09.20.21.50.30 (version=TLS1_2 cipher=ECDHE-ECDSA-AES128-GCM-SHA256 bits=128/128); Sat, 20 Sep 2025 21:50:30 -0700 (PDT) X-Relaying-Domain: iol.unh.edu Date: Sat, 20 Sep 2025 21:50:30 -0700 (PDT) Message-ID: <68cf8416.050a0220.30d000.6618SMTPIN_ADDED_MISSING@mx.google.com> Received: from [172.21.0.2] (unknown [172.18.0.240]) by postal.iol.unh.edu (Postfix) with ESMTP id 0B0176051830; Sun, 21 Sep 2025 00:50:30 -0400 (EDT) Subject: |FAILURE| [GIT MASTER] 62f583c49bf67dd4d6733ece14e55fe6839e66d1 From: dpdklab@iol.unh.edu To: Test Report Cc: dpdk-test-reports@iol.unh.edu, Xueming Li , Christian Ehrhardt , Kevin Traynor , Luca Boccassi Content-Type: text/plain X-BeenThere: test-report@dpdk.org X-Mailman-Version: 2.1.29 Precedence: list List-Id: automatic DPDK test reports List-Unsubscribe: , List-Archive: List-Post: List-Help: List-Subscribe: , Errors-To: test-report-bounces@dpdk.org _Testing issues_ Branch: tags/v23.11 62f583c49bf67dd4d6733ece14e55fe6839e66d1 --> testing issues Upstream job id: Generic-Unit-Test-DPDK#373560 Test environment and result as below: +-------------------------------+----------------+ | Environment | dpdk_unit_test | +===============================+================+ | Red Hat Enterprise Linux 8.10 | PASS | +-------------------------------+----------------+ | Fedora Linux 40 | PASS | +-------------------------------+----------------+ | Fedora Linux 41 | PASS | +-------------------------------+----------------+ | CentOS Stream 10 | PASS | +-------------------------------+----------------+ | Red Hat Enterprise Linux 9.5 | PASS | +-------------------------------+----------------+ | Ubuntu 20.04 | PASS | +-------------------------------+----------------+ | CentOS Stream 9 | PASS | +-------------------------------+----------------+ | Debian GNU/Linux 12 | PASS | +-------------------------------+----------------+ | Ubuntu 22.04 | PASS | +-------------------------------+----------------+ | Fedora Linux 42 | PASS | +-------------------------------+----------------+ | Ubuntu 24.04 | PASS | +-------------------------------+----------------+ | Windows Server 2022 | FAIL | +-------------------------------+----------------+ ==== Unit test summary for Windows Server 2022 (dpdk_unit_test): ==== Failed to get the unit test results. Displaying the unit test results is not supported for some environments, such as our aarch32 testing, where meson is not used to run the tests. Download the logs available on our CI site. ==== End log output ==== Red Hat Enterprise Linux 8.10 Kernel: 5.15 Compiler: gcc gcc (GCC) 8.5.0 20210514 (Red Hat 8.5.0-22) Fedora Linux 40 Kernel: 5.15 Compiler: gcc gcc (GCC) 14.2.1 20240912 (Red Hat 14.2.1-3) Fedora Linux 41 Kernel: 5.15 Compiler: gcc gcc (GCC) 14.3.1 20250523 (Red Hat 14.3.1-1) CentOS Stream 10 Kernel: 5.15 Compiler: gcc gcc (GCC) 14.2.1 20250110 (Red Hat 14.2.1-8) Red Hat Enterprise Linux 9.5 Kernel: 5.15 Compiler: gcc gcc (GCC) 11.5.0 20240719 (Red Hat 11.5.0-2) Ubuntu 20.04 Kernel: 5.15 Compiler: gcc gcc (Ubuntu 9.4.0-1ubuntu1~20.04.2) 9.4.0 CentOS Stream 9 Kernel: 5.15 Compiler: gcc gcc (GCC) 11.5.0 20240719 (Red Hat 11.5.0-11) Debian GNU/Linux 12 Kernel: 5.15 Compiler: gcc gcc (Debian 12.2.0-14+deb12u1) 12.2.0 Ubuntu 22.04 Kernel: 5.15 Compiler: gcc gcc (Ubuntu 11.4.0-1ubuntu1~22.04) 11.4.0 Fedora Linux 42 Kernel: 5.15 Compiler: gcc gcc (GCC) 15.2.1 20250808 (Red Hat 15.2.1-1) Ubuntu 24.04 Kernel: 5.15 Compiler: gcc gcc (Ubuntu 13.3.0-6ubuntu2~24.04) 13.3.0 Windows Server 2022 Kernel: 10.0.20348.2031 Compiler: clang 15.0.7, gcc 14.1.0 (MinGW), and MSVC VS 19.39.33521 To view detailed results, visit: https://lab.dpdk.org/results/dashboard/tarballs/34953/ UNH-IOL DPDK Community Lab To manage your email subscriptions, visit: https://lab.dpdk.org/results/dashboard/preferences/subscriptions/