From mboxrd@z Thu Jan 1 00:00:00 1970 Return-Path: Received: from mails.dpdk.org (mails.dpdk.org [217.70.189.124]) by inbox.dpdk.org (Postfix) with ESMTP id 9087B46F97 for ; Sun, 21 Sep 2025 07:04:31 +0200 (CEST) Received: from mails.dpdk.org (localhost [127.0.0.1]) by mails.dpdk.org (Postfix) with ESMTP id 6378040262; Sun, 21 Sep 2025 07:04:31 +0200 (CEST) Received: from mail-il1-f225.google.com (mail-il1-f225.google.com [209.85.166.225]) by mails.dpdk.org (Postfix) with ESMTP id 3D00440262 for ; Sun, 21 Sep 2025 07:04:30 +0200 (CEST) Received: by mail-il1-f225.google.com with SMTP id e9e14a558f8ab-424197bd073so20591835ab.1 for ; Sat, 20 Sep 2025 22:04:30 -0700 (PDT) DKIM-Signature: v=1; a=rsa-sha256; c=relaxed/relaxed; d=iol.unh.edu; s=unh-iol; t=1758431069; x=1759035869; darn=dpdk.org; h=cc:to:from:subject:message-id:date:from:to:cc:subject:date :message-id:reply-to; bh=+todnP+6uNrgQsUtkroja6bdv0TylXc7PEnXxcp3im0=; b=gMm7hOI1sjyeQ3TqtztdKwp+VDNwyrDkfR+mKPZUZ5n8cNpCLp/mB3k3Sj4csAVW63 4Hv7O4EWn/Cj6d5V6sY44MWQ+StrjW5B93/TtCsQImPPVNvBZF4FPtilAm3PedFpqMwS pOgYu64g7s5Id6lOyVxRFtcjsfY99qZSWd0L4= X-Google-DKIM-Signature: v=1; a=rsa-sha256; c=relaxed/relaxed; d=1e100.net; s=20230601; t=1758431069; x=1759035869; h=cc:to:from:subject:message-id:date:x-gm-message-state:from:to:cc :subject:date:message-id:reply-to; bh=+todnP+6uNrgQsUtkroja6bdv0TylXc7PEnXxcp3im0=; b=U7fkDStscTD4kKaBc0K30EdiLqVYhS8Jo2vPtlzY0H5vS6ozd5yMn/4XjKeLgw9cMj e/sOkiz1zvi1LPfrY6icllMAIh8YGwJejfB4ZIhIN29zhoOr91PYtl3SCvI2uXdVUfEX kbxejQmbveC9tVLloB33OjGU2dx7LIGhWCx3fE3RiNgKVKSlDgkQfp6Fs34/ZoSLXz6h NBMBsBobZyYRTdF8e/39uql6G07loVBHFt2veGaXFJxFlTSy1NwOaXGhfMRbiNB8EyaV lGNRHQO3MkuM9k94oollnN9IaLoBZZPOBczZvUrtZq380sgHIKj+klsoJZAcByz1MS7i qqCA== X-Gm-Message-State: AOJu0YyVuOUnPWa3QYmf2aElCCyUFnmmqh22zVI9vz8Ryq9QgSAWxPAJ +Ogv7hid6Eu98tMhJFzbWY0avE0I5QzioG7ySWpxJRjxxDrx4piGu4UhJP6I4U+CReRqqNw0y2Y 7zUUmaxiNQFzncgzb0QUkFLgw5ESJSLADp9hVPmoVtPibJQXCIuxE X-Gm-Gg: ASbGncuIxUtzpQ7G12/BGzoVlXEPXfWMc8y3a8tIZJ3bXDIdLqRpg6GX/RDPW/G/VXI OdMB9DdRlYHI0QpBzQxyMamWPQmBBy/1NZixl8ygkorA8ZKM3t80ByqEGvI47bEOYG1Mbdx5vu1 dpwCcOB+xbRBCNdMZ8eIvHsu5EPFo//sjj2p0WkJ9SOiFoStg154VBF/Y52Bgtuv+mr/ba9JxyC IHgVsuABtRTfd0VliFEqEbO7T8/xa4rKKI5saDAFf39YqZcYcuKPl5IEeCIkCdImQwPaa7qXZFU MawysYkfG+RGMnS8iOtlVRR9w3fqiqokvcTRcSbh0f1i2fZbbA== X-Google-Smtp-Source: AGHT+IHKD3IVI6qEreUlwjph7cKVPWtIwrn3kDbrQ+WW+JIKUJtpYNHlBNTu1J/u53cdR8ndjoEyQ78/ZYik X-Received: by 2002:a05:6e02:17cf:b0:423:2666:4687 with SMTP id e9e14a558f8ab-424817a2c41mr120066735ab.15.1758431069462; Sat, 20 Sep 2025 22:04:29 -0700 (PDT) Received: from postal.iol.unh.edu (postal.iol.unh.edu. [2606:4100:3880:1234::84]) by smtp-relay.gmail.com with ESMTPS id e9e14a558f8ab-42449240557sm5959955ab.0.2025.09.20.22.04.29 (version=TLS1_2 cipher=ECDHE-ECDSA-AES128-GCM-SHA256 bits=128/128); Sat, 20 Sep 2025 22:04:29 -0700 (PDT) X-Relaying-Domain: iol.unh.edu Date: Sat, 20 Sep 2025 22:04:29 -0700 (PDT) Message-ID: <68cf875d.050a0220.1292ed.6071SMTPIN_ADDED_MISSING@mx.google.com> Received: from [172.21.0.2] (unknown [172.18.0.240]) by postal.iol.unh.edu (Postfix) with ESMTP id 219496051830; Sun, 21 Sep 2025 01:04:29 -0400 (EDT) Subject: |FAILURE| [GIT MASTER] 62f583c49bf67dd4d6733ece14e55fe6839e66d1 From: dpdklab@iol.unh.edu To: Test Report Cc: dpdk-test-reports@iol.unh.edu, Xueming Li , Christian Ehrhardt , Kevin Traynor , Luca Boccassi Content-Type: text/plain X-BeenThere: test-report@dpdk.org X-Mailman-Version: 2.1.29 Precedence: list List-Id: automatic DPDK test reports List-Unsubscribe: , List-Archive: List-Post: List-Help: List-Subscribe: , Errors-To: test-report-bounces@dpdk.org _Testing issues_ Branch: tags/v23.11 62f583c49bf67dd4d6733ece14e55fe6839e66d1 --> testing issues Upstream job id: Generic-DPDK-Compile-Meson#427262 Test environment and result as below: +-------------------------------+--------------------+-------------------------+-------------------+-------------------+------------------+----------------------+ | Environment | dpdk_meson_compile | dpdk_llvm_clang_compile | dpdk_msvc_compile | dpdk_compile_spdk | dpdk_compile_ovs | dpdk_mingw64_compile | +===============================+====================+=========================+===================+===================+==================+======================+ | FreeBSD 14.2 | PASS | SKIPPED | SKIPPED | SKIPPED | SKIPPED | SKIPPED | +-------------------------------+--------------------+-------------------------+-------------------+-------------------+------------------+----------------------+ | CentOS Stream 10 | PASS | SKIPPED | SKIPPED | SKIPPED | SKIPPED | SKIPPED | +-------------------------------+--------------------+-------------------------+-------------------+-------------------+------------------+----------------------+ | Ubuntu 20.04 | PASS | SKIPPED | SKIPPED | SKIPPED | SKIPPED | SKIPPED | +-------------------------------+--------------------+-------------------------+-------------------+-------------------+------------------+----------------------+ | CentOS Stream 9 | PASS | SKIPPED | SKIPPED | PASS | SKIPPED | SKIPPED | +-------------------------------+--------------------+-------------------------+-------------------+-------------------+------------------+----------------------+ | Debian GNU/Linux 12 | PASS | SKIPPED | SKIPPED | PASS | SKIPPED | SKIPPED | +-------------------------------+--------------------+-------------------------+-------------------+-------------------+------------------+----------------------+ | Red Hat Enterprise Linux 8.10 | PASS | SKIPPED | SKIPPED | SKIPPED | SKIPPED | SKIPPED | +-------------------------------+--------------------+-------------------------+-------------------+-------------------+------------------+----------------------+ | Red Hat Enterprise Linux 9.5 | PASS | SKIPPED | SKIPPED | SKIPPED | SKIPPED | SKIPPED | +-------------------------------+--------------------+-------------------------+-------------------+-------------------+------------------+----------------------+ | Fedora Linux 42 | PASS | SKIPPED | SKIPPED | PASS | PASS | SKIPPED | +-------------------------------+--------------------+-------------------------+-------------------+-------------------+------------------+----------------------+ | Ubuntu 22.04 | PASS | SKIPPED | SKIPPED | PASS | SKIPPED | SKIPPED | +-------------------------------+--------------------+-------------------------+-------------------+-------------------+------------------+----------------------+ | openSUSE Leap 15.6 | PASS | SKIPPED | SKIPPED | SKIPPED | SKIPPED | SKIPPED | +-------------------------------+--------------------+-------------------------+-------------------+-------------------+------------------+----------------------+ | Ubuntu 24.04 | PASS | SKIPPED | SKIPPED | PASS | PASS | SKIPPED | +-------------------------------+--------------------+-------------------------+-------------------+-------------------+------------------+----------------------+ | Alpine Linux 3.22.0 | PASS | SKIPPED | SKIPPED | SKIPPED | SKIPPED | SKIPPED | +-------------------------------+--------------------+-------------------------+-------------------+-------------------+------------------+----------------------+ | Windows Server 2022 | SKIPPED | FAIL | PASS | SKIPPED | SKIPPED | PASS | +-------------------------------+--------------------+-------------------------+-------------------+-------------------+------------------+----------------------+ ==== 20 line log output for Windows Server 2022 (dpdk_llvm_clang_compile): ==== Compiler for C supports arguments -mavx512f: YES (cached) Compiler for C supports arguments -mavx512bw: YES (cached) Compiler for C supports arguments -mavx512dq: YES (cached) Compiler for C supports arguments -march=skylake-avx512: YES Message: drivers/common/idpf: Defining dependency "common_idpf" Message: drivers/bus/auxiliary: Defining dependency "bus_auxiliary" Compiler for C supports arguments -Wno-cast-qual: YES (cached) Compiler for C supports arguments -Wno-pointer-arith: YES (cached) Message: drivers/bus/pci: Defining dependency "bus_pci" Message: drivers/bus/vdev: Defining dependency "bus_vdev" Compiler for C supports arguments -std=c11: YES Compiler for C supports arguments -Wno-strict-prototypes: YES Compiler for C supports arguments -D_BSD_SOURCE: YES Compiler for C supports arguments -D_DEFAULT_SOURCE: YES Compiler for C supports arguments -D_XOPEN_SOURCE=600: YES Has header "mlx5devx.h" : YES drivers\common\mlx5\windows\meson.build:10:13: ERROR: C shared or static library 'mlx5devx' not found A full log can be found at C:\Users\builder\jenkins\workspace\Windows-Compile-DPDK-Native\dpdk\build\meson-logs\meson-log.txt ==== End log output ==== FreeBSD 14.2 Kernel: 14.2-RELEASE Compiler: clang 18.1.6 CentOS Stream 10 Kernel: 5.15 Compiler: gcc gcc (GCC) 14.2.1 20250110 (Red Hat 14.2.1-8) Ubuntu 20.04 Kernel: 4.19 Compiler: gcc gcc (Ubuntu 9.4.0-1ubuntu1~20.04.2) 9.4.0 CentOS Stream 9 Kernel: 5.15 Compiler: gcc gcc (GCC) 11.5.0 20240719 (Red Hat 11.5.0-11) Debian GNU/Linux 12 Kernel: 5.15 Compiler: gcc gcc (Debian 12.2.0-14+deb12u1) 12.2.0 Red Hat Enterprise Linux 8.10 Kernel: 5.15 Compiler: gcc gcc (GCC) 8.5.0 20210514 (Red Hat 8.5.0-22) Red Hat Enterprise Linux 9.5 Kernel: 5.15 Compiler: gcc gcc (GCC) 11.5.0 20240719 (Red Hat 11.5.0-2) Fedora Linux 42 Kernel: 5.15 Compiler: gcc gcc (GCC) 15.2.1 20250808 (Red Hat 15.2.1-1) Ubuntu 22.04 Kernel: 5.15 Compiler: gcc gcc (Ubuntu 11.4.0-1ubuntu1~22.04) 11.4.0 openSUSE Leap 15.6 Kernel: 5.15 Compiler: gcc gcc (SUSE Linux) 7.5.0 Ubuntu 24.04 Kernel: 5.15 Compiler: gcc gcc (Ubuntu 13.3.0-6ubuntu2~24.04) 13.3.0 Alpine Linux 3.22.0 Kernel: 5.15 Compiler: gcc gcc (Alpine 14.2.0) 14.2.0 Windows Server 2022 Kernel: 10.0.20348.2031 Compiler: clang 15.0.7, gcc 14.1.0 (MinGW), and MSVC VS 19.39.33521 To view detailed results, visit: https://lab.dpdk.org/results/dashboard/tarballs/34953/ UNH-IOL DPDK Community Lab To manage your email subscriptions, visit: https://lab.dpdk.org/results/dashboard/preferences/subscriptions/