From mboxrd@z Thu Jan 1 00:00:00 1970 Return-Path: Received: from mails.dpdk.org (mails.dpdk.org [217.70.189.124]) by inbox.dpdk.org (Postfix) with ESMTP id 7D24946F9D for ; Sun, 21 Sep 2025 08:38:54 +0200 (CEST) Received: from mails.dpdk.org (localhost [127.0.0.1]) by mails.dpdk.org (Postfix) with ESMTP id 50407402B5; Sun, 21 Sep 2025 08:38:54 +0200 (CEST) Received: from mail-oa1-f98.google.com (mail-oa1-f98.google.com [209.85.160.98]) by mails.dpdk.org (Postfix) with ESMTP id ABE54402B5 for ; Sun, 21 Sep 2025 08:38:52 +0200 (CEST) Received: by mail-oa1-f98.google.com with SMTP id 586e51a60fabf-32be6bc21c7so2752812fac.3 for ; Sat, 20 Sep 2025 23:38:52 -0700 (PDT) DKIM-Signature: v=1; a=rsa-sha256; c=relaxed/relaxed; d=iol.unh.edu; s=unh-iol; t=1758436732; x=1759041532; darn=dpdk.org; h=cc:to:from:subject:message-id:date:from:to:cc:subject:date :message-id:reply-to; bh=k1cvZfGvrIhrBaHEXcD/n3zVMcQ+X/pyh9vdlbsD41E=; b=D6r6aRXehsCJl9AT0vTrCGLUumzi+pc8RMti9P50wynPAcTVQcz1U5fetrUzoL5P0B kEOCTqFDZQLOYIHQWkufTBtCC8uxVY6OzRhXKkLl6yuYhswuKRQdfmZDBYVDXfnVdUP1 j6HKwLUZmuGCtpEXFi+6IxiD+larHV2mzVysY= X-Google-DKIM-Signature: v=1; a=rsa-sha256; c=relaxed/relaxed; d=1e100.net; s=20230601; t=1758436732; x=1759041532; h=cc:to:from:subject:message-id:date:x-gm-message-state:from:to:cc :subject:date:message-id:reply-to; bh=k1cvZfGvrIhrBaHEXcD/n3zVMcQ+X/pyh9vdlbsD41E=; b=GN8IsjqjmVHVjhOJCvRrrB47gV9U1E9QbHvi+fWlUhHxb01+KO5PrZZdgr1AAdm3EG Bm2vkhWoY9BECNrIgRI7JlsB36JDEwbhgcprHmHU7sKNn+/XT0GELNIY+8O8b1LRHzNn k0H8k6ddTwQ44N5leJQflHGsKbhNe2TL4wGrRMO2cMZyBzzZlhDcRMM7oXcXvd2OunGv mYXh7R4oRAkvLLRsaFJ3/vUGnvKgMuwUgQKsatxghK+rrgDW62MNzVe+on4iJYLB66MH KMX85BPEGu6OHuoQ735MM3g0jIkkzHL7jU+nTrzWn/yTlp0TF98pCd2J61O5wDCpKBzm FwKw== X-Gm-Message-State: AOJu0YzkQtVm8IdsYV1topxKzSu2KLnSpK33Y4hSBm6DQr9QN0GrNugu IJNErQVKQk0xRb4AI6xWQGSW/s4Z/G//bXymplqGPzVf8n3FrV36yU5S1jjwHPYUpLYvUcv/OLZ qEmrkx5aGX+k8r/hqkOS8sZgf5muo7B3E+jzY X-Gm-Gg: ASbGncvcWheDxu6kH/NywHIa8VojM1byPLyPaoUP+SpruZUFnQ2J615ZwMHI2eX01mk dTXj+OK3hLfoFcGWslkfql5pH0wim+tAn8ZYNO8EninK60ItZr17bvypZwBkWdVn870ZOGwaIfS j7tIJtcEE1KpIFSm2nqEAswiYdgbPixQUIg1q5fncY3iZCZuf61BKeHHhkdlZQuw9B6T/C4v3+7 kR4yKWoPJwTA+QLHLvEjcpIYfcwBGYqMNa6TFB9GOnkirkJ7cICztYEVUqpbblluAAF7x7oWqJL uw1HX3AilrztdZ8ZgydnLPaOYqUTqor64Qh1znBAVbLiTsSkiAWjPGAYK+R1MP+NN/tpUc+K X-Google-Smtp-Source: AGHT+IHmdbmNEJV9+3xwnHnaMrhdAK54NH2AFiuXNcW1sJlCdjPJOIU9L+g/9V3CX/R11xny4djJlw5wejjs X-Received: by 2002:a05:6871:2917:20b0:33e:ddd9:798c with SMTP id 586e51a60fabf-33eddd98468mr268514fac.15.1758436731909; Sat, 20 Sep 2025 23:38:51 -0700 (PDT) Received: from postal.iol.unh.edu (postal.iol.unh.edu. [132.177.123.84]) by smtp-relay.gmail.com with ESMTPS id 586e51a60fabf-336e6a9c6cdsm814202fac.20.2025.09.20.23.38.51 (version=TLS1_2 cipher=ECDHE-ECDSA-AES128-GCM-SHA256 bits=128/128); Sat, 20 Sep 2025 23:38:51 -0700 (PDT) X-Relaying-Domain: iol.unh.edu Date: Sat, 20 Sep 2025 23:38:51 -0700 (PDT) Message-ID: <68cf9d7b.050a0220.31dcaa.47a0SMTPIN_ADDED_MISSING@mx.google.com> Received: from [172.21.0.2] (unknown [172.18.0.240]) by postal.iol.unh.edu (Postfix) with ESMTP id 638466051830; Sun, 21 Sep 2025 02:38:51 -0400 (EDT) Subject: |FAILURE| [GIT MASTER] 62f583c49bf67dd4d6733ece14e55fe6839e66d1 From: dpdklab@iol.unh.edu To: Test Report Cc: dpdk-test-reports@iol.unh.edu, Xueming Li , Christian Ehrhardt , Kevin Traynor , Luca Boccassi Content-Type: text/plain X-BeenThere: test-report@dpdk.org X-Mailman-Version: 2.1.29 Precedence: list List-Id: automatic DPDK test reports List-Unsubscribe: , List-Archive: List-Post: List-Help: List-Subscribe: , Errors-To: test-report-bounces@dpdk.org _Testing issues_ Branch: tags/v23.11 62f583c49bf67dd4d6733ece14e55fe6839e66d1 --> testing issues Upstream job id: Generic-DPDK-Compile-Meson#427276 Test environment and result as below: +------------------------------+--------------------+ | Environment | dpdk_meson_compile | +==============================+====================+ | Red Hat Enterprise Linux 9.5 | PASS | +------------------------------+--------------------+ | Fedora Linux 42 | PASS | +------------------------------+--------------------+ | Ubuntu 20.04 | PASS | +------------------------------+--------------------+ | Debian GNU/Linux 12 | PASS | +------------------------------+--------------------+ | CentOS Stream 9 | PASS | +------------------------------+--------------------+ | CentOS Stream 10 | PASS | +------------------------------+--------------------+ | Ubuntu 22.04 | PASS | +------------------------------+--------------------+ | Ubuntu 24.04 | PASS | +------------------------------+--------------------+ Red Hat Enterprise Linux 9.5 Kernel: 5.4 Compiler: gcc gcc (GCC) 11.5.0 20240719 (Red Hat 11.5.0-2) Fedora Linux 42 Kernel: 5.4 Compiler: gcc gcc (GCC) 15.2.1 20250808 (Red Hat 15.2.1-1) Ubuntu 20.04 Kernel: 5.4 Compiler: gcc gcc (Ubuntu 9.4.0-1ubuntu1~20.04.2) 9.4.0 Debian GNU/Linux 12 Kernel: 5.4 Compiler: gcc gcc (Debian 12.2.0-14+deb12u1) 12.2.0 CentOS Stream 9 Kernel: 5.4 Compiler: gcc gcc (GCC) 11.5.0 20240719 (Red Hat 11.5.0-11) CentOS Stream 10 Kernel: 5.4 Compiler: gcc gcc (GCC) 14.2.1 20250110 (Red Hat 14.2.1-8) Ubuntu 22.04 Kernel: 5.4 Compiler: gcc gcc (Ubuntu 11.4.0-1ubuntu1~22.04) 11.4.0 Ubuntu 24.04 Kernel: 5.4 Compiler: gcc gcc (Ubuntu 13.3.0-6ubuntu2~24.04) 13.3.0 To view detailed results, visit: https://lab.dpdk.org/results/dashboard/tarballs/34953/ UNH-IOL DPDK Community Lab To manage your email subscriptions, visit: https://lab.dpdk.org/results/dashboard/preferences/subscriptions/