From mboxrd@z Thu Jan 1 00:00:00 1970 Return-Path: Received: from mails.dpdk.org (mails.dpdk.org [217.70.189.124]) by inbox.dpdk.org (Postfix) with ESMTP id 1139C46F39 for ; Mon, 22 Sep 2025 02:49:01 +0200 (CEST) Received: from mails.dpdk.org (localhost [127.0.0.1]) by mails.dpdk.org (Postfix) with ESMTP id E4413402C0; Mon, 22 Sep 2025 02:49:00 +0200 (CEST) Received: from mail-pl1-f225.google.com (mail-pl1-f225.google.com [209.85.214.225]) by mails.dpdk.org (Postfix) with ESMTP id EEAAA402C0 for ; Mon, 22 Sep 2025 02:48:59 +0200 (CEST) Received: by mail-pl1-f225.google.com with SMTP id d9443c01a7336-267dff524d1so27568765ad.3 for ; Sun, 21 Sep 2025 17:48:59 -0700 (PDT) DKIM-Signature: v=1; a=rsa-sha256; c=relaxed/relaxed; d=iol.unh.edu; s=unh-iol; t=1758502139; x=1759106939; darn=dpdk.org; h=cc:to:from:subject:message-id:date:from:to:cc:subject:date :message-id:reply-to; bh=NlVd6IVt8wtXWXHuC/tlUSOuhiNzrsBudzAO1GOr74c=; b=jf1ow/879Ow3+EEqy+m+/6wUPWQp7Q/loA4ouP2HLNo88v2CGPq49moJqUG3A1OWCW AdQY29HpWsR2NQO5jkEDV/RrSamkwO5aZcno7tsJOA0jnfbl+KMOfstGirGn4Edfssvv fmeoFhX/3qeD+TLSgP358l3wY6wx8SxZ8Z/H8= X-Google-DKIM-Signature: v=1; a=rsa-sha256; c=relaxed/relaxed; d=1e100.net; s=20230601; t=1758502139; x=1759106939; h=cc:to:from:subject:message-id:date:x-gm-message-state:from:to:cc :subject:date:message-id:reply-to; bh=NlVd6IVt8wtXWXHuC/tlUSOuhiNzrsBudzAO1GOr74c=; b=UsuPDi/tQBaclGCCulRJfiCvVzJPctnlqALzDgm4gadizu7iauEluqPIF+kJxKolt5 mVuYPi2QBX7pgL+DRuaL7wUWW4ld5sIsm+pXJi/wLkq+mR63XVG8NwFyCfcT/k6pgHUc ONEhlZFDUPMIq2VgH0mI47MJ7ofaeTVzOwFxBfuSGO444QQYf/Icujpnb8mAQkgEuIa+ z+jJkJw2DHd0R6pSJD8T9SO595I7gYjeDIuFY1VAWVbT09M8IoTjWG5ySbg30ljoUPLu XpFO/dnS1tHp54xwPHWpVFbPu2jTt+5D3TEwMhkRD4rWRLBGM/m9IKfARlmFWXrwTmC8 j29A== X-Gm-Message-State: AOJu0YzPzUh3B6HI0LksCehALcw/wD9tP9FUyMTNBYa5Hp+NTAk7sfcY zJ3d3n+jZCZa6BEHbMdossjQtgDQL/kf5JTtp2gsNiIg9eZT/a+yXci0vAL7HGejE3zTAIBeocb rDes1v6GVxjyrMynDYhvK9piwpZf9z5hc/+Sdu4zLrIoy X-Gm-Gg: ASbGnctNnunDjJkS/gbH/lRV1Dx5/NFtCfTOihDIo/HpVIZN//4ww8RyMCAlG+TnIAf gEJSNFK4GUf1atwnbbWpFeBEGO4Obvq39N7e9XurXytftO8/B8RVkESfK3TbsYF311OwrR8Me/a 0R+SCVQ47fctPdOFk6tOxRVLWaow8QY3tAwpgEDDzfo3nM+ZTwuKlcIBxVjx0UL3o0y1jTM7KZz UDsmxfc03O097+YA63zcU3NtiPIrFwsVRiawsLRC5eE2TuzxrIlBxPKVzALwzboknHvAjCAdcPn UOnm5sSI3PKTPJfLL1Gys09w20evxbWwHGHNk3O+2bOfLvsYTZBbzKjQnIJ+6IsKPSg1vxi8 X-Google-Smtp-Source: AGHT+IEqecA/ednoIihWfuX2po0DUUXUBN8eZL9XfffedkKV6j/WQ72kU0V5rxrC6GENyKCDC7UEOApbv+Io X-Received: by 2002:a17:903:11d1:b0:269:74b6:8735 with SMTP id d9443c01a7336-269ba4900d5mr139565025ad.24.1758502139007; Sun, 21 Sep 2025 17:48:59 -0700 (PDT) Received: from postal.iol.unh.edu (postal.iol.unh.edu. [132.177.123.84]) by smtp-relay.gmail.com with ESMTPS id d9443c01a7336-269ab6b5fdbsm5161505ad.28.2025.09.21.17.48.58 (version=TLS1_2 cipher=ECDHE-ECDSA-AES128-GCM-SHA256 bits=128/128); Sun, 21 Sep 2025 17:48:59 -0700 (PDT) X-Relaying-Domain: iol.unh.edu Date: Sun, 21 Sep 2025 17:48:59 -0700 (PDT) Message-ID: <68d09cfb.170a0220.3b9f4.3276SMTPIN_ADDED_MISSING@mx.google.com> Received: from [172.21.0.3] (unknown [172.18.0.240]) by postal.iol.unh.edu (Postfix) with ESMTP id 3A01D6051830; Sun, 21 Sep 2025 20:48:58 -0400 (EDT) Subject: |FAILURE| [GIT MASTER] 9e36adf88c49b437c4c5ffa46158e53d96bef82c From: dpdklab@iol.unh.edu To: Test Report Cc: dpdk-test-reports@iol.unh.edu Content-Type: text/plain X-BeenThere: test-report@dpdk.org X-Mailman-Version: 2.1.29 Precedence: list List-Id: automatic DPDK test reports List-Unsubscribe: , List-Archive: List-Post: List-Help: List-Subscribe: , Errors-To: test-report-bounces@dpdk.org _Testing issues_ Branch: dpdk 9e36adf88c49b437c4c5ffa46158e53d96bef82c --> testing issues Upstream job id: Generic-Unit-Test-DPDK#373646 Test environment and result as below: +-------------------------------+----------------+ | Environment | dpdk_unit_test | +===============================+================+ | CentOS Stream 10 | PASS | +-------------------------------+----------------+ | Fedora Linux 42 | PEND | +-------------------------------+----------------+ | Fedora Linux 40 | PEND | +-------------------------------+----------------+ | CentOS Stream 9 | PASS | +-------------------------------+----------------+ | Red Hat Enterprise Linux 8.10 | PASS | +-------------------------------+----------------+ | Fedora Linux 41 | PEND | +-------------------------------+----------------+ | Debian GNU/Linux 12 | PASS | +-------------------------------+----------------+ | Ubuntu 22.04 | PEND | +-------------------------------+----------------+ | Ubuntu 20.04 | FAIL | +-------------------------------+----------------+ | Ubuntu 24.04 | PEND | +-------------------------------+----------------+ | Red Hat Enterprise Linux 9.5 | PEND | +-------------------------------+----------------+ | Arch Linux 20250613.0.365270 | PEND | +-------------------------------+----------------+ | Windows Server 2022 | PEND | +-------------------------------+----------------+ ==== Unit test summary for Ubuntu 20.04 (dpdk_unit_test): ==== ninja: Entering directory `/root/workspace/Generic-Unit-Test-DPDK/dpdk/build' ninja: no work to do. 1/120 DPDK:fast-tests / acl_autotest OK 2.39s 2/120 DPDK:fast-tests / alarm_autotest OK 1.19s 3/120 DPDK:fast-tests / argparse_autotest OK 0.18s 4/120 DPDK:fast-tests / atomic_autotest OK 0.35s 5/120 DPDK:fast-tests / bitcount_autotest OK 0.19s 6/120 DPDK:fast-tests / bitmap_autotest OK 0.18s 7/120 DPDK:fast-tests / bitops_autotest OK 1.68s 8/120 DPDK:fast-tests / bitratestats_autotest OK 0.19s 9/120 DPDK:fast-tests / bitset_autotest OK 1.41s 10/120 DPDK:fast-tests / bpf_autotest OK 0.18s 11/120 DPDK:fast-tests / bpf_convert_autotest OK 0.18s 12/120 DPDK:fast-tests / byteorder_autotest OK 0.18s 13/120 DPDK:fast-tests / cfgfile_autotest OK 0.18s 14/120 DPDK:fast-tests / cksum_autotest OK 0.18s 15/120 DPDK:fast-tests / cmdline_autotest OK 0.18s 16/120 DPDK:fast-tests / common_autotest OK 0.47s 17/120 DPDK:fast-tests / compressdev_autotest SKIP 0.15s exit status 77 18/120 DPDK:fast-tests / cpuflags_autotest OK 0.19s 19/120 DPDK:fast-tests / crc_autotest OK 0.19s 20/120 DPDK:fast-tests / user_delay_us OK 0.19s 21/120 DPDK:fast-tests / debug_autotest OK 0.40s 22/120 DPDK:fast-tests / devargs_autotest OK 0.18s 23/120 DPDK:fast-tests / dispatcher_autotest SKIP 0.15s exit status 77 24/120 DPDK:fast-tests / distributor_autotest OK 0.85s 25/120 DPDK:fast-tests / eal_flags_c_opt_autotest OK 0.98s 26/120 DPDK:fast-tests / eal_flags_main_opt_autotest OK 0.35s 27/120 DPDK:fast-tests / eal_flags_n_opt_autotest OK 0.52s 28/120 DPDK:fast-tests / eal_flags_hpet_autotest OK 0.23s 29/120 DPDK:fast-tests / eal_flags_no_huge_autotest OK 0.55s 30/120 DPDK:fast-tests / eal_flags_a_opt_autotest OK 0.46s 31/120 DPDK:fast-tests / eal_flags_b_opt_autotest OK 0.37s 32/120 DPDK:fast-tests / eal_flags_vdev_opt_autotest OK 0.61s 33/120 DPDK:fast-tests / eal_flags_r_opt_autotest OK 0.31s 34/120 DPDK:fast-tests / eal_flags_mem_autotest OK 0.82s 35/120 DPDK:fast-tests / eal_flags_file_prefix_autotest OK 2.51s 36/120 DPDK:fast-tests / eal_flags_misc_autotest FAIL 3.27s killed by signal 11 SIGSEGV >>> DPDK_TEST=eal_flags_misc_autotest MALLOC_PERTURB_=33 /root/workspace/Generic-Unit-Test-DPDK/dpdk/build/app/dpdk-test 37/120 DPDK:fast-tests / eal_fs_autotest OK 0.23s 38/120 DPDK:fast-tests / errno_autotest OK 0.20s 39/120 DPDK:fast-tests / ethdev_link_status OK 0.20s 40/120 DPDK:fast-tests / event_eth_tx_adapter_autotest OK 0.82s 41/120 DPDK:fast-tests / event_ring_autotest OK 0.22s 42/120 DPDK:fast-tests / eventdev_common_autotest OK 0.21s 43/120 DPDK:fast-tests / eventdev_selftest_sw OK 0.35s 44/120 DPDK:fast-tests / fbarray_autotest OK 0.20s 45/120 DPDK:fast-tests / fib_autotest OK 1.32s 46/120 DPDK:fast-tests / fib6_autotest OK 1.12s 47/120 DPDK:fast-tests / func_reentrancy_autotest OK 0.92s 48/120 DPDK:fast-tests / graph_autotest OK 0.22s 49/120 DPDK:fast-tests / node_list_dump OK 0.20s 50/120 DPDK:fast-tests / graph_feature_arc_autotest OK 0.21s 51/120 DPDK:fast-tests / hash_autotest OK 0.46s 52/120 DPDK:fast-tests / hash_readwrite_func_autotest SKIP 0.18s exit status 77 53/120 DPDK:fast-tests / interrupt_autotest OK 1.29s 54/120 DPDK:fast-tests / ipfrag_autotest OK 0.17s 55/120 DPDK:fast-tests / ipsec_autotest SKIP 0.22s exit status 77 56/120 DPDK:fast-tests / kvargs_autotest OK 0.21s 57/120 DPDK:fast-tests / latencystats_autotest OK 0.22s 58/120 DPDK:fast-tests / lcore_var_autotest OK 0.54s 59/120 DPDK:fast-tests / lcores_autotest OK 45.72s 60/120 DPDK:fast-tests / logs_autotest OK 0.19s 61/120 DPDK:fast-tests / lpm_autotest OK 1.45s 62/120 DPDK:fast-tests / lpm6_autotest OK 2.60s 63/120 DPDK:fast-tests / malloc_autotest OK 0.38s 64/120 DPDK:fast-tests / mbuf_autotest OK 0.29s 65/120 DPDK:fast-tests / mcslock_autotest OK 0.46s 66/120 DPDK:fast-tests / member_autotest OK 0.83s 67/120 DPDK:fast-tests / memcpy_autotest OK 2.11s 68/120 DPDK:fast-tests / memory_autotest OK 0.16s 69/120 DPDK:fast-tests / mempool_autotest OK 0.43s 70/120 DPDK:fast-tests / memzone_autotest OK 0.16s 71/120 DPDK:fast-tests / meter_autotest OK 0.19s 72/120 DPDK:fast-tests / metrics_autotest OK 0.18s 73/120 DPDK:fast-tests / multiprocess_autotest OK 0.30s 74/120 DPDK:fast-tests / net_ether_autotest OK 0.52s 75/120 DPDK:fast-tests / net_ipv6_autotest OK 0.19s 76/120 DPDK:fast-tests / pcapng_autotest OK 6.01s 77/120 DPDK:fast-tests / pdcp_autotest SKIP 0.15s exit status 77 78/120 DPDK:fast-tests / pdump_autotest OK 0.35s 79/120 DPDK:fast-tests / per_lcore_autotest OK 0.28s 80/120 DPDK:fast-tests / pflock_autotest OK 0.29s 81/120 DPDK:fast-tests / pie_autotest OK 0.19s 82/120 DPDK:fast-tests / ring_pmd_autotest OK 0.19s 83/120 DPDK:fast-tests / power_autotest OK 0.18s 84/120 DPDK:fast-tests / power_cpufreq_autotest SKIP 0.15s exit status 77 85/120 DPDK:fast-tests / power_intel_uncore_autotest SKIP 0.19s exit status 77 86/120 DPDK:fast-tests / power_kvm_vm_autotest SKIP 0.15s exit status 77 87/120 DPDK:fast-tests / prefetch_autotest OK 0.19s 88/120 DPDK:fast-tests / ptr_compress_autotest OK 0.18s 89/120 DPDK:fast-tests / rawdev_autotest OK 0.18s 90/120 DPDK:fast-tests / rcu_qsbr_autotest OK 0.29s 91/120 DPDK:fast-tests / reorder_autotest OK 0.32s 92/120 DPDK:fast-tests / rib_autotest OK 3.60s 93/120 DPDK:fast-tests / rib6_autotest OK 3.45s 94/120 DPDK:fast-tests / ring_autotest OK 0.20s 95/120 DPDK:fast-tests / rwlock_test1_autotest OK 0.29s 96/120 DPDK:fast-tests / rwlock_rda_autotest OK 5.18s 97/120 DPDK:fast-tests / rwlock_rds_wrm_autotest OK 5.19s 98/120 DPDK:fast-tests / rwlock_rde_wro_autotest OK 5.20s 99/120 DPDK:fast-tests / sched_autotest OK 0.19s 100/120 DPDK:fast-tests / security_autotest OK 0.15s 101/120 DPDK:fast-tests / seqlock_autotest SKIP 0.19s exit status 77 102/120 DPDK:fast-tests / service_autotest OK 0.29s 103/120 DPDK:fast-tests / soring_autotest OK 0.19s 104/120 DPDK:fast-tests / spinlock_autotest OK 0.19s 105/120 DPDK:fast-tests / stack_autotest OK 0.19s 106/120 DPDK:fast-tests / stack_lf_autotest OK 0.23s 107/120 DPDK:fast-tests / string_autotest OK 0.19s 108/120 DPDK:fast-tests / table_autotest OK 5.22s 109/120 DPDK:fast-tests / tailq_autotest OK 0.18s 110/120 DPDK:fast-tests / telemetry_data_autotest OK 0.18s 111/120 DPDK:fast-tests / telemetry_json_autotest OK 0.18s 112/120 DPDK:fast-tests / thash_autotest OK 0.19s 113/120 DPDK:fast-tests / threads_autotest OK 0.37s 114/120 DPDK:fast-tests / ticketlock_autotest OK 0.20s 115/120 DPDK:fast-tests / timer_autotest OK 2.51s 116/120 DPDK:fast-tests / trace_autotest OK 0.19s 117/120 DPDK:fast-tests / trace_autotest_with_traces OK 0.19s 118/120 DPDK:fast-tests / vdev_autotest OK 0.19s 119/120 DPDK:fast-tests / version_autotest OK 0.18s 120/120 DPDK:fast-tests / telemetry_all OK 9.64s Ok: 110 Expected Fail: 0 Fail: 1 Unexpected Pass: 0 Skipped: 9 Timeout: 0 Full log written to /root/workspace/Generic-Unit-Test-DPDK/dpdk/build/meson-logs/testlog.txt Test log output from the failed test eal_flags_misc_autotest: Sorry, we were not able to find the logs for this test. Download the log output from the CI site for this test run. ==== End log output ==== CentOS Stream 10 Kernel: 5.15 Compiler: gcc gcc (GCC) 14.2.1 20250110 (Red Hat 14.2.1-8) Fedora Linux 42 Kernel: 5.15 Compiler: clang gcc (GCC) 15.2.1 20250808 (Red Hat 15.2.1-1) Fedora Linux 40 Kernel: 5.15 Compiler: clang gcc (GCC) 14.2.1 20240912 (Red Hat 14.2.1-3) CentOS Stream 9 Kernel: 5.15 Compiler: gcc gcc (GCC) 11.5.0 20240719 (Red Hat 11.5.0-11) Red Hat Enterprise Linux 8.10 Kernel: 5.15 Compiler: gcc gcc (GCC) 8.5.0 20210514 (Red Hat 8.5.0-22) Fedora Linux 41 Kernel: 5.15 Compiler: clang gcc (GCC) 14.3.1 20250523 (Red Hat 14.3.1-1) Debian GNU/Linux 12 Kernel: 5.15 Compiler: gcc gcc (Debian 12.2.0-14+deb12u1) 12.2.0 Ubuntu 22.04 Kernel: 5.15 Compiler: gcc gcc (Ubuntu 11.4.0-1ubuntu1~22.04) 11.4.0 Ubuntu 20.04 Kernel: 5.15 Compiler: gcc gcc (Ubuntu 9.4.0-1ubuntu1~20.04.2) 9.4.0 Ubuntu 24.04 Kernel: 5.15 Compiler: gcc gcc (Ubuntu 13.3.0-6ubuntu2~24.04) 13.3.0 Red Hat Enterprise Linux 9.5 Kernel: 5.15 Compiler: gcc gcc (GCC) 11.5.0 20240719 (Red Hat 11.5.0-2) Arch Linux 20250613.0.365270 Kernel: 5.15 Compiler: gcc gcc (GCC) 15.1.1 20250425 Windows Server 2022 Kernel: 10.0.20348.2031 Compiler: clang 15.0.7, gcc 14.1.0 (MinGW), and MSVC VS 19.39.33521 To view detailed results, visit: https://lab.dpdk.org/results/dashboard/tarballs/34955/ UNH-IOL DPDK Community Lab To manage your email subscriptions, visit: https://lab.dpdk.org/results/dashboard/preferences/subscriptions/