From mboxrd@z Thu Jan 1 00:00:00 1970 Return-Path: Received: from mails.dpdk.org (mails.dpdk.org [217.70.189.124]) by inbox.dpdk.org (Postfix) with ESMTP id 9179046F39 for ; Mon, 22 Sep 2025 03:13:22 +0200 (CEST) Received: from mails.dpdk.org (localhost [127.0.0.1]) by mails.dpdk.org (Postfix) with ESMTP id 53F15402C0; Mon, 22 Sep 2025 03:13:22 +0200 (CEST) Received: from mail-yb1-f227.google.com (mail-yb1-f227.google.com [209.85.219.227]) by mails.dpdk.org (Postfix) with ESMTP id 0476A402C0 for ; Mon, 22 Sep 2025 03:13:20 +0200 (CEST) Received: by mail-yb1-f227.google.com with SMTP id 3f1490d57ef6-ea5d7191a64so2070960276.2 for ; Sun, 21 Sep 2025 18:13:20 -0700 (PDT) DKIM-Signature: v=1; a=rsa-sha256; c=relaxed/relaxed; d=iol.unh.edu; s=unh-iol; t=1758503600; x=1759108400; darn=dpdk.org; h=cc:to:from:subject:message-id:date:from:to:cc:subject:date :message-id:reply-to; bh=VoEN+d7n6uO+HjQ0a7gusnHlieADROrqnp/5flYPp0k=; b=J/viNA/NldAmuStvYiP8ewMcFg62/xSPFv+fyiB8pGECn3YxYAdMSReCBZj7Jd3643 giDtMjcgovi8Mips7aMKOuAW6eRSjyLW6PWO51L2hbxtqtTOJeUFXxMxC1MVnX7t+c8d GuHlwldpPTAx1BVDja7dKP+i9S6GNLHWUPpRY= X-Google-DKIM-Signature: v=1; a=rsa-sha256; c=relaxed/relaxed; d=1e100.net; s=20230601; t=1758503600; x=1759108400; h=cc:to:from:subject:message-id:date:x-gm-message-state:from:to:cc :subject:date:message-id:reply-to; bh=VoEN+d7n6uO+HjQ0a7gusnHlieADROrqnp/5flYPp0k=; b=HEdMyRwbANqLRFSIRvyfcgQOtzmjNECNnAZfzBYu3tTYgCDIoXGmorBLfKMC0wKJqh CsbwJxuhtdIy4LNI7XdeD7X1twmW3sXFc6zDxS0vDHlFmvv7lWardwdsab7YX9IyRBvW SVPbVkyTBmOfDV1CQo7CtaX/M1U7pCnHJ5ESqqqPaLNRPjZNf9UDIhkqswWmOl7RSW/w efDwzsN9hqZTFzIGhfrdba3tIgYOYjRztOYHfnh072XRzlWqZr/SrIImBgrYWMMMxYA9 tobn5rHAltg6xYAml5naaHpkOGdBHTVuGi1ARmGJ1e/8Eeceo6rN6lAKzYP0JE9dBwMk h3oQ== X-Gm-Message-State: AOJu0YxbOjdyJjxxcgOw6UzRCMsLFz7a2BwKAwT8iaogF3CYhshgnoIL 1YKEIcOyaYYg17C4uge/sHAtTtjXXUl4x0v5WsYqeoKnE6kWkRKNNhxRiFoNp9OmsgqfHSFrfMU k4cKflk59e34YIpJpTRZXsvsSu0ipRPG4QuASavcH83Ni X-Gm-Gg: ASbGncuaisPGST41G45TrzwoC9xIPDsRUZ4l4vNGIZm5+2rtW/45H1W6ITU6IEDywFP RmHDCWY6EryZPK4vXpW02iIzKAgU0ZfHvVcT93Fqk0SYdYZdaD3RsReEl7gmdDhRW83YLvPZ6jy C3uhmEg8FMBD08bSPtodfCnGOGv7AhsLY1aQCrZjzmhUqfZEum9SVqK3s4h5pb9X9VmghHfu9uW jV171VuOBcaR4fO00GMtdReZ64qAIiPn90n9V/ZBZUB8qyThkb7joJUF0cfqsalEIAivKZxf69W xFdr4qA2LIrI2oCEf9gASTYdh2uZrp1hnLcnpiuh8l1dl3tfLpGydMLt4zmAx06SiDeDvYC3 X-Google-Smtp-Source: AGHT+IGyXtzv8GczCCTwvR7stBVlTiMVVikTzlRhdz4nDVDUehYBfxEuG4kjoNPiMnFPnmoThsljFu4wc2hU X-Received: by 2002:a05:6902:100b:b0:eab:4158:7e01 with SMTP id 3f1490d57ef6-eab415898camr8472703276.44.1758503600065; Sun, 21 Sep 2025 18:13:20 -0700 (PDT) Received: from postal.iol.unh.edu (postal.iol.unh.edu. [132.177.123.84]) by smtp-relay.gmail.com with ESMTPS id 3f1490d57ef6-ea5ce864190sm532722276.18.2025.09.21.18.13.19 (version=TLS1_2 cipher=ECDHE-ECDSA-AES128-GCM-SHA256 bits=128/128); Sun, 21 Sep 2025 18:13:20 -0700 (PDT) X-Relaying-Domain: iol.unh.edu Date: Sun, 21 Sep 2025 18:13:20 -0700 (PDT) Message-ID: <68d0a2b0.250a0220.32d10d.1171SMTPIN_ADDED_MISSING@mx.google.com> Received: from [172.21.0.2] (unknown [172.18.0.240]) by postal.iol.unh.edu (Postfix) with ESMTP id 8BB3A60003E8; Sun, 21 Sep 2025 21:13:19 -0400 (EDT) Subject: |FAILURE| [GIT MASTER] 9e36adf88c49b437c4c5ffa46158e53d96bef82c From: dpdklab@iol.unh.edu To: Test Report Cc: dpdk-test-reports@iol.unh.edu Content-Type: text/plain X-BeenThere: test-report@dpdk.org X-Mailman-Version: 2.1.29 Precedence: list List-Id: automatic DPDK test reports List-Unsubscribe: , List-Archive: List-Post: List-Help: List-Subscribe: , Errors-To: test-report-bounces@dpdk.org _Testing issues_ Branch: dpdk 9e36adf88c49b437c4c5ffa46158e53d96bef82c --> testing issues Upstream job id: Generic-Unit-Test-DPDK#373624 Test environment and result as below: +-------------------------------+----------------+ | Environment | dpdk_unit_test | +===============================+================+ | CentOS Stream 10 | PASS | +-------------------------------+----------------+ | Fedora Linux 42 | PASS | +-------------------------------+----------------+ | Fedora Linux 40 | PASS | +-------------------------------+----------------+ | CentOS Stream 9 | PASS | +-------------------------------+----------------+ | Red Hat Enterprise Linux 8.10 | PASS | +-------------------------------+----------------+ | Fedora Linux 41 | PASS | +-------------------------------+----------------+ | Debian GNU/Linux 12 | PASS | +-------------------------------+----------------+ | Ubuntu 22.04 | PASS | +-------------------------------+----------------+ | Ubuntu 20.04 | PASS | +-------------------------------+----------------+ | Ubuntu 24.04 | PASS | +-------------------------------+----------------+ | Red Hat Enterprise Linux 9.5 | PASS | +-------------------------------+----------------+ | Arch Linux 20250613.0.365270 | PASS | +-------------------------------+----------------+ | Windows Server 2022 | PASS | +-------------------------------+----------------+ CentOS Stream 10 Kernel: 5.15 Compiler: gcc gcc (GCC) 14.2.1 20250110 (Red Hat 14.2.1-8) Fedora Linux 42 Kernel: 5.15 Compiler: clang gcc (GCC) 15.2.1 20250808 (Red Hat 15.2.1-1) Fedora Linux 40 Kernel: 5.15 Compiler: clang gcc (GCC) 14.2.1 20240912 (Red Hat 14.2.1-3) CentOS Stream 9 Kernel: 5.15 Compiler: gcc gcc (GCC) 11.5.0 20240719 (Red Hat 11.5.0-11) Red Hat Enterprise Linux 8.10 Kernel: 5.15 Compiler: gcc gcc (GCC) 8.5.0 20210514 (Red Hat 8.5.0-22) Fedora Linux 41 Kernel: 5.15 Compiler: clang gcc (GCC) 14.3.1 20250523 (Red Hat 14.3.1-1) Debian GNU/Linux 12 Kernel: 5.15 Compiler: gcc gcc (Debian 12.2.0-14+deb12u1) 12.2.0 Ubuntu 22.04 Kernel: 5.15 Compiler: gcc gcc (Ubuntu 11.4.0-1ubuntu1~22.04) 11.4.0 Ubuntu 20.04 Kernel: 5.15 Compiler: gcc gcc (Ubuntu 9.4.0-1ubuntu1~20.04.2) 9.4.0 Ubuntu 24.04 Kernel: 5.15 Compiler: gcc gcc (Ubuntu 13.3.0-6ubuntu2~24.04) 13.3.0 Red Hat Enterprise Linux 9.5 Kernel: 5.15 Compiler: gcc gcc (GCC) 11.5.0 20240719 (Red Hat 11.5.0-2) Arch Linux 20250613.0.365270 Kernel: 5.15 Compiler: gcc gcc (GCC) 15.1.1 20250425 Windows Server 2022 Kernel: 10.0.20348.2031 Compiler: clang 15.0.7, gcc 14.1.0 (MinGW), and MSVC VS 19.39.33521 To view detailed results, visit: https://lab.dpdk.org/results/dashboard/tarballs/34955/ UNH-IOL DPDK Community Lab To manage your email subscriptions, visit: https://lab.dpdk.org/results/dashboard/preferences/subscriptions/