From mboxrd@z Thu Jan 1 00:00:00 1970 Return-Path: Received: from mails.dpdk.org (mails.dpdk.org [217.70.189.124]) by inbox.dpdk.org (Postfix) with ESMTP id 0E6B046F3C for ; Mon, 22 Sep 2025 06:20:39 +0200 (CEST) Received: from mails.dpdk.org (localhost [127.0.0.1]) by mails.dpdk.org (Postfix) with ESMTP id 08954402C4; Mon, 22 Sep 2025 06:20:39 +0200 (CEST) Received: from mail-pj1-f99.google.com (mail-pj1-f99.google.com [209.85.216.99]) by mails.dpdk.org (Postfix) with ESMTP id 09737402C4 for ; Mon, 22 Sep 2025 06:20:38 +0200 (CEST) Received: by mail-pj1-f99.google.com with SMTP id 98e67ed59e1d1-3327f8ed081so344657a91.1 for ; Sun, 21 Sep 2025 21:20:37 -0700 (PDT) DKIM-Signature: v=1; a=rsa-sha256; c=relaxed/relaxed; d=iol.unh.edu; s=unh-iol; t=1758514837; x=1759119637; darn=dpdk.org; h=cc:to:from:subject:message-id:date:from:to:cc:subject:date :message-id:reply-to; bh=95mjhShPt8ECImBXsO/iC2N45XSCwfDKXZSc2Dc3omI=; b=POb4Ym5v0FbynbAU2MsGEW29P0jFDeuhKWljAmjeSHitzF3vmy7ZBW98iLObBmQVHK j20RyDsmg/vFs7TNZ6EefRHXHp5sWLOup/Nq59m3qT+Q0zYy0EfyeNEeAtPUbm3X2tb4 Zv7rIlo4PJpmIZTia1AT88AW8VSdxA81QPfaU= X-Google-DKIM-Signature: v=1; a=rsa-sha256; c=relaxed/relaxed; d=1e100.net; s=20230601; t=1758514837; x=1759119637; h=cc:to:from:subject:message-id:date:x-gm-message-state:from:to:cc :subject:date:message-id:reply-to; bh=95mjhShPt8ECImBXsO/iC2N45XSCwfDKXZSc2Dc3omI=; b=rS16mAf0MwNKtJqADF4D9hZqyqrO1rQ0IdPNpps6fQ9QPdjOD/fguG0tgn4fefa8/y X9dKA9uaJ4DZHAzBNzMBFM/bcMc+vW3/kzZzrB17l/37D/97E0J4T5NotCIW1X0ZfgAB qQEvBzup9KvwAp2rZoO1iuySe+d0UTF37yabNRzCXZPvMoiBgNXlG+is7Gz4U0j9NgCI +tnxxLaJwQVpaia1NF7JXdkFQ/pr1ahh3yTKZ0ZwDu1VI0aYgLJX7lMGKyZNmcuZtW+P KQUCAvg5U3/va648adEgh+OrG24hbVWznQbG/BtQtWkub/xV8+57Bx6HzhC3AOsbuxBi jkoA== X-Gm-Message-State: AOJu0YxbGNq3XpftyBguqeGWbMW6uuh5UPXs/KVbsEJ4wL/AXmsCDOpT rCHqfUC8O+zUUTT82qJ7EK7pcM7y0gfhGjxcOVemjVYm+5gSRLpb2KhtpOmrM/1loImyjoK5nVR AMIAW0ivwUfzqEYwmSknYAR12BAMcQsFdmEv1 X-Gm-Gg: ASbGncvcSJN6CUboUR/INhbB2wNfR09UcZ5GZJj81Z6KU791eY4GvInLpDvxnGFYEIa 4fvXza++ZdMHBb9jvzGpY8/3BwOS4l76/BMbmsv0T84J/1FWpAI8c94I++0EBlaeQbpiIu2xdaB nD5j+pJ/HT/JjK6HqOYFWsB0PixPwYTcV8t5PU3lBXLqSFSwp6SqgBbbOh0aS0tCxu995bhRawc jVpF1PSsUJ6Ng3mKThS/CVnbX072QrBN69MO6f2ay+dqubu+/cukaj2XkZEyt0YWMXYKnluXR2e 9DX6F4fbduuYLWcpKKS/JOlkXMnW+g9pPcdky1OkwLWbvw3YbPjpjfbzELfxc8Sd2vYFYvaY X-Google-Smtp-Source: AGHT+IEeZlwi14Y4sPLgH3fN9dut6VP+R2VfZguOfrjpOK5pfgU32xMjXiYpBBZF1l1C/IL5u9j7NBDODx7g X-Received: by 2002:a17:90b:4cd2:b0:32e:7270:949c with SMTP id 98e67ed59e1d1-3309838d098mr16018819a91.35.1758514837131; Sun, 21 Sep 2025 21:20:37 -0700 (PDT) Received: from postal.iol.unh.edu (postal.iol.unh.edu. [132.177.123.84]) by smtp-relay.gmail.com with ESMTPS id 98e67ed59e1d1-32ed2723809sm1060646a91.6.2025.09.21.21.20.37 (version=TLS1_2 cipher=ECDHE-ECDSA-AES128-GCM-SHA256 bits=128/128); Sun, 21 Sep 2025 21:20:37 -0700 (PDT) X-Relaying-Domain: iol.unh.edu Date: Sun, 21 Sep 2025 21:20:37 -0700 (PDT) Message-ID: <68d0ce95.170a0220.34f143.0c66SMTPIN_ADDED_MISSING@mx.google.com> Received: from [172.21.0.2] (unknown [172.18.0.240]) by postal.iol.unh.edu (Postfix) with ESMTP id 4D6B66051830; Mon, 22 Sep 2025 00:20:35 -0400 (EDT) Subject: |FAILURE| [GIT MASTER] 62f583c49bf67dd4d6733ece14e55fe6839e66d1 From: dpdklab@iol.unh.edu To: Test Report Cc: dpdk-test-reports@iol.unh.edu, Xueming Li , Christian Ehrhardt , Kevin Traynor , Luca Boccassi Content-Type: text/plain X-BeenThere: test-report@dpdk.org X-Mailman-Version: 2.1.29 Precedence: list List-Id: automatic DPDK test reports List-Unsubscribe: , List-Archive: List-Post: List-Help: List-Subscribe: , Errors-To: test-report-bounces@dpdk.org _Testing issues_ Branch: tags/v23.11 62f583c49bf67dd4d6733ece14e55fe6839e66d1 --> testing issues Upstream job id: Windows-Compile-DPDK-Native#31117 Test environment and result as below: +-------------------------------+--------------------+-------------------+------------------+-------------------+-------------------------+ | Environment | dpdk_meson_compile | dpdk_compile_spdk | dpdk_compile_ovs | dpdk_msvc_compile | dpdk_llvm_clang_compile | +===============================+====================+===================+==================+===================+=========================+ | Red Hat Enterprise Linux 8.10 | PEND | SKIPPED | SKIPPED | SKIPPED | SKIPPED | +-------------------------------+--------------------+-------------------+------------------+-------------------+-------------------------+ | CentOS Stream 10 | PEND | SKIPPED | SKIPPED | SKIPPED | SKIPPED | +-------------------------------+--------------------+-------------------+------------------+-------------------+-------------------------+ | CentOS Stream 9 | PEND | PEND | SKIPPED | SKIPPED | SKIPPED | +-------------------------------+--------------------+-------------------+------------------+-------------------+-------------------------+ | Debian GNU/Linux 12 | PEND | PEND | SKIPPED | SKIPPED | SKIPPED | +-------------------------------+--------------------+-------------------+------------------+-------------------+-------------------------+ | openSUSE Leap 15.6 | PEND | SKIPPED | SKIPPED | SKIPPED | SKIPPED | +-------------------------------+--------------------+-------------------+------------------+-------------------+-------------------------+ | Fedora Linux 42 | PEND | PEND | PEND | SKIPPED | SKIPPED | +-------------------------------+--------------------+-------------------+------------------+-------------------+-------------------------+ | Red Hat Enterprise Linux 9.5 | PEND | SKIPPED | SKIPPED | SKIPPED | SKIPPED | +-------------------------------+--------------------+-------------------+------------------+-------------------+-------------------------+ | Ubuntu 24.04 | PEND | PEND | PEND | SKIPPED | SKIPPED | +-------------------------------+--------------------+-------------------+------------------+-------------------+-------------------------+ | Ubuntu 22.04 | PEND | PEND | SKIPPED | SKIPPED | SKIPPED | +-------------------------------+--------------------+-------------------+------------------+-------------------+-------------------------+ | Ubuntu 20.04 | PASS | SKIPPED | SKIPPED | SKIPPED | SKIPPED | +-------------------------------+--------------------+-------------------+------------------+-------------------+-------------------------+ | Alpine Linux 3.22.0 | PEND | SKIPPED | SKIPPED | SKIPPED | SKIPPED | +-------------------------------+--------------------+-------------------+------------------+-------------------+-------------------------+ | FreeBSD 14.2 | PASS | SKIPPED | SKIPPED | SKIPPED | SKIPPED | +-------------------------------+--------------------+-------------------+------------------+-------------------+-------------------------+ | Windows Server 2022 | SKIPPED | SKIPPED | SKIPPED | PASS | FAIL | +-------------------------------+--------------------+-------------------+------------------+-------------------+-------------------------+ ==== 20 line log output for Windows Server 2022 (dpdk_llvm_clang_compile): ==== Compiler for C supports arguments -mavx512f: YES (cached) Compiler for C supports arguments -mavx512bw: YES (cached) Compiler for C supports arguments -mavx512dq: YES (cached) Compiler for C supports arguments -march=skylake-avx512: YES Message: drivers/common/idpf: Defining dependency "common_idpf" Message: drivers/bus/auxiliary: Defining dependency "bus_auxiliary" Compiler for C supports arguments -Wno-cast-qual: YES (cached) Compiler for C supports arguments -Wno-pointer-arith: YES (cached) Message: drivers/bus/pci: Defining dependency "bus_pci" Message: drivers/bus/vdev: Defining dependency "bus_vdev" Compiler for C supports arguments -std=c11: YES Compiler for C supports arguments -Wno-strict-prototypes: YES Compiler for C supports arguments -D_BSD_SOURCE: YES Compiler for C supports arguments -D_DEFAULT_SOURCE: YES Compiler for C supports arguments -D_XOPEN_SOURCE=600: YES Has header "mlx5devx.h" : YES drivers\common\mlx5\windows\meson.build:10:13: ERROR: C shared or static library 'mlx5devx' not found A full log can be found at C:\Users\builder\jenkins\workspace\Windows-Compile-DPDK-Native\dpdk\build\meson-logs\meson-log.txt ==== End log output ==== Red Hat Enterprise Linux 8.10 Kernel: 5.15 Compiler: gcc gcc (GCC) 8.5.0 20210514 (Red Hat 8.5.0-22) CentOS Stream 10 Kernel: 5.15 Compiler: gcc gcc (GCC) 14.2.1 20250110 (Red Hat 14.2.1-8) CentOS Stream 9 Kernel: 5.15 Compiler: gcc gcc (GCC) 11.5.0 20240719 (Red Hat 11.5.0-11) Debian GNU/Linux 12 Kernel: 5.15 Compiler: gcc gcc (Debian 12.2.0-14+deb12u1) 12.2.0 openSUSE Leap 15.6 Kernel: 5.15 Compiler: gcc gcc (SUSE Linux) 7.5.0 Fedora Linux 42 Kernel: 5.15 Compiler: clang gcc (GCC) 15.2.1 20250808 (Red Hat 15.2.1-1) Red Hat Enterprise Linux 9.5 Kernel: 5.15 Compiler: gcc gcc (GCC) 11.5.0 20240719 (Red Hat 11.5.0-2) Ubuntu 24.04 Kernel: 5.15 Compiler: gcc gcc (Ubuntu 13.3.0-6ubuntu2~24.04) 13.3.0 Ubuntu 22.04 Kernel: 5.15 Compiler: gcc gcc (Ubuntu 11.4.0-1ubuntu1~22.04) 11.4.0 Ubuntu 20.04 Kernel: 5.15 Compiler: gcc gcc (Ubuntu 9.4.0-1ubuntu1~20.04.2) 9.4.0 Alpine Linux 3.22.0 Kernel: 5.15 Compiler: gcc gcc (Alpine 14.2.0) 14.2.0 FreeBSD 14.2 Kernel: 14.2-RELEASE Compiler: clang 18.1.6 Windows Server 2022 Kernel: 10.0.20348.2031 Compiler: clang 15.0.7, gcc 14.1.0 (MinGW), and MSVC VS 19.39.33521 To view detailed results, visit: https://lab.dpdk.org/results/dashboard/tarballs/34958/ UNH-IOL DPDK Community Lab To manage your email subscriptions, visit: https://lab.dpdk.org/results/dashboard/preferences/subscriptions/