From mboxrd@z Thu Jan 1 00:00:00 1970 Return-Path: Received: from mails.dpdk.org (mails.dpdk.org [217.70.189.124]) by inbox.dpdk.org (Postfix) with ESMTP id EC05846F3C for ; Mon, 22 Sep 2025 06:36:50 +0200 (CEST) Received: from mails.dpdk.org (localhost [127.0.0.1]) by mails.dpdk.org (Postfix) with ESMTP id DF33E402C4; Mon, 22 Sep 2025 06:36:50 +0200 (CEST) Received: from mail-ot1-f97.google.com (mail-ot1-f97.google.com [209.85.210.97]) by mails.dpdk.org (Postfix) with ESMTP id 46BBB402C4 for ; Mon, 22 Sep 2025 06:36:49 +0200 (CEST) Received: by mail-ot1-f97.google.com with SMTP id 46e09a7af769-7827025e548so268162a34.2 for ; Sun, 21 Sep 2025 21:36:49 -0700 (PDT) DKIM-Signature: v=1; a=rsa-sha256; c=relaxed/relaxed; d=iol.unh.edu; s=unh-iol; t=1758515808; x=1759120608; darn=dpdk.org; h=cc:to:from:subject:message-id:date:from:to:cc:subject:date :message-id:reply-to; bh=4gtRLzZUo/EaMxu3xrDzvu4PTruoKJwFzGn8Dl5GI28=; b=TfHswmjcRDnPkTf7rhzB/DsonUq512fuZcw70AWyyMN4lwd1/FaN8Rv7tgGasmlqKy wv46z8QO3DPsJJ+M4bSFkGw4a1lJ9NwJEBMcGhJCq9ZqA3t0/vewH8oEP0APBZF+OjvL 1z+U5lXtwmJhNDEDApj9e7T3v7h/M7kxiVkTg= X-Google-DKIM-Signature: v=1; a=rsa-sha256; c=relaxed/relaxed; d=1e100.net; s=20230601; t=1758515808; x=1759120608; h=cc:to:from:subject:message-id:date:x-gm-message-state:from:to:cc :subject:date:message-id:reply-to; bh=4gtRLzZUo/EaMxu3xrDzvu4PTruoKJwFzGn8Dl5GI28=; b=DMYgkHQyi2s/9Lp8jvAZjlW5x0q07ieEdaS2JWPAp2R1huDnYFHjEQLzeoWfeBK58O p70EsjZkMEKjqPGGJIKa+ZVHzal9chr5g1WpqVCLUYsVmCoYqwmf4WaN3gK9sj7K+REs hlq14PgWx2lWEee9LGEL8vq/yk3ltXoiaH3Chop0QUQ5FBs/Nquxz9R7cZfAdED3Ao0j DK1hAd5VFSFfGTLdk3onE9oFamuNHM+JF02XdVMfHr+OpgtQgZNd2+rKXl6pGxdMDNZK 2pXjSavo4Dn3m7DeImLf0lheib+tTIOeU04tRtmiX2X2unGNAuuHUJkAv7hEw+X3ksyt 8Xtw== X-Gm-Message-State: AOJu0YzC1Ey87URbOeX3PTBrrugrixtMUNnF/B+HyUSI1M6hO9dE3Uwg YgjQ2ClYdazDVCzqCAOH3lWTVlWwRkqe2MRYyzGZmap+IdkatFafmOZ8ibDExjubPdQb0L7b3NP /kdNhiSV7e656Qo158hn244YxZP1V33B+5bEm X-Gm-Gg: ASbGncuZm+nJ1RGgVYGil5zSA8AKOtZ2ko3i0Kbq3jbEk0QSSs/13obU1A8T2bP+H8H Iq1m6rgIQy1OfS7DpZETFeRt25U4Jo4f8WwZjcQ7JzCOGla7Zuoj4lg52F+AVHIBRb/jro24226 Uf6Z69WFN40okykXN1c6q46b7rKrjcdeVbHXX3XzQrxHlczhP2QktMrn3pGR8e/2mAojVPCoFmn aTMMwXyFzFmUKArXTY/SuxJ09cEfIM355Q4469TGTGIzzAV3zwuepv/akXPoRNLpbZkD6DmUi6+ DYdqf6GTcjXzdUnBiW8gT4oBJ4G3zi0q4BLfDcbGSkYz0YyqlxDeWchWRv3rP7cXb5nTgWBb X-Google-Smtp-Source: AGHT+IEGV6Uh6EzrlyDOC4UyUZj/wSIMNUK7DKyl61fw+xcpf7nKZNi4ehM7VzRpsnKUB51N1zh0pvFBLSfn X-Received: by 2002:a05:6830:4902:b0:74b:7c40:357a with SMTP id 46e09a7af769-76f77d489e4mr5871269a34.18.1758515808562; Sun, 21 Sep 2025 21:36:48 -0700 (PDT) Received: from postal.iol.unh.edu (postal.iol.unh.edu. [132.177.123.84]) by smtp-relay.gmail.com with ESMTPS id 46e09a7af769-76926e1248asm479443a34.7.2025.09.21.21.36.48 (version=TLS1_2 cipher=ECDHE-ECDSA-AES128-GCM-SHA256 bits=128/128); Sun, 21 Sep 2025 21:36:48 -0700 (PDT) X-Relaying-Domain: iol.unh.edu Date: Sun, 21 Sep 2025 21:36:48 -0700 (PDT) Message-ID: <68d0d260.9d0a0220.2f3850.de14SMTPIN_ADDED_MISSING@mx.google.com> Received: from [172.21.0.2] (unknown [172.18.0.240]) by postal.iol.unh.edu (Postfix) with ESMTP id 7AC306051830; Mon, 22 Sep 2025 00:36:47 -0400 (EDT) Subject: |FAILURE| [GIT MASTER] 3b43ce3f4a54468e7ef65760c2fd7b4d6ee6d9fc From: dpdklab@iol.unh.edu To: Test Report Cc: dpdk-test-reports@iol.unh.edu, Xueming Li , Christian Ehrhardt , Kevin Traynor , Luca Boccassi Content-Type: text/plain X-BeenThere: test-report@dpdk.org X-Mailman-Version: 2.1.29 Precedence: list List-Id: automatic DPDK test reports List-Unsubscribe: , List-Archive: List-Post: List-Help: List-Subscribe: , Errors-To: test-report-bounces@dpdk.org _Testing issues_ Branch: tags/v22.11 3b43ce3f4a54468e7ef65760c2fd7b4d6ee6d9fc --> testing issues Upstream job id: Generic-Unit-Test-DPDK#373662 Test environment and result as below: +-------------------------------+----------------+ | Environment | dpdk_unit_test | +===============================+================+ | Fedora Linux 41 | FAIL | +-------------------------------+----------------+ | Ubuntu 20.04 | PEND | +-------------------------------+----------------+ | Red Hat Enterprise Linux 8.10 | FAIL | +-------------------------------+----------------+ | Ubuntu 22.04 | FAIL | +-------------------------------+----------------+ | CentOS Stream 10 | PEND | +-------------------------------+----------------+ | Debian GNU/Linux 12 | FAIL | +-------------------------------+----------------+ | Red Hat Enterprise Linux 9.5 | FAIL | +-------------------------------+----------------+ | Fedora Linux 42 | PEND | +-------------------------------+----------------+ | Fedora Linux 40 | PEND | +-------------------------------+----------------+ | Ubuntu 24.04 | PEND | +-------------------------------+----------------+ | CentOS Stream 9 | PEND | +-------------------------------+----------------+ | Windows Server 2022 | PASS | +-------------------------------+----------------+ ==== Unit test summary for Red Hat Enterprise Linux 9.5 (dpdk_unit_test): ==== ninja: Entering directory `/root/workspace/Generic-Unit-Test-DPDK/dpdk/build' ninja: no work to do. 1/105 DPDK:fast-tests / acl_autotest OK 11.98 s 2/105 DPDK:fast-tests / atomic_autotest OK 1.77 s 3/105 DPDK:fast-tests / bitmap_autotest OK 0.53 s 4/105 DPDK:fast-tests / bitops_autotest OK 0.44 s 5/105 DPDK:fast-tests / byteorder_autotest OK 0.21 s 6/105 DPDK:fast-tests / cksum_autotest OK 0.17 s 7/105 DPDK:fast-tests / cmdline_autotest OK 1.08 s 8/105 DPDK:fast-tests / common_autotest OK 1.30 s 9/105 DPDK:fast-tests / cpuflags_autotest OK 0.32 s 10/105 DPDK:fast-tests / debug_autotest OK 0.37 s 11/105 DPDK:fast-tests / devargs_autotest OK 1.20 s 12/105 DPDK:fast-tests / eal_flags_c_opt_autotest OK 1.58 s 13/105 DPDK:fast-tests / eal_flags_main_opt_autotest OK 1.90 s 14/105 DPDK:fast-tests / eal_flags_n_opt_autotest OK 1.14 s 15/105 DPDK:fast-tests / eal_flags_hpet_autotest OK 0.22 s 16/105 DPDK:fast-tests / eal_flags_no_huge_autotest OK 1.04 s 17/105 DPDK:fast-tests / eal_flags_a_opt_autotest OK 1.55 s 18/105 DPDK:fast-tests / eal_flags_b_opt_autotest OK 0.32 s 19/105 DPDK:fast-tests / eal_flags_vdev_opt_autotest OK 1.92 s 20/105 DPDK:fast-tests / eal_flags_r_opt_autotest OK 0.62 s 21/105 DPDK:fast-tests / eal_flags_mem_autotest OK 1.08 s 22/105 DPDK:fast-tests / eal_flags_file_prefix_autotest OK 9.70 s 23/105 DPDK:fast-tests / eal_flags_misc_autotest OK 4.59 s 24/105 DPDK:fast-tests / eal_fs_autotest OK 0.82 s 25/105 DPDK:fast-tests / errno_autotest OK 0.63 s 26/105 DPDK:fast-tests / ethdev_link_status OK 0.49 s 27/105 DPDK:fast-tests / event_ring_autotest OK 0.45 s 28/105 DPDK:fast-tests / fib_autotest OK 2.06 s 29/105 DPDK:fast-tests / fib6_autotest OK 1.47 s 30/105 DPDK:fast-tests / func_reentrancy_autotest OK 2.71 s 31/105 DPDK:fast-tests / hash_autotest OK 0.37 s 32/105 DPDK:fast-tests / interrupt_autotest OK 2.62 s 33/105 DPDK:fast-tests / ipfrag_autotest OK 0.17 s 34/105 DPDK:fast-tests / lcores_autotest OK 12.29 s 35/105 DPDK:fast-tests / logs_autotest OK 0.29 s 36/105 DPDK:fast-tests / lpm_autotest OK 14.15 s 37/105 DPDK:fast-tests / lpm6_autotest OK 21.29 s 38/105 DPDK:fast-tests / malloc_autotest OK 2.99 s 39/105 DPDK:fast-tests / mbuf_autotest OK 1.42 s 40/105 DPDK:fast-tests / mcslock_autotest OK 1.42 s 41/105 DPDK:fast-tests / memcpy_autotest OK 8.02 s 42/105 DPDK:fast-tests / memory_autotest OK 0.40 s 43/105 DPDK:fast-tests / mempool_autotest OK 0.77 s 44/105 DPDK:fast-tests / memzone_autotest OK 0.17 s 45/105 DPDK:fast-tests / meter_autotest OK 0.99 s 46/105 DPDK:fast-tests / multiprocess_autotest OK 1.14 s 47/105 DPDK:fast-tests / node_list_dump OK 0.52 s 48/105 DPDK:fast-tests / per_lcore_autotest OK 0.27 s 49/105 DPDK:fast-tests / pflock_autotest OK 1.37 s 50/105 DPDK:fast-tests / prefetch_autotest OK 0.26 s 51/105 DPDK:fast-tests / rcu_qsbr_autotest OK 0.64 s 52/105 DPDK:fast-tests / pie_autotest OK 0.44 s 53/105 DPDK:fast-tests / rib_autotest OK 17.68 s 54/105 DPDK:fast-tests / rib6_autotest OK 16.94 s 55/105 DPDK:fast-tests / ring_autotest OK 0.40 s 56/105 DPDK:fast-tests / rwlock_test1_autotest OK 0.82 s 57/105 DPDK:fast-tests / rwlock_rda_autotest OK 5.18 s 58/105 DPDK:fast-tests / rwlock_rds_wrm_autotest OK 5.39 s 59/105 DPDK:fast-tests / rwlock_rde_wro_autotest OK 6.26 s 60/105 DPDK:fast-tests / sched_autotest OK 0.71 s 61/105 DPDK:fast-tests / security_autotest OK 0.48 s 62/105 DPDK:fast-tests / seqlock_autotest SKIP 0.17 s 63/105 DPDK:fast-tests / spinlock_autotest OK 0.17 s 64/105 DPDK:fast-tests / stack_autotest OK 0.53 s 65/105 DPDK:fast-tests / stack_lf_autotest OK 1.17 s 66/105 DPDK:fast-tests / string_autotest OK 0.53 s 67/105 DPDK:fast-tests / tailq_autotest OK 0.46 s 68/105 DPDK:fast-tests / ticketlock_autotest OK 0.17 s 69/105 DPDK:fast-tests / timer_autotest OK 4.02 s 70/105 DPDK:fast-tests / user_delay_us OK 0.54 s 71/105 DPDK:fast-tests / version_autotest OK 0.91 s 72/105 DPDK:fast-tests / crc_autotest OK 0.33 s 73/105 DPDK:fast-tests / distributor_autotest OK 3.02 s 74/105 DPDK:fast-tests / eventdev_common_autotest OK 0.17 s 75/105 DPDK:fast-tests / fbarray_autotest OK 0.41 s 76/105 DPDK:fast-tests / hash_readwrite_func_autotest SKIP 1.04 s 77/105 DPDK:fast-tests / ipsec_autotest SKIP 0.47 s 78/105 DPDK:fast-tests / kni_autotest SKIP 0.34 s 79/105 DPDK:fast-tests / kvargs_autotest OK 0.41 s 80/105 DPDK:fast-tests / member_autotest OK 1.31 s 81/105 DPDK:fast-tests / power_cpufreq_autotest SKIP 0.21 s 82/105 DPDK:fast-tests / power_autotest OK 0.27 s 83/105 DPDK:fast-tests / power_kvm_vm_autotest SKIP 0.23 s 84/105 DPDK:fast-tests / power_intel_uncore_autotest SKIP 0.77 s 85/105 DPDK:fast-tests / reorder_autotest OK 1.11 s 86/105 DPDK:fast-tests / service_autotest OK 3.62 s 87/105 DPDK:fast-tests / thash_autotest OK 0.29 s 88/105 DPDK:fast-tests / threads_autotest OK 1.31 s 89/105 DPDK:fast-tests / trace_autotest OK 0.17 s 90/105 DPDK:fast-tests / trace_autotest_with_traces OK 0.60 s 91/105 DPDK:fast-tests / graph_autotest OK 0.47 s 92/105 DPDK:fast-tests / metrics_autotest OK 1.39 s 93/105 DPDK:fast-tests / telemetry_json_autotest OK 0.21 s 94/105 DPDK:fast-tests / telemetry_data_autotest OK 0.17 s 95/105 DPDK:fast-tests / table_autotest FAIL 3.09 s (exit status 255 or signal 127 SIGinvalid) 96/105 DPDK:fast-tests / ring_pmd_autotest OK 0.19 s 97/105 DPDK:fast-tests / event_eth_tx_adapter_autotest OK 2.71 s 98/105 DPDK:fast-tests / bitratestats_autotest OK 0.17 s 99/105 DPDK:fast-tests / latencystats_autotest OK 0.17 s 100/105 DPDK:fast-tests / pdump_autotest OK 5.86 s 101/105 DPDK:fast-tests / vdev_autotest OK 0.24 s 102/105 DPDK:fast-tests / bpf_autotest OK 0.52 s 103/105 DPDK:fast-tests / bpf_convert_autotest OK 0.60 s 104/105 DPDK:fast-tests / compressdev_autotest SKIP 0.44 s 105/105 DPDK:fast-tests / telemetry_all SKIP 0.05 s Ok: 95 Expected Fail: 0 Fail: 1 Unexpected Pass: 0 Skipped: 9 Timeout: 0 Full log written to /root/workspace/Generic-Unit-Test-DPDK/dpdk/build/meson-logs/testlog.txt Test log output from the failed test table_autotest: Sorry, we were not able to find the logs for this test. Download the log output from the CI site for this test run. ==== End log output ==== Fedora Linux 41 Kernel: 5.15 Compiler: gcc gcc (GCC) 14.3.1 20250523 (Red Hat 14.3.1-1) Ubuntu 20.04 Kernel: 5.15 Compiler: gcc gcc (Ubuntu 9.4.0-1ubuntu1~20.04.2) 9.4.0 Red Hat Enterprise Linux 8.10 Kernel: 5.15 Compiler: gcc gcc (GCC) 8.5.0 20210514 (Red Hat 8.5.0-22) Ubuntu 22.04 Kernel: 5.15 Compiler: gcc gcc (Ubuntu 11.4.0-1ubuntu1~22.04) 11.4.0 CentOS Stream 10 Kernel: 5.15 Compiler: gcc gcc (GCC) 14.2.1 20250110 (Red Hat 14.2.1-8) Debian GNU/Linux 12 Kernel: 5.15 Compiler: gcc gcc (Debian 12.2.0-14+deb12u1) 12.2.0 Red Hat Enterprise Linux 9.5 Kernel: 5.15 Compiler: gcc gcc (GCC) 11.5.0 20240719 (Red Hat 11.5.0-2) Fedora Linux 42 Kernel: 5.15 Compiler: gcc gcc (GCC) 15.2.1 20250808 (Red Hat 15.2.1-1) Fedora Linux 40 Kernel: 5.15 Compiler: clang gcc (GCC) 14.2.1 20240912 (Red Hat 14.2.1-3) Ubuntu 24.04 Kernel: 5.15 Compiler: gcc gcc (Ubuntu 13.3.0-6ubuntu2~24.04) 13.3.0 CentOS Stream 9 Kernel: 5.15 Compiler: gcc gcc (GCC) 11.5.0 20240719 (Red Hat 11.5.0-11) Windows Server 2022 Kernel: 10.0.20348.2031 Compiler: clang 15.0.7, gcc 14.1.0 (MinGW), and MSVC VS 19.39.33521 To view detailed results, visit: https://lab.dpdk.org/results/dashboard/tarballs/34956/ UNH-IOL DPDK Community Lab To manage your email subscriptions, visit: https://lab.dpdk.org/results/dashboard/preferences/subscriptions/