From: dpdklab@iol.unh.edu
To: Test Report <test-report@dpdk.org>
Cc: dpdk-test-reports@iol.unh.edu,
Bruce Richardson <bruce.richardson@intel.com>,
"Shetty, Praveen" <praveen.shetty@intel.com>
Subject: |FAILURE| pw156798-156801 [PATCH] [4/4] net/cpfl: add cpchnl get vpo
Date: Sun, 21 Sep 2025 23:49:02 -0700 (PDT) [thread overview]
Message-ID: <68d0f15e.050a0220.3cde93.de31SMTPIN_ADDED_MISSING@mx.google.com> (raw)
In-Reply-To: <20250922094819.1350709-5-praveen.shetty@intel.com>
Test-Label: iol-compile-amd64-testing
Test-Status: FAILURE
http://dpdk.org/patch/156801
_Testing issues_
Submitter: Shetty, Praveen <praveen.shetty@intel.com>
Date: Monday, September 22 2025 09:48:19
DPDK git baseline: Repo:dpdk-next-net-intel
Branch: master
CommitID:4159ea62922ce41566c7bab44655ad78bee85458
156798-156801 --> testing issues
Upstream job id: Windows-Compile-DPDK-Native#31121
Test environment and result as below:
+-------------------------------+--------------------+-------------------+------------------+-------------------------+-------------------+
| Environment | dpdk_meson_compile | dpdk_compile_spdk | dpdk_compile_ovs | dpdk_llvm_clang_compile | dpdk_msvc_compile |
+===============================+====================+===================+==================+=========================+===================+
| CentOS Stream 9 | PEND | PEND | SKIPPED | SKIPPED | SKIPPED |
+-------------------------------+--------------------+-------------------+------------------+-------------------------+-------------------+
| Fedora Linux 42 | FAIL | WARN | WARN | SKIPPED | SKIPPED |
+-------------------------------+--------------------+-------------------+------------------+-------------------------+-------------------+
| Debian GNU/Linux 12 | PEND | PEND | SKIPPED | SKIPPED | SKIPPED |
+-------------------------------+--------------------+-------------------+------------------+-------------------------+-------------------+
| openSUSE Leap 15.6 | PEND | SKIPPED | SKIPPED | SKIPPED | SKIPPED |
+-------------------------------+--------------------+-------------------+------------------+-------------------------+-------------------+
| Ubuntu 20.04 | PEND | SKIPPED | SKIPPED | SKIPPED | SKIPPED |
+-------------------------------+--------------------+-------------------+------------------+-------------------------+-------------------+
| Red Hat Enterprise Linux 8.10 | FAIL | SKIPPED | SKIPPED | SKIPPED | SKIPPED |
+-------------------------------+--------------------+-------------------+------------------+-------------------------+-------------------+
| Red Hat Enterprise Linux 9.5 | FAIL | SKIPPED | SKIPPED | SKIPPED | SKIPPED |
+-------------------------------+--------------------+-------------------+------------------+-------------------------+-------------------+
| FreeBSD 14.2 | FAIL | SKIPPED | SKIPPED | SKIPPED | SKIPPED |
+-------------------------------+--------------------+-------------------+------------------+-------------------------+-------------------+
| Ubuntu 22.04 | FAIL | WARN | SKIPPED | SKIPPED | SKIPPED |
+-------------------------------+--------------------+-------------------+------------------+-------------------------+-------------------+
| Ubuntu 24.04 | PEND | WARN | WARN | SKIPPED | SKIPPED |
+-------------------------------+--------------------+-------------------+------------------+-------------------------+-------------------+
| CentOS Stream 10 | FAIL | SKIPPED | SKIPPED | SKIPPED | SKIPPED |
+-------------------------------+--------------------+-------------------+------------------+-------------------------+-------------------+
| Alpine Linux 3.22.0 | FAIL | SKIPPED | SKIPPED | SKIPPED | SKIPPED |
+-------------------------------+--------------------+-------------------+------------------+-------------------------+-------------------+
| Windows Server 2022 | SKIPPED | SKIPPED | SKIPPED | PASS | PEND |
+-------------------------------+--------------------+-------------------+------------------+-------------------------+-------------------+
==== 20 line log output for Alpine Linux 3.22.0 (dpdk_meson_compile): ====
from ^[[01m^[[K../drivers/net/intel/cpfl/cpfl_flow_parser.c:7^[[m^[[K:
^[[01m^[[K../drivers/net/intel/cpfl/cpfl_ethdev.h:333:13:^[[m^[[K ^[[01;36m^[[Knote: ^[[m^[[K'^[[01m^[[Kvsi_id^[[m^[[K' was declared here
333 | u16 ^[[01;36m^[[Kvsi_id^[[m^[[K;
| ^[[01;36m^[[K^~~~~~^[[m^[[K
^[[01m^[[K../drivers/net/intel/cpfl/cpfl_flow_parser.c:^[[m^[[K In function '^[[01m^[[Kcpfl_metadata_write_sourcevsi^[[m^[[K':
^[[01m^[[K../drivers/net/intel/cpfl/cpfl_flow_parser.c:2065:12:^[[m^[[K ^[[01;31m^[[Kerror: ^[[m^[[K'^[[01m^[[Kvsi_id^[[m^[[K' may be used uninitialized [^[[01;31m^[[K-Werror=maybe-uninitialized^[[m^[[K]
2065 | if ^[[01;31m^[[K(^[[m^[[Kdev_id == CPFL_INVALID_HW_ID) {
| ^[[01;31m^[[K^^[[m^[[K
^[[01m^[[K../drivers/net/intel/cpfl/cpfl_ethdev.h:333:13:^[[m^[[K ^[[01;36m^[[Knote: ^[[m^[[K'^[[01m^[[Kvsi_id^[[m^[[K' was declared here
333 | u16 ^[[01;36m^[[Kvsi_id^[[m^[[K;
| ^[[01;36m^[[K^~~~~~^[[m^[[K
^[[01m^[[K../drivers/net/intel/cpfl/cpfl_flow_parser.c:^[[m^[[K In function '^[[01m^[[Kcpfl_metadata_write_vsi^[[m^[[K':
^[[01m^[[K../drivers/net/intel/cpfl/cpfl_flow_parser.c:2081:12:^[[m^[[K ^[[01;31m^[[Kerror: ^[[m^[[K'^[[01m^[[Kvsi_id^[[m^[[K' may be used uninitialized [^[[01;31m^[[K-Werror=maybe-uninitialized^[[m^[[K]
2081 | if ^[[01;31m^[[K(^[[m^[[Kdev_id == CPFL_INVALID_HW_ID) {
| ^[[01;31m^[[K^^[[m^[[K
^[[01m^[[K../drivers/net/intel/cpfl/cpfl_ethdev.h:333:13:^[[m^[[K ^[[01;36m^[[Knote: ^[[m^[[K'^[[01m^[[Kvsi_id^[[m^[[K' was declared here
333 | u16 ^[[01;36m^[[Kvsi_id^[[m^[[K;
| ^[[01;36m^[[K^~~~~~^[[m^[[K
cc1: all warnings being treated as errors
ninja: subcommand failed
==== End log output ====
CentOS Stream 9
Kernel: 5.15
Compiler: gcc gcc (GCC) 11.5.0 20240719 (Red Hat 11.5.0-11)
Fedora Linux 42
Kernel: 5.15
Compiler: clang gcc (GCC) 15.2.1 20250808 (Red Hat 15.2.1-1)
Debian GNU/Linux 12
Kernel: 5.15
Compiler: gcc gcc (Debian 12.2.0-14+deb12u1) 12.2.0
openSUSE Leap 15.6
Kernel: 5.15
Compiler: gcc gcc (SUSE Linux) 7.5.0
Ubuntu 20.04
Kernel: 4.19
Compiler: gcc gcc (Ubuntu 9.4.0-1ubuntu1~20.04.2) 9.4.0
Red Hat Enterprise Linux 8.10
Kernel: 5.15
Compiler: gcc gcc (GCC) 8.5.0 20210514 (Red Hat 8.5.0-22)
Red Hat Enterprise Linux 9.5
Kernel: 5.15
Compiler: gcc gcc (GCC) 11.5.0 20240719 (Red Hat 11.5.0-2)
FreeBSD 14.2
Kernel: 14.2-RELEASE
Compiler: clang 18.1.6
Ubuntu 22.04
Kernel: 5.15
Compiler: gcc gcc (Ubuntu 11.4.0-1ubuntu1~22.04) 11.4.0
Ubuntu 24.04
Kernel: 5.15
Compiler: gcc gcc (Ubuntu 13.3.0-6ubuntu2~24.04) 13.3.0
CentOS Stream 10
Kernel: 5.15
Compiler: gcc gcc (GCC) 14.2.1 20250110 (Red Hat 14.2.1-8)
Alpine Linux 3.22.0
Kernel: 5.15
Compiler: gcc gcc (Alpine 14.2.0) 14.2.0
Windows Server 2022
Kernel: 10.0.20348.2031
Compiler: clang 15.0.7, gcc 14.1.0 (MinGW), and MSVC VS 19.39.33521
To view detailed results, visit:
https://lab.dpdk.org/results/dashboard/patchsets/34117/
UNH-IOL DPDK Community Lab
To manage your email subscriptions, visit:
https://lab.dpdk.org/results/dashboard/preferences/subscriptions/
next prev parent reply other threads:[~2025-09-22 6:49 UTC|newest]
Thread overview: 55+ messages / expand[flat|nested] mbox.gz Atom feed top
[not found] <20250922094819.1350709-5-praveen.shetty@intel.com>
2025-09-22 5:53 ` |SUCCESS| pw156798-156801 [PATCH 4/4] net/cpfl: add cpchnl get vport info support qemudev
2025-09-22 6:01 ` |FAILURE| " qemudev
2025-09-22 6:18 ` |SUCCESS| pw156801 " checkpatch
2025-09-22 6:42 ` |FAILURE| pw156798-156801 [PATCH] [4/4] net/cpfl: add cpchnl get vpo dpdklab
2025-09-22 6:44 ` |SUCCESS| " dpdklab
2025-09-22 6:46 ` |FAILURE| " dpdklab
2025-09-22 6:47 ` dpdklab
2025-09-22 6:48 ` |SUCCESS| " dpdklab
2025-09-22 6:49 ` dpdklab [this message]
2025-09-22 6:53 ` dpdklab
2025-09-22 6:54 ` |FAILURE| " dpdklab
2025-09-22 6:55 ` |FAILURE| pw156801 [PATCH 4/4] net/cpfl: add cpchnl get vport info support 0-day Robot
2025-09-22 6:56 ` |FAILURE| pw156798-156801 [PATCH] [4/4] net/cpfl: add cpchnl get vpo dpdklab
2025-09-22 6:59 ` dpdklab
2025-09-22 6:59 ` dpdklab
2025-09-22 7:02 ` |SUCCESS| " dpdklab
2025-09-22 7:03 ` |PENDING| " dpdklab
2025-09-22 7:04 ` |SUCCESS| " dpdklab
2025-09-22 7:05 ` |FAILURE| " dpdklab
2025-09-22 7:06 ` |SUCCESS| " dpdklab
2025-09-22 7:06 ` dpdklab
2025-09-22 7:07 ` |FAILURE| " dpdklab
2025-09-22 7:09 ` dpdklab
2025-09-22 7:10 ` |SUCCESS| " dpdklab
2025-09-22 7:23 ` |PENDING| " dpdklab
2025-09-22 7:24 ` |FAILURE| " dpdklab
2025-09-22 7:24 ` dpdklab
2025-09-22 7:24 ` |SUCCESS| " dpdklab
2025-09-22 7:26 ` |FAILURE| " dpdklab
2025-09-22 7:26 ` dpdklab
2025-09-22 7:27 ` dpdklab
2025-09-22 7:27 ` dpdklab
2025-09-22 7:27 ` dpdklab
2025-09-22 7:29 ` |SUCCESS| " dpdklab
2025-09-22 7:29 ` |FAILURE| " dpdklab
2025-09-22 7:29 ` dpdklab
2025-09-22 7:29 ` dpdklab
2025-09-22 7:30 ` dpdklab
2025-09-22 7:30 ` dpdklab
2025-09-22 7:30 ` dpdklab
2025-09-22 7:32 ` dpdklab
2025-09-22 7:32 ` dpdklab
2025-09-22 7:32 ` dpdklab
2025-09-22 7:33 ` dpdklab
2025-09-22 7:34 ` dpdklab
2025-09-22 7:35 ` dpdklab
2025-09-22 7:36 ` dpdklab
2025-09-22 7:36 ` dpdklab
2025-09-22 7:36 ` dpdklab
2025-09-22 7:36 ` dpdklab
2025-09-22 7:37 ` dpdklab
2025-09-22 7:37 ` dpdklab
2025-09-22 7:47 ` |WARNING| " dpdklab
2025-09-22 7:54 ` |FAILURE| " dpdklab
2025-09-22 8:20 ` |WARNING| " dpdklab
Reply instructions:
You may reply publicly to this message via plain-text email
using any one of the following methods:
* Save the following mbox file, import it into your mail client,
and reply-to-all from there: mbox
Avoid top-posting and favor interleaved quoting:
https://en.wikipedia.org/wiki/Posting_style#Interleaved_style
* Reply using the --to, --cc, and --in-reply-to
switches of git-send-email(1):
git send-email \
--in-reply-to=68d0f15e.050a0220.3cde93.de31SMTPIN_ADDED_MISSING@mx.google.com \
--to=dpdklab@iol.unh.edu \
--cc=bruce.richardson@intel.com \
--cc=dpdk-test-reports@iol.unh.edu \
--cc=praveen.shetty@intel.com \
--cc=test-report@dpdk.org \
/path/to/YOUR_REPLY
https://kernel.org/pub/software/scm/git/docs/git-send-email.html
* If your mail client supports setting the In-Reply-To header
via mailto: links, try the mailto: link
Be sure your reply has a Subject: header at the top and a blank line
before the message body.
This is a public inbox, see mirroring instructions
for how to clone and mirror all data and code used for this inbox;
as well as URLs for NNTP newsgroup(s).