From mboxrd@z Thu Jan 1 00:00:00 1970 Return-Path: Received: from mails.dpdk.org (mails.dpdk.org [217.70.189.124]) by inbox.dpdk.org (Postfix) with ESMTP id EBA4946F4A for ; Mon, 22 Sep 2025 08:54:10 +0200 (CEST) Received: from mails.dpdk.org (localhost [127.0.0.1]) by mails.dpdk.org (Postfix) with ESMTP id E7FA9402ED; Mon, 22 Sep 2025 08:54:10 +0200 (CEST) Received: from mail-qt1-f227.google.com (mail-qt1-f227.google.com [209.85.160.227]) by mails.dpdk.org (Postfix) with ESMTP id D367B402ED for ; Mon, 22 Sep 2025 08:54:09 +0200 (CEST) Received: by mail-qt1-f227.google.com with SMTP id d75a77b69052e-4b7a434b2d0so35692941cf.0 for ; Sun, 21 Sep 2025 23:54:09 -0700 (PDT) DKIM-Signature: v=1; a=rsa-sha256; c=relaxed/relaxed; d=iol.unh.edu; s=unh-iol; t=1758524049; x=1759128849; darn=dpdk.org; h=references:in-reply-to:cc:to:from:subject:message-id:date:from:to :cc:subject:date:message-id:reply-to; bh=sqRrX4fWUdN2Fx4rrNeXWT4XOeS2LKbcrkA7uvdFrc8=; b=YNR0PNJ5zSWFf30h0Y5Lf3gA9PTNvuRZ+X0Ey+5QtaV3BA2F9K5bQfa6LXhWy7XLe2 yl5AjgkiCAdDYLWMnKfkdVsJjNuLnEEFjzXACapJRv7fkbprkQwKlvWAWDbGZKefh9hi lA22fMS8kd43OGxtjf4hZPLN6O8EaVnkEXtHM= X-Google-DKIM-Signature: v=1; a=rsa-sha256; c=relaxed/relaxed; d=1e100.net; s=20230601; t=1758524049; x=1759128849; h=references:in-reply-to:cc:to:from:subject:message-id:date :x-gm-message-state:from:to:cc:subject:date:message-id:reply-to; bh=sqRrX4fWUdN2Fx4rrNeXWT4XOeS2LKbcrkA7uvdFrc8=; b=aIBHQp/bXzXh4dk4aiyPAIwYTYvUpuguhi/G4EEO1sNB2UGfhLJjT1LLTeKtl0VmxT JtPXr9sti8zlWGDtFREGhRtlLVrzl/gz47PMGf5/oD+xokB+qH7HWa1uHdqUMpJPBfeX zl7U81tD+2Jord5JtiMTpPJTHRpqf9+uIicdrKQr1YECtlZsECNvfQZmuF1Wp4sdDX1W RsndG1opNF6zJ7tcml4pBwLLNbonE4ueGuTBevzd+9NwEwvYCECfb/SMM4KiNvl9EH7V K0TKw6qRNL6eczmX0I9SuC4mq3aDljm6/rQPttusX2yuQ4bx8xcl8pkpSEYg/8HRC8Wi lyzA== X-Gm-Message-State: AOJu0Yyyit12lQr/MqTQtjznPmW7Gbd0u6OJsJyYnlJy2t+isIMpNCcc 6VXUM1wfmMiq9RBizcbryNPX8jYqFQmFeQ7IF6Vlv5wC7vzPufBs89ftx8+v5UlMkmK6WCJN7sW OFJwvMw5n+IMn2YC1gZxDF+mfkQac/DCQ/xMfAVnLuxlm X-Gm-Gg: ASbGncuTPSddW1avGVSBenCQuXeDj8CwI+NrBya9l/Rr7Bm6T277YS5yB878sG5pvuq 7OxQ2/r+JnsHJ86pvjhTLkt7+C86Oi/Nr9UX98XKXcJJjBYi609rtGLU+pFRjVLHSFs3lOJjj1j Tfq+4+PM0/azowKK26C/a98EFxztUEOBKx3DJiIKM6RIJPuD5kNtKuzHX16n/iBqwLqNgjZL4YB 7OBYZgtendoNrZtqMcSmxROMaWH9B+XvgZ1O90NlwKWBtkQslZfux9O/itWTYZ2XaYeJ+L8kPs3 iHAnJ9UsWyNn9KVqvdCUbmsQQwHvaYt5uHAdWXDi6TC9StCnMQcAzU855eRNmJRh2HPYLaG3 X-Google-Smtp-Source: AGHT+IGZPshk6ErKY1q8y5Hcv4Ldlb0GStbRWzJ4R6aOtVkqlkfkoW2eKnj3JIZMC/aEG/1u9+VT3dq9j2si X-Received: by 2002:ad4:5bef:0:b0:783:aeed:f585 with SMTP id 6a1803df08f44-79910032514mr137923156d6.14.1758524049067; Sun, 21 Sep 2025 23:54:09 -0700 (PDT) Received: from postal.iol.unh.edu (postal.iol.unh.edu. [132.177.123.84]) by smtp-relay.gmail.com with ESMTPS id 6a1803df08f44-793456fe307sm7418826d6.14.2025.09.21.23.54.08 (version=TLS1_2 cipher=ECDHE-ECDSA-AES128-GCM-SHA256 bits=128/128); Sun, 21 Sep 2025 23:54:09 -0700 (PDT) X-Relaying-Domain: iol.unh.edu Date: Sun, 21 Sep 2025 23:54:09 -0700 (PDT) Message-ID: <68d0f291.050a0220.3382b0.023aSMTPIN_ADDED_MISSING@mx.google.com> Received: from [172.21.0.3] (unknown [172.18.0.240]) by postal.iol.unh.edu (Postfix) with ESMTP id C54156051830; Mon, 22 Sep 2025 02:54:08 -0400 (EDT) Subject: |FAILURE| pw156798-156801 [PATCH] [4/4] net/cpfl: add cpchnl get vpo From: dpdklab@iol.unh.edu To: Test Report Cc: dpdk-test-reports@iol.unh.edu, Bruce Richardson , "Shetty, Praveen" In-Reply-To: <20250922094819.1350709-5-praveen.shetty@intel.com> References: <20250922094819.1350709-5-praveen.shetty@intel.com> Content-Type: text/plain X-BeenThere: test-report@dpdk.org X-Mailman-Version: 2.1.29 Precedence: list List-Id: automatic DPDK test reports List-Unsubscribe: , List-Archive: List-Post: List-Help: List-Subscribe: , Errors-To: test-report-bounces@dpdk.org Test-Label: iol-compile-amd64-testing Test-Status: FAILURE http://dpdk.org/patch/156801 _Testing issues_ Submitter: Shetty, Praveen Date: Monday, September 22 2025 09:48:19 DPDK git baseline: Repo:dpdk-next-net-intel Branch: master CommitID:4159ea62922ce41566c7bab44655ad78bee85458 156798-156801 --> testing issues Upstream job id: Generic-DPDK-Compile-Meson#427433 Test environment and result as below: +-------------------------------+--------------------+-------------------+------------------+-------------------------+-------------------+----------------------+ | Environment | dpdk_meson_compile | dpdk_compile_spdk | dpdk_compile_ovs | dpdk_llvm_clang_compile | dpdk_msvc_compile | dpdk_mingw64_compile | +===============================+====================+===================+==================+=========================+===================+======================+ | CentOS Stream 9 | PEND | PEND | SKIPPED | SKIPPED | SKIPPED | SKIPPED | +-------------------------------+--------------------+-------------------+------------------+-------------------------+-------------------+----------------------+ | Fedora Linux 42 | FAIL | WARN | WARN | SKIPPED | SKIPPED | SKIPPED | +-------------------------------+--------------------+-------------------+------------------+-------------------------+-------------------+----------------------+ | Debian GNU/Linux 12 | FAIL | WARN | SKIPPED | SKIPPED | SKIPPED | SKIPPED | +-------------------------------+--------------------+-------------------+------------------+-------------------------+-------------------+----------------------+ | openSUSE Leap 15.6 | PEND | SKIPPED | SKIPPED | SKIPPED | SKIPPED | SKIPPED | +-------------------------------+--------------------+-------------------+------------------+-------------------------+-------------------+----------------------+ | Ubuntu 20.04 | PEND | SKIPPED | SKIPPED | SKIPPED | SKIPPED | SKIPPED | +-------------------------------+--------------------+-------------------+------------------+-------------------------+-------------------+----------------------+ | Red Hat Enterprise Linux 8.10 | FAIL | SKIPPED | SKIPPED | SKIPPED | SKIPPED | SKIPPED | +-------------------------------+--------------------+-------------------+------------------+-------------------------+-------------------+----------------------+ | Red Hat Enterprise Linux 9.5 | FAIL | SKIPPED | SKIPPED | SKIPPED | SKIPPED | SKIPPED | +-------------------------------+--------------------+-------------------+------------------+-------------------------+-------------------+----------------------+ | FreeBSD 14.2 | FAIL | SKIPPED | SKIPPED | SKIPPED | SKIPPED | SKIPPED | +-------------------------------+--------------------+-------------------+------------------+-------------------------+-------------------+----------------------+ | Ubuntu 22.04 | FAIL | WARN | SKIPPED | SKIPPED | SKIPPED | SKIPPED | +-------------------------------+--------------------+-------------------+------------------+-------------------------+-------------------+----------------------+ | Ubuntu 24.04 | PEND | WARN | WARN | SKIPPED | SKIPPED | SKIPPED | +-------------------------------+--------------------+-------------------+------------------+-------------------------+-------------------+----------------------+ | CentOS Stream 10 | FAIL | SKIPPED | SKIPPED | SKIPPED | SKIPPED | SKIPPED | +-------------------------------+--------------------+-------------------+------------------+-------------------------+-------------------+----------------------+ | Alpine Linux 3.22.0 | FAIL | SKIPPED | SKIPPED | SKIPPED | SKIPPED | SKIPPED | +-------------------------------+--------------------+-------------------+------------------+-------------------------+-------------------+----------------------+ | Windows Server 2022 | SKIPPED | SKIPPED | SKIPPED | PASS | PEND | PEND | +-------------------------------+--------------------+-------------------+------------------+-------------------------+-------------------+----------------------+ ==== 20 line log output for Alpine Linux 3.22.0 (dpdk_meson_compile): ==== from ../drivers/net/intel/cpfl/cpfl_flow_parser.c:7: ../drivers/net/intel/cpfl/cpfl_ethdev.h:333:13: note: 'vsi_id' was declared here 333 | u16 vsi_id; | ^~~~~~ ../drivers/net/intel/cpfl/cpfl_flow_parser.c: In function 'cpfl_metadata_write_sourcevsi': ../drivers/net/intel/cpfl/cpfl_flow_parser.c:2065:12: error: 'vsi_id' may be used uninitialized [-Werror=maybe-uninitialized] 2065 | if (dev_id == CPFL_INVALID_HW_ID) { | ^ ../drivers/net/intel/cpfl/cpfl_ethdev.h:333:13: note: 'vsi_id' was declared here 333 | u16 vsi_id; | ^~~~~~ ../drivers/net/intel/cpfl/cpfl_flow_parser.c: In function 'cpfl_metadata_write_vsi': ../drivers/net/intel/cpfl/cpfl_flow_parser.c:2081:12: error: 'vsi_id' may be used uninitialized [-Werror=maybe-uninitialized] 2081 | if (dev_id == CPFL_INVALID_HW_ID) { | ^ ../drivers/net/intel/cpfl/cpfl_ethdev.h:333:13: note: 'vsi_id' was declared here 333 | u16 vsi_id; | ^~~~~~ cc1: all warnings being treated as errors ninja: subcommand failed ==== End log output ==== CentOS Stream 9 Kernel: 5.15 Compiler: gcc gcc (GCC) 11.5.0 20240719 (Red Hat 11.5.0-11) Fedora Linux 42 Kernel: 5.15 Compiler: clang gcc (GCC) 15.2.1 20250808 (Red Hat 15.2.1-1) Debian GNU/Linux 12 Kernel: 5.15 Compiler: gcc gcc (Debian 12.2.0-14+deb12u1) 12.2.0 openSUSE Leap 15.6 Kernel: 5.15 Compiler: gcc gcc (SUSE Linux) 7.5.0 Ubuntu 20.04 Kernel: 4.19 Compiler: gcc gcc (Ubuntu 9.4.0-1ubuntu1~20.04.2) 9.4.0 Red Hat Enterprise Linux 8.10 Kernel: 5.15 Compiler: gcc gcc (GCC) 8.5.0 20210514 (Red Hat 8.5.0-22) Red Hat Enterprise Linux 9.5 Kernel: 5.15 Compiler: gcc gcc (GCC) 11.5.0 20240719 (Red Hat 11.5.0-2) FreeBSD 14.2 Kernel: 14.2-RELEASE Compiler: clang 18.1.6 Ubuntu 22.04 Kernel: 5.15 Compiler: gcc gcc (Ubuntu 11.4.0-1ubuntu1~22.04) 11.4.0 Ubuntu 24.04 Kernel: 5.15 Compiler: gcc gcc (Ubuntu 13.3.0-6ubuntu2~24.04) 13.3.0 CentOS Stream 10 Kernel: 5.15 Compiler: gcc gcc (GCC) 14.2.1 20250110 (Red Hat 14.2.1-8) Alpine Linux 3.22.0 Kernel: 5.15 Compiler: gcc gcc (Alpine 14.2.0) 14.2.0 Windows Server 2022 Kernel: 10.0.20348.2031 Compiler: clang 15.0.7, gcc 14.1.0 (MinGW), and MSVC VS 19.39.33521 To view detailed results, visit: https://lab.dpdk.org/results/dashboard/patchsets/34117/ UNH-IOL DPDK Community Lab To manage your email subscriptions, visit: https://lab.dpdk.org/results/dashboard/preferences/subscriptions/