From mboxrd@z Thu Jan 1 00:00:00 1970 Return-Path: Received: from mails.dpdk.org (mails.dpdk.org [217.70.189.124]) by inbox.dpdk.org (Postfix) with ESMTP id A25DA46F4A for ; Mon, 22 Sep 2025 08:59:12 +0200 (CEST) Received: from mails.dpdk.org (localhost [127.0.0.1]) by mails.dpdk.org (Postfix) with ESMTP id 8CE99402ED; Mon, 22 Sep 2025 08:59:12 +0200 (CEST) Received: from mail-il1-f226.google.com (mail-il1-f226.google.com [209.85.166.226]) by mails.dpdk.org (Postfix) with ESMTP id 93F3A402ED for ; Mon, 22 Sep 2025 08:59:10 +0200 (CEST) Received: by mail-il1-f226.google.com with SMTP id e9e14a558f8ab-4256f0fac67so17556845ab.2 for ; Sun, 21 Sep 2025 23:59:10 -0700 (PDT) DKIM-Signature: v=1; a=rsa-sha256; c=relaxed/relaxed; d=iol.unh.edu; s=unh-iol; t=1758524350; x=1759129150; darn=dpdk.org; h=references:in-reply-to:cc:to:from:subject:message-id:date:from:to :cc:subject:date:message-id:reply-to; bh=XS3egLPEGp10b8rXmhGXRJKlhjKirfkkjQ23bFND5Ns=; b=V2meDEPycr7TXcVmWeoC+lhSsWvl72ow9UdcJr2HmeWTnxxBydQ98aE1e6We19eMDV r73A8qzVsnyrfz9dqHLCBy7Fl00e06VlUJUfVDnyf7KNSUulJdLkx+6jtB5kOKt4SywJ zqYH3AJuNZtFELb9yuN1ldaYfVf3IDMZQuieo= X-Google-DKIM-Signature: v=1; a=rsa-sha256; c=relaxed/relaxed; d=1e100.net; s=20230601; t=1758524350; x=1759129150; h=references:in-reply-to:cc:to:from:subject:message-id:date :x-gm-message-state:from:to:cc:subject:date:message-id:reply-to; bh=XS3egLPEGp10b8rXmhGXRJKlhjKirfkkjQ23bFND5Ns=; b=R39SzSopQmkO9WZTydwyNPfIbRpM2qkF5WmjZZKkgURDq0nupX2aDldcMPMStVgVjC AJzr04qwnfDAsDtezXrZ5vPyE77nNKyMVq0VOMH4Hcpv7QAHfZJM+UrWhCME2H9liOJ+ 1htmc2J8lrUggZEC83f6HE4JsIfiquhdaNMPgChumIfFTIhxAO4ZYJBB+5sobwBDrZsU C2jj76tYjAYPao2bIfifzc2qPTBxM1tH72lIHCInahRw/yLE8Ty152j9BKgX+TdMdtkL 2zTl53gIsb03iqUCcru+W+pJCainsk99/2h642Yf3lh3gAi7ukgl4UQFnsD6dWsjP16X 4V+w== X-Gm-Message-State: AOJu0Yz5h2WT/9APA0Le2Jjo0Uua2pp0VDWMbemCkAKtYqQtug1w3Ry+ 8azA3mSCAFwhE3kYnXcA6Ow4XKM87dL5uhDCRQbAZ/x8hCEtr8mUngfbDMzBP9C7GJNC+nJPJkD 8/K+TXWJrQx79TYptjj9u02esVbng6oMjsjvoDoHEsUUS X-Gm-Gg: ASbGncthfjUQe++7voyR94B8Hw7/GssMJrsD5B8R5fNbP3J3A8TGZzrxl3d2+eOrobe nwVEPuMLVUmhIY1z5bAH8fZCg5iU7EBYdQ4GwduVANddOhlp8xkbcVLGi7cl9Wyqs5IxYfoB7aq TZNz+igfG1tjmVEBA/cja/APwoycZiTZWb8dzlXMTFJA5/rMQfB+ibFNVbF4/KAAvAacgCO/IPm IFA7anf9H/V/7xItXgivUgVxNw4vhzfBCE4EStY/6sBnD9O1bTO9/q0PigKZsE83bgiLO86zx1B g6BlpvHM2KG4F9fH6kUHWXxT3Rbye4JkuTsFA1s9tEjtC0Z/KFLumaovQUDdnzFEzhQ/ggzS X-Google-Smtp-Source: AGHT+IHXYXPA0pTVC4zOluRI0N6rBQbym5Am6Jrs6tZbYTd/ywRaAUtSc4gQFYo38ShaT71qKhb5PH/YyzO6 X-Received: by 2002:a92:cd84:0:b0:424:8b38:6f67 with SMTP id e9e14a558f8ab-4248b387292mr138614345ab.6.1758524349835; Sun, 21 Sep 2025 23:59:09 -0700 (PDT) Received: from postal.iol.unh.edu (postal.iol.unh.edu. [132.177.123.84]) by smtp-relay.gmail.com with ESMTPS id 8926c6da1cb9f-5578ea0fd3bsm198364173.38.2025.09.21.23.59.09 (version=TLS1_2 cipher=ECDHE-ECDSA-AES128-GCM-SHA256 bits=128/128); Sun, 21 Sep 2025 23:59:09 -0700 (PDT) X-Relaying-Domain: iol.unh.edu Date: Sun, 21 Sep 2025 23:59:09 -0700 (PDT) Message-ID: <68d0f3bd.050a0220.3925c9.db26SMTPIN_ADDED_MISSING@mx.google.com> Received: from [172.21.0.2] (unknown [172.18.0.240]) by postal.iol.unh.edu (Postfix) with ESMTP id 665E56051830; Mon, 22 Sep 2025 02:59:09 -0400 (EDT) Subject: |FAILURE| pw156798-156801 [PATCH] [4/4] net/cpfl: add cpchnl get vpo From: dpdklab@iol.unh.edu To: Test Report Cc: dpdk-test-reports@iol.unh.edu, Bruce Richardson , "Shetty, Praveen" In-Reply-To: <20250922094819.1350709-5-praveen.shetty@intel.com> References: <20250922094819.1350709-5-praveen.shetty@intel.com> Content-Type: text/plain X-BeenThere: test-report@dpdk.org X-Mailman-Version: 2.1.29 Precedence: list List-Id: automatic DPDK test reports List-Unsubscribe: , List-Archive: List-Post: List-Help: List-Subscribe: , Errors-To: test-report-bounces@dpdk.org Test-Label: iol-compile-amd64-testing Test-Status: FAILURE http://dpdk.org/patch/156801 _Testing issues_ Submitter: Shetty, Praveen Date: Monday, September 22 2025 09:48:19 DPDK git baseline: Repo:dpdk-next-net-intel Branch: master CommitID:4159ea62922ce41566c7bab44655ad78bee85458 156798-156801 --> testing issues Upstream job id: Generic-DPDK-Compile-Meson#427440 Test environment and result as below: +-------------------------------+--------------------+-------------------+------------------+-------------------------+-------------------+----------------------+ | Environment | dpdk_meson_compile | dpdk_compile_spdk | dpdk_compile_ovs | dpdk_llvm_clang_compile | dpdk_msvc_compile | dpdk_mingw64_compile | +===============================+====================+===================+==================+=========================+===================+======================+ | CentOS Stream 9 | PEND | PEND | SKIPPED | SKIPPED | SKIPPED | SKIPPED | +-------------------------------+--------------------+-------------------+------------------+-------------------------+-------------------+----------------------+ | Fedora Linux 42 | FAIL | WARN | WARN | SKIPPED | SKIPPED | SKIPPED | +-------------------------------+--------------------+-------------------+------------------+-------------------------+-------------------+----------------------+ | Debian GNU/Linux 12 | FAIL | WARN | SKIPPED | SKIPPED | SKIPPED | SKIPPED | +-------------------------------+--------------------+-------------------+------------------+-------------------------+-------------------+----------------------+ | openSUSE Leap 15.6 | FAIL | SKIPPED | SKIPPED | SKIPPED | SKIPPED | SKIPPED | +-------------------------------+--------------------+-------------------+------------------+-------------------------+-------------------+----------------------+ | Ubuntu 20.04 | FAIL | SKIPPED | SKIPPED | SKIPPED | SKIPPED | SKIPPED | +-------------------------------+--------------------+-------------------+------------------+-------------------------+-------------------+----------------------+ | Red Hat Enterprise Linux 8.10 | FAIL | SKIPPED | SKIPPED | SKIPPED | SKIPPED | SKIPPED | +-------------------------------+--------------------+-------------------+------------------+-------------------------+-------------------+----------------------+ | Red Hat Enterprise Linux 9.5 | FAIL | SKIPPED | SKIPPED | SKIPPED | SKIPPED | SKIPPED | +-------------------------------+--------------------+-------------------+------------------+-------------------------+-------------------+----------------------+ | FreeBSD 14.2 | FAIL | SKIPPED | SKIPPED | SKIPPED | SKIPPED | SKIPPED | +-------------------------------+--------------------+-------------------+------------------+-------------------------+-------------------+----------------------+ | Ubuntu 22.04 | FAIL | WARN | SKIPPED | SKIPPED | SKIPPED | SKIPPED | +-------------------------------+--------------------+-------------------+------------------+-------------------------+-------------------+----------------------+ | Ubuntu 24.04 | PEND | WARN | WARN | SKIPPED | SKIPPED | SKIPPED | +-------------------------------+--------------------+-------------------+------------------+-------------------------+-------------------+----------------------+ | CentOS Stream 10 | FAIL | SKIPPED | SKIPPED | SKIPPED | SKIPPED | SKIPPED | +-------------------------------+--------------------+-------------------+------------------+-------------------------+-------------------+----------------------+ | Alpine Linux 3.22.0 | FAIL | SKIPPED | SKIPPED | SKIPPED | SKIPPED | SKIPPED | +-------------------------------+--------------------+-------------------+------------------+-------------------------+-------------------+----------------------+ | Windows Server 2022 | SKIPPED | SKIPPED | SKIPPED | PASS | PEND | PEND | +-------------------------------+--------------------+-------------------+------------------+-------------------------+-------------------+----------------------+ ==== 20 line log output for Alpine Linux 3.22.0 (dpdk_meson_compile): ==== from ../drivers/net/intel/cpfl/cpfl_flow_parser.c:7: ../drivers/net/intel/cpfl/cpfl_ethdev.h:333:13: note: 'vsi_id' was declared here 333 | u16 vsi_id; | ^~~~~~ ../drivers/net/intel/cpfl/cpfl_flow_parser.c: In function 'cpfl_metadata_write_sourcevsi': ../drivers/net/intel/cpfl/cpfl_flow_parser.c:2065:12: error: 'vsi_id' may be used uninitialized [-Werror=maybe-uninitialized] 2065 | if (dev_id == CPFL_INVALID_HW_ID) { | ^ ../drivers/net/intel/cpfl/cpfl_ethdev.h:333:13: note: 'vsi_id' was declared here 333 | u16 vsi_id; | ^~~~~~ ../drivers/net/intel/cpfl/cpfl_flow_parser.c: In function 'cpfl_metadata_write_vsi': ../drivers/net/intel/cpfl/cpfl_flow_parser.c:2081:12: error: 'vsi_id' may be used uninitialized [-Werror=maybe-uninitialized] 2081 | if (dev_id == CPFL_INVALID_HW_ID) { | ^ ../drivers/net/intel/cpfl/cpfl_ethdev.h:333:13: note: 'vsi_id' was declared here 333 | u16 vsi_id; | ^~~~~~ cc1: all warnings being treated as errors ninja: subcommand failed ==== End log output ==== CentOS Stream 9 Kernel: 5.15 Compiler: gcc gcc (GCC) 11.5.0 20240719 (Red Hat 11.5.0-11) Fedora Linux 42 Kernel: 5.15 Compiler: clang gcc (GCC) 15.2.1 20250808 (Red Hat 15.2.1-1) Debian GNU/Linux 12 Kernel: 5.15 Compiler: gcc gcc (Debian 12.2.0-14+deb12u1) 12.2.0 openSUSE Leap 15.6 Kernel: 5.15 Compiler: gcc gcc (SUSE Linux) 7.5.0 Ubuntu 20.04 Kernel: 4.19 Compiler: gcc gcc (Ubuntu 9.4.0-1ubuntu1~20.04.2) 9.4.0 Red Hat Enterprise Linux 8.10 Kernel: 5.15 Compiler: gcc gcc (GCC) 8.5.0 20210514 (Red Hat 8.5.0-22) Red Hat Enterprise Linux 9.5 Kernel: 5.15 Compiler: gcc gcc (GCC) 11.5.0 20240719 (Red Hat 11.5.0-2) FreeBSD 14.2 Kernel: 14.2-RELEASE Compiler: clang 18.1.6 Ubuntu 22.04 Kernel: 5.15 Compiler: gcc gcc (Ubuntu 11.4.0-1ubuntu1~22.04) 11.4.0 Ubuntu 24.04 Kernel: 5.15 Compiler: gcc gcc (Ubuntu 13.3.0-6ubuntu2~24.04) 13.3.0 CentOS Stream 10 Kernel: 5.15 Compiler: gcc gcc (GCC) 14.2.1 20250110 (Red Hat 14.2.1-8) Alpine Linux 3.22.0 Kernel: 5.15 Compiler: gcc gcc (Alpine 14.2.0) 14.2.0 Windows Server 2022 Kernel: 10.0.20348.2031 Compiler: clang 15.0.7, gcc 14.1.0 (MinGW), and MSVC VS 19.39.33521 To view detailed results, visit: https://lab.dpdk.org/results/dashboard/patchsets/34117/ UNH-IOL DPDK Community Lab To manage your email subscriptions, visit: https://lab.dpdk.org/results/dashboard/preferences/subscriptions/