From mboxrd@z Thu Jan 1 00:00:00 1970 Return-Path: Received: from mails.dpdk.org (mails.dpdk.org [217.70.189.124]) by inbox.dpdk.org (Postfix) with ESMTP id 9FE4246E5B for ; Mon, 22 Sep 2025 09:16:49 +0200 (CEST) Received: from mails.dpdk.org (localhost [127.0.0.1]) by mails.dpdk.org (Postfix) with ESMTP id 99462402ED; Mon, 22 Sep 2025 09:16:49 +0200 (CEST) Received: from mail-vs1-f99.google.com (mail-vs1-f99.google.com [209.85.217.99]) by mails.dpdk.org (Postfix) with ESMTP id C71F1402ED for ; Mon, 22 Sep 2025 09:16:47 +0200 (CEST) Received: by mail-vs1-f99.google.com with SMTP id ada2fe7eead31-5a3511312d6so126626137.3 for ; Mon, 22 Sep 2025 00:16:47 -0700 (PDT) DKIM-Signature: v=1; a=rsa-sha256; c=relaxed/relaxed; d=iol.unh.edu; s=unh-iol; t=1758525407; x=1759130207; darn=dpdk.org; h=cc:to:from:subject:message-id:date:from:to:cc:subject:date :message-id:reply-to; bh=hTvs8oMZqnEiXhCAS6UMpwAIe+T7viOpdL4fiVHoWLQ=; b=cilPMR6h8ocRNk2lldlqv6/onFnqoz6BWNhUkQrIYMQnIalo6JHBUjOuFJ2BEIk8qb zQoAdKWhUl3Ya61/GGhgvAWl2sxlIKJ2T0FGSpw+lh1Zmia0H2LH71wVSongp7uTwjdW a5AFv4v19drHN8mXKx9gAmdfD94VfP/F52fWQ= X-Google-DKIM-Signature: v=1; a=rsa-sha256; c=relaxed/relaxed; d=1e100.net; s=20230601; t=1758525407; x=1759130207; h=cc:to:from:subject:message-id:date:x-gm-message-state:from:to:cc :subject:date:message-id:reply-to; bh=hTvs8oMZqnEiXhCAS6UMpwAIe+T7viOpdL4fiVHoWLQ=; b=CXGLl5sxiEz6WoEuGhvjhEVjGOAR29Q6BHFGMrP2oQwhj6mLhjalQKsGAwKsjogkIG pRNqtGLJEHxSqjvZVttRRH7NWJTkrXnl3dVnFi98sSRhxVQs5zthTwEPY+LUSlgMJgrD D0NDea/2Dj5E+0LS3eknHBhG93K7hpSDQYdU6wfHZCY5DxB7kWSOHlmqxVcetChAcX7K 93dK9tzGXu55poP4jxN7WL2DXwqtkG4/RoyXRKwZKLBJL5K1BWS8j1LEtoCIVllzh9Jz B5Wnl9JpL6JPJ8B9swQ3W9yBOa3XTrEKdTMeVX6gEZRSKP78BjMxwrO3RZxrR213ucWG EQ+g== X-Gm-Message-State: AOJu0YyjL3eiighoU/zyD1oMb2qbo5McYQAQivBkV9BllWbGRhPk94I5 1eQgJn0uGWOmewUL/3mmys+VMf5JCCjn21iFDNlckPrDwEEkQNrBDIluWAiVOKftp8PDm1B+29s pycY0DtsCRvGAdTTqp27721slQy+feRjVNXVn X-Gm-Gg: ASbGncsKi3l8nxlnbvCXDEsevzUhWOl2E3mKgOsAoO+bMQQ7s3ua+21RXiYTXSaqGtF 7FWobspEIdZFmWi20q0dOuli6s3ZsfFyY8ew0wpZFONUVbqcvzwn6/RiSdDM9dyJbIrrj/FpaHP /q3/yO+ykXsbCLle3aTedcMSe1LjLKiJFCPAxnOI2MBjlQYgwxwmPmwFZO2Z2uXHEu/iNVEddh1 vLSX0lwx9SAc5bBd4Xbam4CBwVBBffJ70WRF4YlMxBrZYyFyekFEHA/E/wrFZmk6fafhYihPWbY xiPX/r0WToM3ySkk4yOfkoAKto9ru4OKE2yfeVDd5uconDxGWu+BUdUkqF98SdKLGHutt7be X-Google-Smtp-Source: AGHT+IEmuWzdoEG6rCnjFHL7oaNYBvywa1Eby12JmrXcPdrtBWKr+7KLE8wv55E6javl+0c/2d0fLzwIrojs X-Received: by 2002:a05:6102:c46:b0:599:edb9:18f5 with SMTP id ada2fe7eead31-599edb92180mr1730168137.15.1758525407126; Mon, 22 Sep 2025 00:16:47 -0700 (PDT) Received: from postal.iol.unh.edu (postal.iol.unh.edu. [132.177.123.84]) by smtp-relay.gmail.com with ESMTPS id ada2fe7eead31-583e694ff73sm680492137.3.2025.09.22.00.16.47 (version=TLS1_2 cipher=ECDHE-ECDSA-AES128-GCM-SHA256 bits=128/128); Mon, 22 Sep 2025 00:16:47 -0700 (PDT) X-Relaying-Domain: iol.unh.edu Date: Mon, 22 Sep 2025 00:16:47 -0700 (PDT) Message-ID: <68d0f7df.050a0220.2c9d38.ec0bSMTPIN_ADDED_MISSING@mx.google.com> Received: from [172.21.0.2] (unknown [172.18.0.240]) by postal.iol.unh.edu (Postfix) with ESMTP id AEDA96051830; Mon, 22 Sep 2025 03:16:46 -0400 (EDT) Subject: |FAILURE| [GIT MASTER] 62f583c49bf67dd4d6733ece14e55fe6839e66d1 From: dpdklab@iol.unh.edu To: Test Report Cc: dpdk-test-reports@iol.unh.edu, Xueming Li , Christian Ehrhardt , Kevin Traynor , Luca Boccassi Content-Type: text/plain X-BeenThere: test-report@dpdk.org X-Mailman-Version: 2.1.29 Precedence: list List-Id: automatic DPDK test reports List-Unsubscribe: , List-Archive: List-Post: List-Help: List-Subscribe: , Errors-To: test-report-bounces@dpdk.org _Testing issues_ Branch: tags/v23.11 62f583c49bf67dd4d6733ece14e55fe6839e66d1 --> testing issues Upstream job id: Generic-Unit-Test-DPDK#373685 Test environment and result as below: +-------------------------------+----------------+ | Environment | dpdk_unit_test | +===============================+================+ | Debian GNU/Linux 12 | PASS | +-------------------------------+----------------+ | Fedora Linux 40 | PASS | +-------------------------------+----------------+ | Fedora Linux 41 | PASS | +-------------------------------+----------------+ | Ubuntu 20.04 | PASS | +-------------------------------+----------------+ | Red Hat Enterprise Linux 9.5 | PASS | +-------------------------------+----------------+ | Ubuntu 24.04 | PASS | +-------------------------------+----------------+ | Ubuntu 22.04 | PASS | +-------------------------------+----------------+ | CentOS Stream 9 | PASS | +-------------------------------+----------------+ | Fedora Linux 42 | WARN | +-------------------------------+----------------+ | CentOS Stream 10 | PASS | +-------------------------------+----------------+ | Red Hat Enterprise Linux 8.10 | PASS | +-------------------------------+----------------+ | Windows Server 2022 | FAIL | +-------------------------------+----------------+ ==== Unit test summary for Windows Server 2022 (dpdk_unit_test): ==== Failed to get the unit test results. Displaying the unit test results is not supported for some environments, such as our aarch32 testing, where meson is not used to run the tests. Download the logs available on our CI site. ==== End log output ==== Debian GNU/Linux 12 Kernel: 5.15 Compiler: gcc gcc (Debian 12.2.0-14+deb12u1) 12.2.0 Fedora Linux 40 Kernel: 5.15 Compiler: clang gcc (GCC) 14.2.1 20240912 (Red Hat 14.2.1-3) Fedora Linux 41 Kernel: 5.15 Compiler: clang gcc (GCC) 14.3.1 20250523 (Red Hat 14.3.1-1) Ubuntu 20.04 Kernel: 5.15 Compiler: gcc gcc (Ubuntu 9.4.0-1ubuntu1~20.04.2) 9.4.0 Red Hat Enterprise Linux 9.5 Kernel: 5.15 Compiler: gcc gcc (GCC) 11.5.0 20240719 (Red Hat 11.5.0-2) Ubuntu 24.04 Kernel: 5.15 Compiler: gcc gcc (Ubuntu 13.3.0-6ubuntu2~24.04) 13.3.0 Ubuntu 22.04 Kernel: 5.15 Compiler: gcc gcc (Ubuntu 11.4.0-1ubuntu1~22.04) 11.4.0 CentOS Stream 9 Kernel: 5.15 Compiler: gcc gcc (GCC) 11.5.0 20240719 (Red Hat 11.5.0-11) Fedora Linux 42 Kernel: 5.15 Compiler: clang gcc (GCC) 15.2.1 20250808 (Red Hat 15.2.1-1) CentOS Stream 10 Kernel: 5.15 Compiler: gcc gcc (GCC) 14.2.1 20250110 (Red Hat 14.2.1-8) Red Hat Enterprise Linux 8.10 Kernel: 5.15 Compiler: gcc gcc (GCC) 8.5.0 20210514 (Red Hat 8.5.0-22) Windows Server 2022 Kernel: 10.0.20348.2031 Compiler: clang 15.0.7, gcc 14.1.0 (MinGW), and MSVC VS 19.39.33521 To view detailed results, visit: https://lab.dpdk.org/results/dashboard/tarballs/34958/ UNH-IOL DPDK Community Lab To manage your email subscriptions, visit: https://lab.dpdk.org/results/dashboard/preferences/subscriptions/