From mboxrd@z Thu Jan 1 00:00:00 1970 Return-Path: Received: from mails.dpdk.org (mails.dpdk.org [217.70.189.124]) by inbox.dpdk.org (Postfix) with ESMTP id A0D8E46F4A for ; Mon, 22 Sep 2025 09:24:41 +0200 (CEST) Received: from mails.dpdk.org (localhost [127.0.0.1]) by mails.dpdk.org (Postfix) with ESMTP id 9C61D402EF; Mon, 22 Sep 2025 09:24:41 +0200 (CEST) Received: from mail-il1-f225.google.com (mail-il1-f225.google.com [209.85.166.225]) by mails.dpdk.org (Postfix) with ESMTP id 329EC402EF for ; Mon, 22 Sep 2025 09:24:41 +0200 (CEST) Received: by mail-il1-f225.google.com with SMTP id e9e14a558f8ab-4248b07bb14so8579515ab.3 for ; Mon, 22 Sep 2025 00:24:41 -0700 (PDT) DKIM-Signature: v=1; a=rsa-sha256; c=relaxed/relaxed; d=iol.unh.edu; s=unh-iol; t=1758525880; x=1759130680; darn=dpdk.org; h=references:in-reply-to:cc:to:from:subject:message-id:date:from:to :cc:subject:date:message-id:reply-to; bh=1urAgkk44uDtZ7jEIdCapnv6ZDIUdlcWFmlqkrajfng=; b=K33HPLRjkokqC7dykMJd4enq1istbida+LFzPYdtSUebqRRF0D0lvcam4rfriSbENS mf7SfIyqhMWJYpdt50BhvDrIBLtDW4R/qW5TZPGk4O+lljG9fyQH/rQ26oovFEA5V1Jx DPHOOM2xckB6MEvrU6z0nXLai2lI4tKnWVyfw= X-Google-DKIM-Signature: v=1; a=rsa-sha256; c=relaxed/relaxed; d=1e100.net; s=20230601; t=1758525880; x=1759130680; h=references:in-reply-to:cc:to:from:subject:message-id:date :x-gm-message-state:from:to:cc:subject:date:message-id:reply-to; bh=1urAgkk44uDtZ7jEIdCapnv6ZDIUdlcWFmlqkrajfng=; b=DZnn1dhWVvtWtryZSU1QVFkOvV4G0WliW/jH0l258AGxxDeAW91YyxHhzuomgiXrfL ehVMQA12ADQQ9me0mC+BfGpc6esz4zC8e9ECGybBJpz+u/u67AOoNIpqbjHMIlEiYhWV e0p+p59D18igI2JMX1FeDxgj8ohv6h9wu6sZj/DPhS0fJ170tqvV16e+z3Tb2+CVoUee TZM2k0mQfIHKVjUf7aT+sweuFKgt1m2MnftX9mnOCX82aFKlVySdl0gK2UiAVw4wfD4+ UDJSNAlsX7uI4cc8GEVkbOCKPIzNUGTHkNvneGg5DNQR8UsF/K5G7YfgPjVrl+C45V6P rsIQ== X-Gm-Message-State: AOJu0YxoSptgqHeMecl3blVkF51Tq+6Rcajfp7tawvr+iUGqP/ZaD1dD Hq8iOyFNgkySyENPjzieXcY3e/g9d/W50EpEsB83J8kLcjIjAwDPAbuDTShDavnrRA8m0l75Y5K cJryViwuN2w/UMZUKWGYpHFSTLvR3gCi4uzXVc6X+iGaG+CVvy2+u7pVitCHm X-Gm-Gg: ASbGncvQFaHGfzMlCknlqmwtNNqEYAjhRaMFfdNQ99QqmOZDMVU4Pjo3+O/X2z8uAhb b6Iif0HPp9p3ZeCYewLNwwyLWOFiAFQcnv8BePF754JLY/iERo8vGrAs34WLbnj2aAkbEcMZVyL sN8EQdTOgzA7/m1Dol3cj4UnGdFFyDu5x6wETSsPFR7wODr4ZCuuXFx+QUAcUs00apr8AEhXEpR uPJw9TH/eis7FthAywelb/YqDSZbFGRX+wsMBg5VM+xNd/7fMv2DS18I+eRcZKKhh9XfzCjhlMn ibvrnEeQaojefF/fcY50hLlRfSt4BIHCGmwVxI6myd9nzqrc0A== X-Google-Smtp-Source: AGHT+IHu0xrmWZKKn7YWQH45vW2jg21mEan1UMbj65GpFO+WFSVSg5fOtp3/XmVWU9FhEDzC13a8iBUsFf1x X-Received: by 2002:a05:6e02:3e8e:b0:412:fa25:dd4e with SMTP id e9e14a558f8ab-4248190399cmr156330555ab.1.1758525880345; Mon, 22 Sep 2025 00:24:40 -0700 (PDT) Received: from postal.iol.unh.edu (postal.iol.unh.edu. [2606:4100:3880:1234::84]) by smtp-relay.gmail.com with ESMTPS id 8926c6da1cb9f-561507880a3sm6081173.1.2025.09.22.00.24.40 (version=TLS1_2 cipher=ECDHE-ECDSA-AES128-GCM-SHA256 bits=128/128); Mon, 22 Sep 2025 00:24:40 -0700 (PDT) X-Relaying-Domain: iol.unh.edu Date: Mon, 22 Sep 2025 00:24:40 -0700 (PDT) Message-ID: <68d0f9b8.050a0220.ec953.0679SMTPIN_ADDED_MISSING@mx.google.com> Received: from [172.21.0.2] (unknown [172.18.0.240]) by postal.iol.unh.edu (Postfix) with ESMTP id F1ABF6051830; Mon, 22 Sep 2025 03:24:39 -0400 (EDT) Subject: |FAILURE| pw156798-156801 [PATCH] [4/4] net/cpfl: add cpchnl get vpo From: dpdklab@iol.unh.edu To: Test Report Cc: dpdk-test-reports@iol.unh.edu, Bruce Richardson , "Shetty, Praveen" In-Reply-To: <20250922094819.1350709-5-praveen.shetty@intel.com> References: <20250922094819.1350709-5-praveen.shetty@intel.com> Content-Type: text/plain X-BeenThere: test-report@dpdk.org X-Mailman-Version: 2.1.29 Precedence: list List-Id: automatic DPDK test reports List-Unsubscribe: , List-Archive: List-Post: List-Help: List-Subscribe: , Errors-To: test-report-bounces@dpdk.org Test-Label: iol-compile-amd64-testing Test-Status: FAILURE http://dpdk.org/patch/156801 _Testing issues_ Submitter: Shetty, Praveen Date: Monday, September 22 2025 09:48:19 DPDK git baseline: Repo:dpdk-next-net-intel Branch: master CommitID:4159ea62922ce41566c7bab44655ad78bee85458 156798-156801 --> testing issues Upstream job id: Windows-Compile-DPDK-Native#31122 Test environment and result as below: +-------------------------------+--------------------+-------------------+------------------+-------------------------+-------------------+----------------------+ | Environment | dpdk_meson_compile | dpdk_compile_spdk | dpdk_compile_ovs | dpdk_llvm_clang_compile | dpdk_msvc_compile | dpdk_mingw64_compile | +===============================+====================+===================+==================+=========================+===================+======================+ | CentOS Stream 9 | FAIL | WARN | SKIPPED | SKIPPED | SKIPPED | SKIPPED | +-------------------------------+--------------------+-------------------+------------------+-------------------------+-------------------+----------------------+ | Fedora Linux 42 | FAIL | WARN | WARN | SKIPPED | SKIPPED | SKIPPED | +-------------------------------+--------------------+-------------------+------------------+-------------------------+-------------------+----------------------+ | Debian GNU/Linux 12 | FAIL | WARN | SKIPPED | SKIPPED | SKIPPED | SKIPPED | +-------------------------------+--------------------+-------------------+------------------+-------------------------+-------------------+----------------------+ | openSUSE Leap 15.6 | FAIL | SKIPPED | SKIPPED | SKIPPED | SKIPPED | SKIPPED | +-------------------------------+--------------------+-------------------+------------------+-------------------------+-------------------+----------------------+ | Ubuntu 20.04 | FAIL | SKIPPED | SKIPPED | SKIPPED | SKIPPED | SKIPPED | +-------------------------------+--------------------+-------------------+------------------+-------------------------+-------------------+----------------------+ | Red Hat Enterprise Linux 8.10 | FAIL | SKIPPED | SKIPPED | SKIPPED | SKIPPED | SKIPPED | +-------------------------------+--------------------+-------------------+------------------+-------------------------+-------------------+----------------------+ | Red Hat Enterprise Linux 9.5 | FAIL | SKIPPED | SKIPPED | SKIPPED | SKIPPED | SKIPPED | +-------------------------------+--------------------+-------------------+------------------+-------------------------+-------------------+----------------------+ | FreeBSD 14.2 | FAIL | SKIPPED | SKIPPED | SKIPPED | SKIPPED | SKIPPED | +-------------------------------+--------------------+-------------------+------------------+-------------------------+-------------------+----------------------+ | Ubuntu 22.04 | FAIL | WARN | SKIPPED | SKIPPED | SKIPPED | SKIPPED | +-------------------------------+--------------------+-------------------+------------------+-------------------------+-------------------+----------------------+ | Ubuntu 24.04 | PASS | WARN | WARN | SKIPPED | SKIPPED | SKIPPED | +-------------------------------+--------------------+-------------------+------------------+-------------------------+-------------------+----------------------+ | CentOS Stream 10 | FAIL | SKIPPED | SKIPPED | SKIPPED | SKIPPED | SKIPPED | +-------------------------------+--------------------+-------------------+------------------+-------------------------+-------------------+----------------------+ | Alpine Linux 3.22.0 | FAIL | SKIPPED | SKIPPED | SKIPPED | SKIPPED | SKIPPED | +-------------------------------+--------------------+-------------------+------------------+-------------------------+-------------------+----------------------+ | Windows Server 2022 | SKIPPED | SKIPPED | SKIPPED | PASS | PASS | PASS | +-------------------------------+--------------------+-------------------+------------------+-------------------------+-------------------+----------------------+ ==== 20 line log output for Alpine Linux 3.22.0 (dpdk_meson_compile): ==== from ../drivers/net/intel/cpfl/cpfl_flow_parser.c:7: ../drivers/net/intel/cpfl/cpfl_ethdev.h:333:13: note: 'vsi_id' was declared here 333 | u16 vsi_id; | ^~~~~~ ../drivers/net/intel/cpfl/cpfl_flow_parser.c: In function 'cpfl_metadata_write_sourcevsi': ../drivers/net/intel/cpfl/cpfl_flow_parser.c:2065:12: error: 'vsi_id' may be used uninitialized [-Werror=maybe-uninitialized] 2065 | if (dev_id == CPFL_INVALID_HW_ID) { | ^ ../drivers/net/intel/cpfl/cpfl_ethdev.h:333:13: note: 'vsi_id' was declared here 333 | u16 vsi_id; | ^~~~~~ ../drivers/net/intel/cpfl/cpfl_flow_parser.c: In function 'cpfl_metadata_write_vsi': ../drivers/net/intel/cpfl/cpfl_flow_parser.c:2081:12: error: 'vsi_id' may be used uninitialized [-Werror=maybe-uninitialized] 2081 | if (dev_id == CPFL_INVALID_HW_ID) { | ^ ../drivers/net/intel/cpfl/cpfl_ethdev.h:333:13: note: 'vsi_id' was declared here 333 | u16 vsi_id; | ^~~~~~ cc1: all warnings being treated as errors ninja: subcommand failed ==== End log output ==== CentOS Stream 9 Kernel: 5.15 Compiler: gcc gcc (GCC) 11.5.0 20240719 (Red Hat 11.5.0-11) Fedora Linux 42 Kernel: 5.15 Compiler: clang gcc (GCC) 15.2.1 20250808 (Red Hat 15.2.1-1) Debian GNU/Linux 12 Kernel: 5.15 Compiler: gcc gcc (Debian 12.2.0-14+deb12u1) 12.2.0 openSUSE Leap 15.6 Kernel: 5.15 Compiler: gcc gcc (SUSE Linux) 7.5.0 Ubuntu 20.04 Kernel: 4.19 Compiler: gcc gcc (Ubuntu 9.4.0-1ubuntu1~20.04.2) 9.4.0 Red Hat Enterprise Linux 8.10 Kernel: 5.15 Compiler: gcc gcc (GCC) 8.5.0 20210514 (Red Hat 8.5.0-22) Red Hat Enterprise Linux 9.5 Kernel: 5.15 Compiler: gcc gcc (GCC) 11.5.0 20240719 (Red Hat 11.5.0-2) FreeBSD 14.2 Kernel: 14.2-RELEASE Compiler: clang 18.1.6 Ubuntu 22.04 Kernel: 5.15 Compiler: gcc gcc (Ubuntu 11.4.0-1ubuntu1~22.04) 11.4.0 Ubuntu 24.04 Kernel: 5.15 Compiler: gcc gcc (Ubuntu 13.3.0-6ubuntu2~24.04) 13.3.0 CentOS Stream 10 Kernel: 5.15 Compiler: gcc gcc (GCC) 14.2.1 20250110 (Red Hat 14.2.1-8) Alpine Linux 3.22.0 Kernel: 5.15 Compiler: gcc gcc (Alpine 14.2.0) 14.2.0 Windows Server 2022 Kernel: 10.0.20348.2031 Compiler: clang 15.0.7, gcc 14.1.0 (MinGW), and MSVC VS 19.39.33521 To view detailed results, visit: https://lab.dpdk.org/results/dashboard/patchsets/34117/ UNH-IOL DPDK Community Lab To manage your email subscriptions, visit: https://lab.dpdk.org/results/dashboard/preferences/subscriptions/