From mboxrd@z Thu Jan 1 00:00:00 1970 Return-Path: Received: from mails.dpdk.org (mails.dpdk.org [217.70.189.124]) by inbox.dpdk.org (Postfix) with ESMTP id D8D2546F4A for ; Mon, 22 Sep 2025 09:26:05 +0200 (CEST) Received: from mails.dpdk.org (localhost [127.0.0.1]) by mails.dpdk.org (Postfix) with ESMTP id D1CD7402EF; Mon, 22 Sep 2025 09:26:05 +0200 (CEST) Received: from mail-yx1-f100.google.com (mail-yx1-f100.google.com [74.125.224.100]) by mails.dpdk.org (Postfix) with ESMTP id D6F36402EF for ; Mon, 22 Sep 2025 09:26:04 +0200 (CEST) Received: by mail-yx1-f100.google.com with SMTP id 956f58d0204a3-60170e15cf6so2452372d50.0 for ; Mon, 22 Sep 2025 00:26:04 -0700 (PDT) DKIM-Signature: v=1; a=rsa-sha256; c=relaxed/relaxed; d=iol.unh.edu; s=unh-iol; t=1758525964; x=1759130764; darn=dpdk.org; h=references:in-reply-to:cc:to:from:subject:message-id:date:from:to :cc:subject:date:message-id:reply-to; bh=AKoP8W/mO10HoNPVQsOANpPeMN7CLqb83AvbJKJ/fkk=; b=ReUBUdThl2WdowJEOLR6SB3Pdc05H3Jw16tbs4wGSx83TIMDXp44R6t6KgMRqhC2py 6ALCFntVappt3OfSi+RPuzd7J5FN+o/rvglaYYnAr8OtLASRNfw4lHyrdwgI9aH4m7sI BR/TMX1OzSH9FListkNsmBXAhlzp9nQnhy3zI= X-Google-DKIM-Signature: v=1; a=rsa-sha256; c=relaxed/relaxed; d=1e100.net; s=20230601; t=1758525964; x=1759130764; h=references:in-reply-to:cc:to:from:subject:message-id:date :x-gm-message-state:from:to:cc:subject:date:message-id:reply-to; bh=AKoP8W/mO10HoNPVQsOANpPeMN7CLqb83AvbJKJ/fkk=; b=lmQSqdxRrxyd92XCDtIi8OqyoMRBvRXq0iQbnL9nCZDWm3+iifsRfBIH55g8fK6Hdj pNPw4kwHDe+n+lzqoMlWc7cjdRrC8wmAVIDbTdwM2ARf9iemPIziYsh1LtenHwykbnAE Y4nC+7R3IdtFVE80gGmEbhRT324gw3AlMnv2dZrxcXJcRwIFX7Abn5pZ55Uzv8g37ukt qa1GnjDjwIvfiofvy04nW5E4rrJbRFpHry0LgZBKYHl93iShpCT9bW2v59pGcrKkBS4v 9WNUBMmPQ5F1bSsXdmuJLmgbaFNOZHk/UwaVpifSzCV+ISa9R//8maZ2QK5i9hXvYqNo a/yQ== X-Gm-Message-State: AOJu0Yx8909BNVVDg2v03jeFUs6bc6ERlCxBfTEEJ9DDHTavXyLPf7+m 8kDQjO+Mxxs/cHHAOJAJWblvH+XkdUCRDVha+GDnLUsSbbxoQRd3HJ+RzlC79/w2tLdvIjZrpau DaPq+dnT3co7YcKeEtCOzp77ET0Kd2Ze3G6uTjnTAatwsfLwnJeRd0eNCoB0H X-Gm-Gg: ASbGncvZakeM4W84XDquF7uDVhHO+xSGSxcFu9ZUZdlCzaRP5HGVvhOtXbjD8I7kD/9 Rfw8AaXczrRaczHYqfi2OFvyLvtJR7gZQ7Ekf4CKhYSDVUum2AbYNttCCIrhXywXWosXf1pfHDO PXCyT5NPVvJn9eaeqgLxvGBj1tpCIUTCnp0NUd2W5sm32xXg+usTQi9TD2QgeyH2HE4sz4LgbLe TR2A7E137jX0KCPvagTXt7OpQL8ySxKp58fxiJrp/tPLGEZFunDGsray53LDXdg2I39lgNoOlLi RCKk954lkjAG3KgF1IHvbBqlytSVVUU3nuh4oPLNmwl2rvYxew== X-Google-Smtp-Source: AGHT+IF5Kp93BHHb64mcrEDHrf2WWLxhRobhQHUbcEcCY0PujPO8uel8b94nn/LFGzHhZDIw2OC5/DN48E7s X-Received: by 2002:a53:d805:0:b0:628:10ee:ab85 with SMTP id 956f58d0204a3-634779c39e5mr7334419d50.3.1758525964202; Mon, 22 Sep 2025 00:26:04 -0700 (PDT) Received: from postal.iol.unh.edu (postal.iol.unh.edu. [2606:4100:3880:1234::84]) by smtp-relay.gmail.com with ESMTPS id 956f58d0204a3-633bcc7c5a3sm417466d50.2.2025.09.22.00.26.04 (version=TLS1_2 cipher=ECDHE-ECDSA-AES128-GCM-SHA256 bits=128/128); Mon, 22 Sep 2025 00:26:04 -0700 (PDT) X-Relaying-Domain: iol.unh.edu Date: Mon, 22 Sep 2025 00:26:04 -0700 (PDT) Message-ID: <68d0fa0c.050a0220.2c85f7.97c4SMTPIN_ADDED_MISSING@mx.google.com> Received: from [172.21.0.2] (unknown [172.18.0.240]) by postal.iol.unh.edu (Postfix) with ESMTP id D50356051830; Mon, 22 Sep 2025 03:26:03 -0400 (EDT) Subject: |FAILURE| pw156798-156801 [PATCH] [4/4] net/cpfl: add cpchnl get vpo From: dpdklab@iol.unh.edu To: Test Report Cc: dpdk-test-reports@iol.unh.edu, Bruce Richardson , "Shetty, Praveen" In-Reply-To: <20250922094819.1350709-5-praveen.shetty@intel.com> References: <20250922094819.1350709-5-praveen.shetty@intel.com> Content-Type: text/plain X-BeenThere: test-report@dpdk.org X-Mailman-Version: 2.1.29 Precedence: list List-Id: automatic DPDK test reports List-Unsubscribe: , List-Archive: List-Post: List-Help: List-Subscribe: , Errors-To: test-report-bounces@dpdk.org Test-Label: iol-unit-amd64-testing Test-Status: FAILURE http://dpdk.org/patch/156801 _Testing issues_ Submitter: Shetty, Praveen Date: Monday, September 22 2025 09:48:19 DPDK git baseline: Repo:dpdk-next-net-intel Branch: master CommitID:4159ea62922ce41566c7bab44655ad78bee85458 156798-156801 --> testing issues Upstream job id: Generic-Unit-Test-DPDK#373733 Test environment and result as below: +-------------------------------+----------------+ | Environment | dpdk_unit_test | +===============================+================+ | Debian GNU/Linux 12 | WARN | +-------------------------------+----------------+ | Fedora Linux 40 | PEND | +-------------------------------+----------------+ | CentOS Stream 9 | PEND | +-------------------------------+----------------+ | Fedora Linux 42 | PEND | +-------------------------------+----------------+ | Fedora Linux 41 | PEND | +-------------------------------+----------------+ | CentOS Stream 10 | PEND | +-------------------------------+----------------+ | Ubuntu 20.04 | FAIL | +-------------------------------+----------------+ | Red Hat Enterprise Linux 8.10 | PEND | +-------------------------------+----------------+ | Red Hat Enterprise Linux 9.5 | PEND | +-------------------------------+----------------+ | Ubuntu 24.04 | PEND | +-------------------------------+----------------+ | Ubuntu 22.04 | PEND | +-------------------------------+----------------+ | Windows Server 2022 | PASS | +-------------------------------+----------------+ ==== Unit test summary for Ubuntu 20.04 (dpdk_unit_test): ==== Failed to get the unit test results. Displaying the unit test results is not supported for some environments, such as our aarch32 testing, where meson is not used to run the tests. Download the logs available on our CI site. ==== End log output ==== Debian GNU/Linux 12 Kernel: 5.15 Compiler: gcc gcc (Debian 12.2.0-14+deb12u1) 12.2.0 Fedora Linux 40 Kernel: 5.15 Compiler: gcc gcc (GCC) 14.2.1 20240912 (Red Hat 14.2.1-3) CentOS Stream 9 Kernel: 5.15 Compiler: gcc gcc (GCC) 11.5.0 20240719 (Red Hat 11.5.0-11) Fedora Linux 42 Kernel: 5.15 Compiler: clang gcc (GCC) 15.2.1 20250808 (Red Hat 15.2.1-1) Fedora Linux 41 Kernel: 5.15 Compiler: gcc gcc (GCC) 14.3.1 20250523 (Red Hat 14.3.1-1) CentOS Stream 10 Kernel: 5.15 Compiler: gcc gcc (GCC) 14.2.1 20250110 (Red Hat 14.2.1-8) Ubuntu 20.04 Kernel: 5.15 Compiler: gcc gcc (Ubuntu 9.4.0-1ubuntu1~20.04.2) 9.4.0 Red Hat Enterprise Linux 8.10 Kernel: 5.15 Compiler: gcc gcc (GCC) 8.5.0 20210514 (Red Hat 8.5.0-22) Red Hat Enterprise Linux 9.5 Kernel: 5.15 Compiler: gcc gcc (GCC) 11.5.0 20240719 (Red Hat 11.5.0-2) Ubuntu 24.04 Kernel: 5.15 Compiler: gcc gcc (Ubuntu 13.3.0-6ubuntu2~24.04) 13.3.0 Ubuntu 22.04 Kernel: 5.15 Compiler: gcc gcc (Ubuntu 11.4.0-1ubuntu1~22.04) 11.4.0 Windows Server 2022 Kernel: 10.0.20348.2031 Compiler: clang 15.0.7, gcc 14.1.0 (MinGW), and MSVC VS 19.39.33521 To view detailed results, visit: https://lab.dpdk.org/results/dashboard/patchsets/34117/ UNH-IOL DPDK Community Lab To manage your email subscriptions, visit: https://lab.dpdk.org/results/dashboard/preferences/subscriptions/