From mboxrd@z Thu Jan 1 00:00:00 1970 Return-Path: Received: from mails.dpdk.org (mails.dpdk.org [217.70.189.124]) by inbox.dpdk.org (Postfix) with ESMTP id 0E5FE46F4A for ; Mon, 22 Sep 2025 09:27:12 +0200 (CEST) Received: from mails.dpdk.org (localhost [127.0.0.1]) by mails.dpdk.org (Postfix) with ESMTP id 0729A402EF; Mon, 22 Sep 2025 09:27:12 +0200 (CEST) Received: from mail-pf1-f228.google.com (mail-pf1-f228.google.com [209.85.210.228]) by mails.dpdk.org (Postfix) with ESMTP id 14466402EF for ; Mon, 22 Sep 2025 09:27:11 +0200 (CEST) Received: by mail-pf1-f228.google.com with SMTP id d2e1a72fcca58-77f41086c11so406624b3a.0 for ; Mon, 22 Sep 2025 00:27:11 -0700 (PDT) DKIM-Signature: v=1; a=rsa-sha256; c=relaxed/relaxed; d=iol.unh.edu; s=unh-iol; t=1758526030; x=1759130830; darn=dpdk.org; h=references:in-reply-to:cc:to:from:subject:message-id:date:from:to :cc:subject:date:message-id:reply-to; bh=hc7ykbtcitEZgXor9ZM32vNTB4zEpfhi/EpZ5sq/8Cw=; b=BmanG7RB+98lMpHuJpKRZ6VXmgWafkyikbDDpX1PtqCAudAR9at8Gu3BJ7Fmk8Fesk DqyvEh5Bqd0J+QtmwlHeiO42KBzLy9rbdgsdu/M4/KHrsuuZyW/V5pSskQnXFey+iKsD 0HPGUjTR86heMVXPYT+6tjsHy4us26hdfctu0= X-Google-DKIM-Signature: v=1; a=rsa-sha256; c=relaxed/relaxed; d=1e100.net; s=20230601; t=1758526030; x=1759130830; h=references:in-reply-to:cc:to:from:subject:message-id:date :x-gm-message-state:from:to:cc:subject:date:message-id:reply-to; bh=hc7ykbtcitEZgXor9ZM32vNTB4zEpfhi/EpZ5sq/8Cw=; b=Uc/cF87v9lcUJhpXjsCWzUC7Hw8z9gb3nCibhV9DQB5wpQohjMVZ9cmB+gzj0a+qhw J2CD9C6fPZOHWc3UqW2thIO2OSHbgCNYuMSkJtqUEn2LZ419a5aGsWtRKdsLJLGEQrLK sJam7hQK/9rBpz5BsIqwJyBp5ad5vxZGg7F4hapC7bht1NJ36I3MRCg9RjXF+ZGz47R+ /WVqkyoohY0WL5DaIhV1NA2z2W+jRm31QD+v5R1O9he2IaNaPqq+xqwCpLO7pPc7hufv WNjtVwzd3+avo4Si34iGdG0wX4DB1OqtdVN+mOcfISVx/eeAzo9aMJs+kcGeeii0Ae48 Ks/Q== X-Gm-Message-State: AOJu0YyGRHKMTnboXh17+88maDMAGGE2dztlUmmsa7X1ivpsFzz0iAtf vGpLXUtRxSdz3kiPbBF8RbtwTO5mcJ8d+ew/Rad4usrchntDwFl6OEmPTshwyu92eQ2eMmRuj+C icluPo9jkXW4PGF/Y8U4+VnbtV23RwK+rT+hhr7dg1l7O X-Gm-Gg: ASbGncvcxcXIbOFtyOeOLZQGsr4TmBKM9hrZgUhf9H52IUf+FTfHcyY4/1bJAdlSiyQ 60DmTxMWSOpOGzxWxR4IHc8AYa8Hca4rcqHiYXmZCwrD8w/YDo3qDg1OfV0nQK0voX1gHD9aD7T wqK9Z/REcywHvWFn4Bul56fXXEVd+IYonfHYwKU6XlKgFDHYJjTc9bYYLjt8wqXM3DoDLU9SCM7 gEDgHPN5NT0IollMFZX5GLKi23B0YXpw/2znSXZhrPqakkes3vddl7o6qQ8viUKh7W4oiUp1aub 7Tc69O5aHVwR72TEHnRiTyfjSf94yO8HKtKJE2i4s+tBGjWteYKTPygHwTSuSXmYYvHYdNB2 X-Google-Smtp-Source: AGHT+IF3G6uYi/W9Fr1De7ON3OquU09UrQ5Xaoa23u8fHHHcy02eExjdVgg4zP6FGW2l2VHoLBVbCr5bukiC X-Received: by 2002:a05:6a20:5483:b0:24a:b9e:4a61 with SMTP id adf61e73a8af0-2926f4ba3bfmr16886565637.28.1758526030325; Mon, 22 Sep 2025 00:27:10 -0700 (PDT) Received: from postal.iol.unh.edu (postal.iol.unh.edu. [132.177.123.84]) by smtp-relay.gmail.com with ESMTPS id 41be03b00d2f7-b551a29b78dsm442245a12.17.2025.09.22.00.27.10 (version=TLS1_2 cipher=ECDHE-ECDSA-AES128-GCM-SHA256 bits=128/128); Mon, 22 Sep 2025 00:27:10 -0700 (PDT) X-Relaying-Domain: iol.unh.edu Date: Mon, 22 Sep 2025 00:27:10 -0700 (PDT) Message-ID: <68d0fa4e.630a0220.173cfc.f1b8SMTPIN_ADDED_MISSING@mx.google.com> Received: from [172.21.0.2] (unknown [172.18.0.240]) by postal.iol.unh.edu (Postfix) with ESMTP id 90DC660003F7; Mon, 22 Sep 2025 03:27:09 -0400 (EDT) Subject: |FAILURE| pw156798-156801 [PATCH] [4/4] net/cpfl: add cpchnl get vpo From: dpdklab@iol.unh.edu To: Test Report Cc: dpdk-test-reports@iol.unh.edu, Bruce Richardson , "Shetty, Praveen" In-Reply-To: <20250922094819.1350709-5-praveen.shetty@intel.com> References: <20250922094819.1350709-5-praveen.shetty@intel.com> Content-Type: text/plain X-BeenThere: test-report@dpdk.org X-Mailman-Version: 2.1.29 Precedence: list List-Id: automatic DPDK test reports List-Unsubscribe: , List-Archive: List-Post: List-Help: List-Subscribe: , Errors-To: test-report-bounces@dpdk.org Test-Label: iol-unit-amd64-testing Test-Status: FAILURE http://dpdk.org/patch/156801 _Testing issues_ Submitter: Shetty, Praveen Date: Monday, September 22 2025 09:48:19 DPDK git baseline: Repo:dpdk-next-net-intel Branch: master CommitID:4159ea62922ce41566c7bab44655ad78bee85458 156798-156801 --> testing issues Upstream job id: Generic-Unit-Test-DPDK#373735 Test environment and result as below: +-------------------------------+----------------+ | Environment | dpdk_unit_test | +===============================+================+ | Debian GNU/Linux 12 | WARN | +-------------------------------+----------------+ | Fedora Linux 40 | PEND | +-------------------------------+----------------+ | CentOS Stream 9 | PEND | +-------------------------------+----------------+ | Fedora Linux 42 | PEND | +-------------------------------+----------------+ | Fedora Linux 41 | PEND | +-------------------------------+----------------+ | CentOS Stream 10 | PEND | +-------------------------------+----------------+ | Ubuntu 20.04 | FAIL | +-------------------------------+----------------+ | Red Hat Enterprise Linux 8.10 | PEND | +-------------------------------+----------------+ | Red Hat Enterprise Linux 9.5 | PEND | +-------------------------------+----------------+ | Ubuntu 24.04 | PEND | +-------------------------------+----------------+ | Ubuntu 22.04 | PEND | +-------------------------------+----------------+ | Windows Server 2022 | PASS | +-------------------------------+----------------+ ==== Unit test summary for Ubuntu 20.04 (dpdk_unit_test): ==== Failed to get the unit test results. Displaying the unit test results is not supported for some environments, such as our aarch32 testing, where meson is not used to run the tests. Download the logs available on our CI site. ==== End log output ==== Debian GNU/Linux 12 Kernel: 5.15 Compiler: gcc gcc (Debian 12.2.0-14+deb12u1) 12.2.0 Fedora Linux 40 Kernel: 5.15 Compiler: gcc gcc (GCC) 14.2.1 20240912 (Red Hat 14.2.1-3) CentOS Stream 9 Kernel: 5.15 Compiler: gcc gcc (GCC) 11.5.0 20240719 (Red Hat 11.5.0-11) Fedora Linux 42 Kernel: 5.15 Compiler: clang gcc (GCC) 15.2.1 20250808 (Red Hat 15.2.1-1) Fedora Linux 41 Kernel: 5.15 Compiler: gcc gcc (GCC) 14.3.1 20250523 (Red Hat 14.3.1-1) CentOS Stream 10 Kernel: 5.15 Compiler: gcc gcc (GCC) 14.2.1 20250110 (Red Hat 14.2.1-8) Ubuntu 20.04 Kernel: 5.15 Compiler: gcc gcc (Ubuntu 9.4.0-1ubuntu1~20.04.2) 9.4.0 Red Hat Enterprise Linux 8.10 Kernel: 5.15 Compiler: gcc gcc (GCC) 8.5.0 20210514 (Red Hat 8.5.0-22) Red Hat Enterprise Linux 9.5 Kernel: 5.15 Compiler: gcc gcc (GCC) 11.5.0 20240719 (Red Hat 11.5.0-2) Ubuntu 24.04 Kernel: 5.15 Compiler: gcc gcc (Ubuntu 13.3.0-6ubuntu2~24.04) 13.3.0 Ubuntu 22.04 Kernel: 5.15 Compiler: gcc gcc (Ubuntu 11.4.0-1ubuntu1~22.04) 11.4.0 Windows Server 2022 Kernel: 10.0.20348.2031 Compiler: clang 15.0.7, gcc 14.1.0 (MinGW), and MSVC VS 19.39.33521 To view detailed results, visit: https://lab.dpdk.org/results/dashboard/patchsets/34117/ UNH-IOL DPDK Community Lab To manage your email subscriptions, visit: https://lab.dpdk.org/results/dashboard/preferences/subscriptions/