From mboxrd@z Thu Jan 1 00:00:00 1970 Return-Path: Received: from mails.dpdk.org (mails.dpdk.org [217.70.189.124]) by inbox.dpdk.org (Postfix) with ESMTP id 2FDB446F4A for ; Mon, 22 Sep 2025 09:27:56 +0200 (CEST) Received: from mails.dpdk.org (localhost [127.0.0.1]) by mails.dpdk.org (Postfix) with ESMTP id 2B74B402EF; Mon, 22 Sep 2025 09:27:56 +0200 (CEST) Received: from mail-qv1-f97.google.com (mail-qv1-f97.google.com [209.85.219.97]) by mails.dpdk.org (Postfix) with ESMTP id 92DE8402EF for ; Mon, 22 Sep 2025 09:27:55 +0200 (CEST) Received: by mail-qv1-f97.google.com with SMTP id 6a1803df08f44-791875a9071so40732116d6.1 for ; Mon, 22 Sep 2025 00:27:55 -0700 (PDT) DKIM-Signature: v=1; a=rsa-sha256; c=relaxed/relaxed; d=iol.unh.edu; s=unh-iol; t=1758526075; x=1759130875; darn=dpdk.org; h=references:in-reply-to:cc:to:from:subject:message-id:date:from:to :cc:subject:date:message-id:reply-to; bh=bklTbfIpYoEtIdQCSbzwJEdV0PB59rJW/FXE0Rn9grE=; b=eLkTGTs1nV+gJ5/XU0F3Yewi3fSow3naiWYgRE/Nu8YO5WP7GG5S+h+1GLrzKrUYTd hf0xwvtstzLFIBuPVGbQXwDLGYW/BP+C082rQPnkSaP+Am+3S10Lqx9dMdcVuXM3oQ9E fr4xH0UkkEuD86lCFdyT5cvGAtGWqGdUh9RtE= X-Google-DKIM-Signature: v=1; a=rsa-sha256; c=relaxed/relaxed; d=1e100.net; s=20230601; t=1758526075; x=1759130875; h=references:in-reply-to:cc:to:from:subject:message-id:date :x-gm-message-state:from:to:cc:subject:date:message-id:reply-to; bh=bklTbfIpYoEtIdQCSbzwJEdV0PB59rJW/FXE0Rn9grE=; b=DBenxz3DFS5Rql0U8Wface8R+F/CUX1Sdxq/NcaufeGNqQRM6Jgf4YYE9k5V4k+7e8 B7ePO7+2wH3csUccrX/+gGh0BzlM5dDFV2H2bMkYkYctppQKx6+Z2ujn5zWoENJ3rfMN AhKu+6m4X/Q1wEWYrjef98pRV9Nw/bHbAClf5eTUKiXddy22DulmkKT7cMwUxWOPleQS YXjM7cIrUJdakI3uDUo8S/7Diq9n1bVDX3iO2/qYBecV50RyDQBXAG9pYRJyxOs6hYxG X/p1ogvXSUWfYiEgKCbZVPpsqOldaOmOT2yhjqYht7CDIp1KjmHXEt3TBJ+zNf+WC31o BAaQ== X-Gm-Message-State: AOJu0YxaCLFDRnVoMLD95Jj0jOma9FsLIe79XRYXPG5vO1ivnNQNzOdK BP9CPArBh5VD3nQPOKwOiQ6czDzva+FXkAEnCKhcWJ2JeTwz0MX9cykLFIWhh6aDNN4tH+YwQzQ xORavKtVxqYwfaqlmkcrzMDfOhgXDoGn3L59O3R0pacs6 X-Gm-Gg: ASbGncs2SI7dPbnAYdiT2HOoZ2WJXSEkb1+SE9NIm9IbLk3GUpbH3HZN9UzOr8pgG0y TnCLswNy5lUAP8Cs4NCivgmaY2WD24j9jbJlk29h3Z7xyb1JCEpEmbFI/anlpXAx/EUTl/LJqoN WIjB12zE0fArzdj0HJa6U8atp/N+wXrRfIHkioLPVZhxFEkImIduslPxslHSCLzAxHjFLNi48Kj yfb7WI8vsQlMJBcxiiJv0ZzXfNZqsT7LrHWdxx7bdnQ9dYtqlXajakazWp4AKs2TYDdTewwYOOJ 9Fi5oS070Qy49HPWgdxeQVPjf2rtCC8IGCzFzEvtoHf2wiPrPI5Jq1o6LYHcHHbAiuupwzW9 X-Google-Smtp-Source: AGHT+IHYUP3zvHDSNxUyHyxPHS6ixXlparQmi6UleykBV/4om98+hX8OUqX0l5Jlw4pdoV1ssiKUabM8hT8w X-Received: by 2002:ad4:5ecd:0:b0:78f:261e:7cc1 with SMTP id 6a1803df08f44-7991312d184mr140098336d6.21.1758526074924; Mon, 22 Sep 2025 00:27:54 -0700 (PDT) Received: from postal.iol.unh.edu (postal.iol.unh.edu. [132.177.123.84]) by smtp-relay.gmail.com with ESMTPS id 6a1803df08f44-7935206af0esm6722366d6.42.2025.09.22.00.27.54 (version=TLS1_2 cipher=ECDHE-ECDSA-AES128-GCM-SHA256 bits=128/128); Mon, 22 Sep 2025 00:27:54 -0700 (PDT) X-Relaying-Domain: iol.unh.edu Date: Mon, 22 Sep 2025 00:27:54 -0700 (PDT) Message-ID: <68d0fa7a.050a0220.bb654.bae2SMTPIN_ADDED_MISSING@mx.google.com> Received: from [172.21.0.3] (unknown [172.18.0.240]) by postal.iol.unh.edu (Postfix) with ESMTP id A4CEF6051830; Mon, 22 Sep 2025 03:27:54 -0400 (EDT) Subject: |FAILURE| pw156798-156801 [PATCH] [4/4] net/cpfl: add cpchnl get vpo From: dpdklab@iol.unh.edu To: Test Report Cc: dpdk-test-reports@iol.unh.edu, Bruce Richardson , "Shetty, Praveen" In-Reply-To: <20250922094819.1350709-5-praveen.shetty@intel.com> References: <20250922094819.1350709-5-praveen.shetty@intel.com> Content-Type: text/plain X-BeenThere: test-report@dpdk.org X-Mailman-Version: 2.1.29 Precedence: list List-Id: automatic DPDK test reports List-Unsubscribe: , List-Archive: List-Post: List-Help: List-Subscribe: , Errors-To: test-report-bounces@dpdk.org Test-Label: iol-unit-amd64-testing Test-Status: FAILURE http://dpdk.org/patch/156801 _Testing issues_ Submitter: Shetty, Praveen Date: Monday, September 22 2025 09:48:19 DPDK git baseline: Repo:dpdk-next-net-intel Branch: master CommitID:4159ea62922ce41566c7bab44655ad78bee85458 156798-156801 --> testing issues Upstream job id: Generic-Unit-Test-DPDK#373729 Test environment and result as below: +-------------------------------+----------------+ | Environment | dpdk_unit_test | +===============================+================+ | Debian GNU/Linux 12 | WARN | +-------------------------------+----------------+ | Fedora Linux 40 | PEND | +-------------------------------+----------------+ | CentOS Stream 9 | WARN | +-------------------------------+----------------+ | Fedora Linux 42 | PEND | +-------------------------------+----------------+ | Fedora Linux 41 | PEND | +-------------------------------+----------------+ | CentOS Stream 10 | PEND | +-------------------------------+----------------+ | Ubuntu 20.04 | FAIL | +-------------------------------+----------------+ | Red Hat Enterprise Linux 8.10 | PEND | +-------------------------------+----------------+ | Red Hat Enterprise Linux 9.5 | PEND | +-------------------------------+----------------+ | Ubuntu 24.04 | PEND | +-------------------------------+----------------+ | Ubuntu 22.04 | PEND | +-------------------------------+----------------+ | Windows Server 2022 | PASS | +-------------------------------+----------------+ ==== Unit test summary for Ubuntu 20.04 (dpdk_unit_test): ==== Failed to get the unit test results. Displaying the unit test results is not supported for some environments, such as our aarch32 testing, where meson is not used to run the tests. Download the logs available on our CI site. ==== End log output ==== Debian GNU/Linux 12 Kernel: 5.15 Compiler: gcc gcc (Debian 12.2.0-14+deb12u1) 12.2.0 Fedora Linux 40 Kernel: 5.15 Compiler: gcc gcc (GCC) 14.2.1 20240912 (Red Hat 14.2.1-3) CentOS Stream 9 Kernel: 5.15 Compiler: gcc gcc (GCC) 11.5.0 20240719 (Red Hat 11.5.0-11) Fedora Linux 42 Kernel: 5.15 Compiler: clang gcc (GCC) 15.2.1 20250808 (Red Hat 15.2.1-1) Fedora Linux 41 Kernel: 5.15 Compiler: gcc gcc (GCC) 14.3.1 20250523 (Red Hat 14.3.1-1) CentOS Stream 10 Kernel: 5.15 Compiler: gcc gcc (GCC) 14.2.1 20250110 (Red Hat 14.2.1-8) Ubuntu 20.04 Kernel: 5.15 Compiler: gcc gcc (Ubuntu 9.4.0-1ubuntu1~20.04.2) 9.4.0 Red Hat Enterprise Linux 8.10 Kernel: 5.15 Compiler: gcc gcc (GCC) 8.5.0 20210514 (Red Hat 8.5.0-22) Red Hat Enterprise Linux 9.5 Kernel: 5.15 Compiler: gcc gcc (GCC) 11.5.0 20240719 (Red Hat 11.5.0-2) Ubuntu 24.04 Kernel: 5.15 Compiler: gcc gcc (Ubuntu 13.3.0-6ubuntu2~24.04) 13.3.0 Ubuntu 22.04 Kernel: 5.15 Compiler: gcc gcc (Ubuntu 11.4.0-1ubuntu1~22.04) 11.4.0 Windows Server 2022 Kernel: 10.0.20348.2031 Compiler: clang 15.0.7, gcc 14.1.0 (MinGW), and MSVC VS 19.39.33521 To view detailed results, visit: https://lab.dpdk.org/results/dashboard/patchsets/34117/ UNH-IOL DPDK Community Lab To manage your email subscriptions, visit: https://lab.dpdk.org/results/dashboard/preferences/subscriptions/