From mboxrd@z Thu Jan 1 00:00:00 1970 Return-Path: Received: from mails.dpdk.org (mails.dpdk.org [217.70.189.124]) by inbox.dpdk.org (Postfix) with ESMTP id 5F34546F4A for ; Mon, 22 Sep 2025 09:29:18 +0200 (CEST) Received: from mails.dpdk.org (localhost [127.0.0.1]) by mails.dpdk.org (Postfix) with ESMTP id 5A0B1402EF; Mon, 22 Sep 2025 09:29:18 +0200 (CEST) Received: from mail-ot1-f99.google.com (mail-ot1-f99.google.com [209.85.210.99]) by mails.dpdk.org (Postfix) with ESMTP id E7CB1402EF for ; Mon, 22 Sep 2025 09:29:17 +0200 (CEST) Received: by mail-ot1-f99.google.com with SMTP id 46e09a7af769-7459d088020so2270597a34.3 for ; Mon, 22 Sep 2025 00:29:17 -0700 (PDT) DKIM-Signature: v=1; a=rsa-sha256; c=relaxed/relaxed; d=iol.unh.edu; s=unh-iol; t=1758526157; x=1759130957; darn=dpdk.org; h=references:in-reply-to:cc:to:from:subject:message-id:date:from:to :cc:subject:date:message-id:reply-to; bh=kvcCZQX69jFxT3AY8GjCMI7P/15DKKl4FStnA2q6hZI=; b=iaAwgDbV005CNJ1edfTCiCC7TY8kBgZHWyzBEnEaQxGpVh43Kq3gSbcMKWabUuvaky saLIGpSxnOKCbTqPFnx2062m+bEOWTJH+YQk8S5uT8yj2o+dBwsZVVA2atiaE0F6pv1G VDy7+ET5I573HPaUNFiy8BoyMHMm48mvTjR8M= X-Google-DKIM-Signature: v=1; a=rsa-sha256; c=relaxed/relaxed; d=1e100.net; s=20230601; t=1758526157; x=1759130957; h=references:in-reply-to:cc:to:from:subject:message-id:date :x-gm-message-state:from:to:cc:subject:date:message-id:reply-to; bh=kvcCZQX69jFxT3AY8GjCMI7P/15DKKl4FStnA2q6hZI=; b=TexyCeZxLWixh+FBExDVzwNWTnDNWntLfcfsKmFi+GGXvzC+ZK0um5urqAqmXBcUlu MS5i0sgRB9TIwdzTa/p2JQhZG354Yjv4N5jaqZCwiMaZGGQaAidW5ewvEgKiS7TS7Db/ q5FP6+t2PaPuo1R4r+nZFOwhOj+gu18yCfcSg1IHkgVsqYSnPRqLt8+IU1y0FgsawMKe 2sl3PRGeIqkOpJaOdfydJuTvw8S/FvWSSiOWLtOeb2o/toft/V9s608pnDLgyazGp6RO bbC3ObE1eeAFBBKQ6jLZux3jBL6i59gxdWw0031X3QDq/4Mp0Sd82jjcv82yagiUE7Of hcoQ== X-Gm-Message-State: AOJu0Ywg6qQ6pzRuKPmImNuwUywT/4Xnj5v/AwSbFDQ78m99kJ/cgEYc ESezbVZbtjIYS5RIKOUePH186pFKUemsMfE1ARSkgeyajT62R49Gr5bR4kGLoLSxyjHG5U7/XzY Ggo39GG3GBp2LxoJqo5gluVFc6rav2VCNiINwdauJ4xKm X-Gm-Gg: ASbGncuKxqdYGKd+Kb1Y6AOoO9FdYynwT2Jp1cu3UarunXCYTFJC4x2JlypYdCgVV2b lZabY/hwKveIFaujW3NbkQlwgMRsLoaDuPGkmCdQuhWdSOslbnjXF48TvLF2YatZH68kvsxFNc5 FRoOeLzuyZaK5jJTQIoqTulNAVPJb1TGrzz9H2PqPyDrDRX56xUYmD7pE1Q/HJOqzkO3Yv62Yo0 rd0QL+T/iGBCR7Hb/TrKOntrhUOItZnP1OsDS+lipjIfopGKmEEfvCDoPUu/9qRdVXaTbX0OtZ8 sFqWYb+NDQjAW2vTI68EF+usnE9Vg2GB+87Yd7/qgq8iwrC8OkReoCKfoizSkQHBkb+lq/9I X-Google-Smtp-Source: AGHT+IHZfZI849T/vgjlhlSQSUAl0YAZT0ksqg9as63Et4qhNvaV2tkZSP/+CF5Bt5lL4iD3kfj6/pPQrudi X-Received: by 2002:a05:6808:218f:b0:438:33fd:3193 with SMTP id 5614622812f47-43d6c2522d4mr4366084b6e.24.1758526157080; Mon, 22 Sep 2025 00:29:17 -0700 (PDT) Received: from postal.iol.unh.edu (postal.iol.unh.edu. [132.177.123.84]) by smtp-relay.gmail.com with ESMTPS id 586e51a60fabf-336e6487e5bsm1000214fac.14.2025.09.22.00.29.16 (version=TLS1_2 cipher=ECDHE-ECDSA-AES128-GCM-SHA256 bits=128/128); Mon, 22 Sep 2025 00:29:17 -0700 (PDT) X-Relaying-Domain: iol.unh.edu Date: Mon, 22 Sep 2025 00:29:17 -0700 (PDT) Message-ID: <68d0facd.050a0220.38c225.044fSMTPIN_ADDED_MISSING@mx.google.com> Received: from [172.21.0.3] (unknown [172.18.0.240]) by postal.iol.unh.edu (Postfix) with ESMTP id 92A776051830; Mon, 22 Sep 2025 03:29:16 -0400 (EDT) Subject: |FAILURE| pw156798-156801 [PATCH] [4/4] net/cpfl: add cpchnl get vpo From: dpdklab@iol.unh.edu To: Test Report Cc: dpdk-test-reports@iol.unh.edu, Bruce Richardson , "Shetty, Praveen" In-Reply-To: <20250922094819.1350709-5-praveen.shetty@intel.com> References: <20250922094819.1350709-5-praveen.shetty@intel.com> Content-Type: text/plain X-BeenThere: test-report@dpdk.org X-Mailman-Version: 2.1.29 Precedence: list List-Id: automatic DPDK test reports List-Unsubscribe: , List-Archive: List-Post: List-Help: List-Subscribe: , Errors-To: test-report-bounces@dpdk.org Test-Label: iol-unit-amd64-testing Test-Status: FAILURE http://dpdk.org/patch/156801 _Testing issues_ Submitter: Shetty, Praveen Date: Monday, September 22 2025 09:48:19 DPDK git baseline: Repo:dpdk-next-net-intel Branch: master CommitID:4159ea62922ce41566c7bab44655ad78bee85458 156798-156801 --> testing issues Upstream job id: Generic-Unit-Test-DPDK#373743 Test environment and result as below: +-------------------------------+----------------+ | Environment | dpdk_unit_test | +===============================+================+ | Debian GNU/Linux 12 | WARN | +-------------------------------+----------------+ | Fedora Linux 40 | PEND | +-------------------------------+----------------+ | CentOS Stream 9 | WARN | +-------------------------------+----------------+ | Fedora Linux 42 | WARN | +-------------------------------+----------------+ | Fedora Linux 41 | PEND | +-------------------------------+----------------+ | CentOS Stream 10 | PEND | +-------------------------------+----------------+ | Ubuntu 20.04 | FAIL | +-------------------------------+----------------+ | Red Hat Enterprise Linux 8.10 | PEND | +-------------------------------+----------------+ | Red Hat Enterprise Linux 9.5 | PEND | +-------------------------------+----------------+ | Ubuntu 24.04 | PEND | +-------------------------------+----------------+ | Ubuntu 22.04 | PEND | +-------------------------------+----------------+ | Windows Server 2022 | PASS | +-------------------------------+----------------+ ==== Unit test summary for Ubuntu 20.04 (dpdk_unit_test): ==== Failed to get the unit test results. Displaying the unit test results is not supported for some environments, such as our aarch32 testing, where meson is not used to run the tests. Download the logs available on our CI site. ==== End log output ==== Debian GNU/Linux 12 Kernel: 5.15 Compiler: gcc gcc (Debian 12.2.0-14+deb12u1) 12.2.0 Fedora Linux 40 Kernel: 5.15 Compiler: gcc gcc (GCC) 14.2.1 20240912 (Red Hat 14.2.1-3) CentOS Stream 9 Kernel: 5.15 Compiler: gcc gcc (GCC) 11.5.0 20240719 (Red Hat 11.5.0-11) Fedora Linux 42 Kernel: 5.15 Compiler: clang gcc (GCC) 15.2.1 20250808 (Red Hat 15.2.1-1) Fedora Linux 41 Kernel: 5.15 Compiler: gcc gcc (GCC) 14.3.1 20250523 (Red Hat 14.3.1-1) CentOS Stream 10 Kernel: 5.15 Compiler: gcc gcc (GCC) 14.2.1 20250110 (Red Hat 14.2.1-8) Ubuntu 20.04 Kernel: 5.15 Compiler: gcc gcc (Ubuntu 9.4.0-1ubuntu1~20.04.2) 9.4.0 Red Hat Enterprise Linux 8.10 Kernel: 5.15 Compiler: gcc gcc (GCC) 8.5.0 20210514 (Red Hat 8.5.0-22) Red Hat Enterprise Linux 9.5 Kernel: 5.15 Compiler: gcc gcc (GCC) 11.5.0 20240719 (Red Hat 11.5.0-2) Ubuntu 24.04 Kernel: 5.15 Compiler: gcc gcc (Ubuntu 13.3.0-6ubuntu2~24.04) 13.3.0 Ubuntu 22.04 Kernel: 5.15 Compiler: gcc gcc (Ubuntu 11.4.0-1ubuntu1~22.04) 11.4.0 Windows Server 2022 Kernel: 10.0.20348.2031 Compiler: clang 15.0.7, gcc 14.1.0 (MinGW), and MSVC VS 19.39.33521 To view detailed results, visit: https://lab.dpdk.org/results/dashboard/patchsets/34117/ UNH-IOL DPDK Community Lab To manage your email subscriptions, visit: https://lab.dpdk.org/results/dashboard/preferences/subscriptions/