From mboxrd@z Thu Jan 1 00:00:00 1970 Return-Path: Received: from mails.dpdk.org (mails.dpdk.org [217.70.189.124]) by inbox.dpdk.org (Postfix) with ESMTP id 6BDCB46F4A for ; Mon, 22 Sep 2025 09:29:22 +0200 (CEST) Received: from mails.dpdk.org (localhost [127.0.0.1]) by mails.dpdk.org (Postfix) with ESMTP id 64944402EF; Mon, 22 Sep 2025 09:29:22 +0200 (CEST) Received: from mail-pl1-f225.google.com (mail-pl1-f225.google.com [209.85.214.225]) by mails.dpdk.org (Postfix) with ESMTP id B23F04060A for ; Mon, 22 Sep 2025 09:29:21 +0200 (CEST) Received: by mail-pl1-f225.google.com with SMTP id d9443c01a7336-271067d66fbso16479575ad.3 for ; Mon, 22 Sep 2025 00:29:21 -0700 (PDT) DKIM-Signature: v=1; a=rsa-sha256; c=relaxed/relaxed; d=iol.unh.edu; s=unh-iol; t=1758526161; x=1759130961; darn=dpdk.org; h=references:in-reply-to:cc:to:from:subject:message-id:date:from:to :cc:subject:date:message-id:reply-to; bh=cNfOtc7KObmudreH365H+DLcAzU0NbCzGG0lLt+CtBM=; b=IC1dymZixMEquAUst44BvTIVhmvwOg5iNiG9eBVePX69GBjhhLPiyqbQQRo5AnVs1t KSGV7XE+B73hYS6DpdCnXiWw0EHqhAMJJxJCN0xphAX+08KsMthPaG9MlJGltfYMu1vN IoSpH+4kTrCLrEUCSDZ+EBaBaJ7pUANqRsd8I= X-Google-DKIM-Signature: v=1; a=rsa-sha256; c=relaxed/relaxed; d=1e100.net; s=20230601; t=1758526161; x=1759130961; h=references:in-reply-to:cc:to:from:subject:message-id:date :x-gm-message-state:from:to:cc:subject:date:message-id:reply-to; bh=cNfOtc7KObmudreH365H+DLcAzU0NbCzGG0lLt+CtBM=; b=bDZj74OkxdwMO+IdGCjgqAA9IkaDEf9icxg0hUDcOoMg3ZzXh607b63Ij15j2E9noI mEK3ppQ3q4BHtZ656Yzo+hxjaJGjeyT4uXjV4EfINLACv1EgB1q2WMfSz0oOr3tebpjx JpobBe2CY3DmX28quz5/L4bZVd0Ir9gx+INFAhA601/cuhKYCyKghDEUYlvtaw0/wAjK e+r160FNgcT/ZA2TzGXxbkuPhUjWkU6XvQS7yDQRNRGtOT8QyS3q4kLD6r5i6+NuYlj2 jvXvqRZsp+L3iwe894aoMyvH42arpwIgEhSgPvJkkAwogmk/eEOQokSx4/JbZ1pyKa7K 9EIA== X-Gm-Message-State: AOJu0Yy4jeS9+s8jdxOfmM9GL5WMaUctrpkF8UIE4HZks6tSblfjZMZh 8IX6Nk7Gz1joZRN1WVJc7+vaT9OXxddpdpPr+TZmLsXN9HnH/aeenjqNK+aFpcZm/GJXO2eff32 qxjb/3s6mmF/z/7jy2YVXlM7IGcaVvf2QhGlNWeY6U3uPdpK2eL3HyPzgzCEY X-Gm-Gg: ASbGncv8n3/t/7u2C7ax3LCiCc23HNgHnQgW4bCDiR87kFGXkO+Ekqzy5a39pVtqWhg Nt6FAWqWQv7t6NgMWoWOqUjfsV5zTHta9kPSvwthlQkx14GhgFIDy1nst0NMOM2uzjsmaBuoWXT 7SOD9cpvFqc6OJaHQqNsG7KaThK06MCZFjEVeCavE8pNGH0Pt3LYHygPJZmHsiAREpr2VfideZd P+uB10t1TimuAoUibGrfC/f9FsOQ42X/DlcoIzXJjI1s/2Fkmtoe8RrA3/HXkN97H/LI4j3X5Sl 6arWkCLoWEnjaXmID6ELg13Pv8JdOE+W4VdcZ8eImAno6KUj0Q== X-Google-Smtp-Source: AGHT+IH8P26BHaAtYEzKr7Tt+fplpWNGwPAydliD/x8R/BVpTIC1tnDUsViPJYBbU519CeHHyRCFXsZvtdCH X-Received: by 2002:a17:903:32c1:b0:275:8110:7a48 with SMTP id d9443c01a7336-27581107af8mr61027165ad.39.1758526160795; Mon, 22 Sep 2025 00:29:20 -0700 (PDT) Received: from postal.iol.unh.edu (postal.iol.unh.edu. [2606:4100:3880:1234::84]) by smtp-relay.gmail.com with ESMTPS id d9443c01a7336-26980184c55sm7752125ad.31.2025.09.22.00.29.20 (version=TLS1_2 cipher=ECDHE-ECDSA-AES128-GCM-SHA256 bits=128/128); Mon, 22 Sep 2025 00:29:20 -0700 (PDT) X-Relaying-Domain: iol.unh.edu Date: Mon, 22 Sep 2025 00:29:20 -0700 (PDT) Message-ID: <68d0fad0.170a0220.394cea.244aSMTPIN_ADDED_MISSING@mx.google.com> Received: from [172.21.0.2] (unknown [172.18.0.240]) by postal.iol.unh.edu (Postfix) with ESMTP id 15C1D6051830; Mon, 22 Sep 2025 03:29:20 -0400 (EDT) Subject: |FAILURE| pw156798-156801 [PATCH] [4/4] net/cpfl: add cpchnl get vpo From: dpdklab@iol.unh.edu To: Test Report Cc: dpdk-test-reports@iol.unh.edu, Bruce Richardson , "Shetty, Praveen" In-Reply-To: <20250922094819.1350709-5-praveen.shetty@intel.com> References: <20250922094819.1350709-5-praveen.shetty@intel.com> Content-Type: text/plain X-BeenThere: test-report@dpdk.org X-Mailman-Version: 2.1.29 Precedence: list List-Id: automatic DPDK test reports List-Unsubscribe: , List-Archive: List-Post: List-Help: List-Subscribe: , Errors-To: test-report-bounces@dpdk.org Test-Label: iol-unit-arm64-testing Test-Status: FAILURE http://dpdk.org/patch/156801 _Testing issues_ Submitter: Shetty, Praveen Date: Monday, September 22 2025 09:48:19 DPDK git baseline: Repo:dpdk-next-net-intel Branch: master CommitID:4159ea62922ce41566c7bab44655ad78bee85458 156798-156801 --> testing issues Upstream job id: Generic-Unit-Test-DPDK#373734 Test environment and result as below: +------------------------------+----------------+---------------------------+--------------+------------------------------+ | Environment | dpdk_unit_test | cryptodev_sw_zuc_autotest | lpm_autotest | cryptodev_sw_snow3g_autotest | +==============================+================+===========================+==============+==============================+ | Fedora Linux 42 | PEND | SKIPPED | SKIPPED | SKIPPED | +------------------------------+----------------+---------------------------+--------------+------------------------------+ | Fedora Linux 41 | WARN | SKIPPED | SKIPPED | SKIPPED | +------------------------------+----------------+---------------------------+--------------+------------------------------+ | CentOS Stream 10 | WARN | SKIPPED | SKIPPED | SKIPPED | +------------------------------+----------------+---------------------------+--------------+------------------------------+ | Fedora Linux 40 | PEND | SKIPPED | SKIPPED | SKIPPED | +------------------------------+----------------+---------------------------+--------------+------------------------------+ | Ubuntu 22.04 | PEND | SKIPPED | SKIPPED | SKIPPED | +------------------------------+----------------+---------------------------+--------------+------------------------------+ | Ubuntu 24.04 | PEND | SKIPPED | SKIPPED | SKIPPED | +------------------------------+----------------+---------------------------+--------------+------------------------------+ | Debian GNU/Linux 12 | WARN | SKIPPED | SKIPPED | SKIPPED | +------------------------------+----------------+---------------------------+--------------+------------------------------+ | CentOS Stream 9 | PEND | SKIPPED | SKIPPED | SKIPPED | +------------------------------+----------------+---------------------------+--------------+------------------------------+ | Ubuntu 20.04 | PEND | SKIPPED | PEND | SKIPPED | +------------------------------+----------------+---------------------------+--------------+------------------------------+ | Red Hat Enterprise Linux 9.5 | PEND | SKIPPED | SKIPPED | SKIPPED | +------------------------------+----------------+---------------------------+--------------+------------------------------+ | Debian 12 (arm) | SKIPPED | PEND | SKIPPED | PEND | +------------------------------+----------------+---------------------------+--------------+------------------------------+ ==== 20 line log output for Debian GNU/Linux 12 (dpdk_unit_test): ==== In function 'cpfl_metadata_write16', inlined from 'cpfl_metadata_write_sourcevsi' at ../drivers/net/intel/cpfl/cpfl_flow_parser.c:2069:2: ../drivers/net/intel/cpfl/cpfl_flow_parser.h:303:9: error: 'vsi_id' may be used uninitialized [-Werror=maybe-uninitialized] 303 | memcpy(&meta->chunks[type].data[offset], &data, sizeof(uint16_t)); | ^~~~~~~~~~~~~~~~~~~~~~~~~~~~~~~~~~~~~~~~~~~~~~~~~~~~~~~~~~~~~~~~~ ../drivers/net/intel/cpfl/cpfl_ethdev.h: In function 'cpfl_metadata_write_sourcevsi': ../drivers/net/intel/cpfl/cpfl_ethdev.h:333:13: note: 'vsi_id' was declared here 333 | u16 vsi_id; | ^~~~~~ In function 'cpfl_metadata_write16', inlined from 'cpfl_metadata_write_vsi' at ../drivers/net/intel/cpfl/cpfl_flow_parser.c:2085:2: ../drivers/net/intel/cpfl/cpfl_flow_parser.h:303:9: error: 'vsi_id' may be used uninitialized [-Werror=maybe-uninitialized] 303 | memcpy(&meta->chunks[type].data[offset], &data, sizeof(uint16_t)); | ^~~~~~~~~~~~~~~~~~~~~~~~~~~~~~~~~~~~~~~~~~~~~~~~~~~~~~~~~~~~~~~~~ ../drivers/net/intel/cpfl/cpfl_ethdev.h: In function 'cpfl_metadata_write_vsi': ../drivers/net/intel/cpfl/cpfl_ethdev.h:333:13: note: 'vsi_id' was declared here 333 | u16 vsi_id; | ^~~~~~ cc1: all warnings being treated as errors ninja: build stopped: subcommand failed. ==== End log output ==== Fedora Linux 42 Kernel: 5.4 Compiler: gcc gcc (GCC) 15.2.1 20250808 (Red Hat 15.2.1-1) Fedora Linux 41 Kernel: 5.4 Compiler: gcc gcc (GCC) 14.3.1 20250523 (Red Hat 14.3.1-1) CentOS Stream 10 Kernel: 5.4 Compiler: gcc gcc (GCC) 14.2.1 20250110 (Red Hat 14.2.1-8) Fedora Linux 40 Kernel: 5.4 Compiler: clang gcc (GCC) 14.2.1 20240912 (Red Hat 14.2.1-3) Ubuntu 22.04 Kernel: 5.15 Compiler: gcc gcc (Ubuntu 11.4.0-1ubuntu1~22.04.2) 11.4.0 Ubuntu 24.04 Kernel: 5.4 Compiler: gcc gcc (Ubuntu 13.3.0-6ubuntu2~24.04) 13.3.0 Debian GNU/Linux 12 Kernel: 5.4 Compiler: gcc gcc (Debian 12.2.0-14+deb12u1) 12.2.0 CentOS Stream 9 Kernel: 5.4 Compiler: gcc gcc (GCC) 11.5.0 20240719 (Red Hat 11.5.0-11) Ubuntu 20.04 Kernel: 5.4 Compiler: gcc gcc (Ubuntu 9.4.0-1ubuntu1~20.04.2) 9.4.0 Red Hat Enterprise Linux 9.5 Kernel: 5.4 Compiler: gcc gcc (GCC) 11.5.0 20240719 (Red Hat 11.5.0-2) Debian 12 (arm) Kernel: Depends on container host Compiler: gcc (Debian 12.2.0-14) 12.2.0 To view detailed results, visit: https://lab.dpdk.org/results/dashboard/patchsets/34117/ UNH-IOL DPDK Community Lab To manage your email subscriptions, visit: https://lab.dpdk.org/results/dashboard/preferences/subscriptions/