From mboxrd@z Thu Jan 1 00:00:00 1970 Return-Path: Received: from mails.dpdk.org (mails.dpdk.org [217.70.189.124]) by inbox.dpdk.org (Postfix) with ESMTP id 9498646F4A for ; Mon, 22 Sep 2025 09:29:52 +0200 (CEST) Received: from mails.dpdk.org (localhost [127.0.0.1]) by mails.dpdk.org (Postfix) with ESMTP id 8DCE4402EF; Mon, 22 Sep 2025 09:29:52 +0200 (CEST) Received: from mail-io1-f99.google.com (mail-io1-f99.google.com [209.85.166.99]) by mails.dpdk.org (Postfix) with ESMTP id 387FE402EF for ; Mon, 22 Sep 2025 09:29:51 +0200 (CEST) Received: by mail-io1-f99.google.com with SMTP id ca18e2360f4ac-8c3414ad279so17980739f.2 for ; Mon, 22 Sep 2025 00:29:51 -0700 (PDT) DKIM-Signature: v=1; a=rsa-sha256; c=relaxed/relaxed; d=iol.unh.edu; s=unh-iol; t=1758526190; x=1759130990; darn=dpdk.org; h=references:in-reply-to:cc:to:from:subject:message-id:date:from:to :cc:subject:date:message-id:reply-to; bh=selmYv9inVdQrUkeRLoy8IhaBisWF482mJDAOQyzV4A=; b=PysWKzEJmoSV+3I9TQ0EnbVIBkACDwH54ZQGfic6BwAn6E5oqDvp5Yyxb5YmelbEsu 7E15aVdqMdsMFVWyZjN8KiolCkspGmJrdbOVx77IDlkDpYvF+qom+DvhzZWCjanU4d7k KZ56Vf9415RbdF1Gozoair6Pf2vrDFHHUQrzc= X-Google-DKIM-Signature: v=1; a=rsa-sha256; c=relaxed/relaxed; d=1e100.net; s=20230601; t=1758526190; x=1759130990; h=references:in-reply-to:cc:to:from:subject:message-id:date :x-gm-message-state:from:to:cc:subject:date:message-id:reply-to; bh=selmYv9inVdQrUkeRLoy8IhaBisWF482mJDAOQyzV4A=; b=id2UjiWPYaM0LaijBGEHUtqrER1S7EJV/dNm7G8twpznaHd9uoaE76p41VvEfYhFoM r0k5EJOHsLfZJR98t5VPPsyelp8AJ8mzcTnJofxZA9L1O+ds0zHparIooUclUNY3is2N Lve8x0SSZjpjQ0SNCsSbOBulJmyD9GQdZw58xNMhzbozV/vUQ4yxgVmXmBIm8q6F61fp 9tthVr4XP7mSHTL+nrmvna75/9bJilMGIS0Ead4f+GQMCPO0SaWqgncQj4DCDZX9EbEP UmpNW38va53UTCeDktkDxTFeFdi/yMO4FEGuWWYOt691ZwBpVoOG2ezhzb/e0cwT8BGt oFiw== X-Gm-Message-State: AOJu0YxzMFpPWlWJUzoxRSuGUluCCd9tNZ/IXMy5rBD2bhrayQGOf7MB +d1c9JTEUMeDCOI4kU5NUaa/LIQnAZqHhXUmSYXIKv21vnKIOeTReN+AGGoAqb184BMwz2qG2/4 ISXs4GMGhg/PpD/rEwRlqA8/1dustHysQAvPbEWp/mjZV X-Gm-Gg: ASbGncufLgq9aUi7dSQdWjwM1yR1jElZis9vHjYo4Wug/YHQan4TucpIyBGBpZFpVsY YNE8FaGoetsY/bv77rL8iNL3UGfyZ7qfRqxUqLv2FN/occHWciSNDhlSjV46eNJ5H427ePcqHLC uRz88wAvbqddGxavHzoQHRKwRpQx2WX9RrdK8BNEeHXt7deKhtUT6RhcULHeE94Y3klVQjAwGSc VT8hk1wB37Jb/V0eqnvMavrdPByCglw+yIKBBqpDk+aYp0Sct+hyq2DRnas396iDrK+r7DU13dY x9o2lG8nRpUpPcveyZFo89ruEmILBin3E4VBXhrZ5/5T3B0RvzcVp19RLY0mSQR02QOBchoh X-Google-Smtp-Source: AGHT+IFG0Nbu4V0/Mz2g/PySIhx7Uq1gzEr7LXzpmEcCuVRiFsEW71NorpPDoLOEi9Ehyo1/3p0tBdpQcqyt X-Received: by 2002:a05:6e02:3810:b0:423:fdc4:4e39 with SMTP id e9e14a558f8ab-424819a5974mr171568755ab.27.1758526190562; Mon, 22 Sep 2025 00:29:50 -0700 (PDT) Received: from postal.iol.unh.edu (postal.iol.unh.edu. [132.177.123.84]) by smtp-relay.gmail.com with ESMTPS id 8926c6da1cb9f-55997d4ff7dsm167447173.45.2025.09.22.00.29.50 (version=TLS1_2 cipher=ECDHE-ECDSA-AES128-GCM-SHA256 bits=128/128); Mon, 22 Sep 2025 00:29:50 -0700 (PDT) X-Relaying-Domain: iol.unh.edu Date: Mon, 22 Sep 2025 00:29:50 -0700 (PDT) Message-ID: <68d0faee.050a0220.2e53d7.bec3SMTPIN_ADDED_MISSING@mx.google.com> Received: from [172.21.0.2] (unknown [172.18.0.240]) by postal.iol.unh.edu (Postfix) with ESMTP id 244626051830; Mon, 22 Sep 2025 03:29:50 -0400 (EDT) Subject: |FAILURE| pw156798-156801 [PATCH] [4/4] net/cpfl: add cpchnl get vpo From: dpdklab@iol.unh.edu To: Test Report Cc: dpdk-test-reports@iol.unh.edu, Bruce Richardson , "Shetty, Praveen" In-Reply-To: <20250922094819.1350709-5-praveen.shetty@intel.com> References: <20250922094819.1350709-5-praveen.shetty@intel.com> Content-Type: text/plain X-BeenThere: test-report@dpdk.org X-Mailman-Version: 2.1.29 Precedence: list List-Id: automatic DPDK test reports List-Unsubscribe: , List-Archive: List-Post: List-Help: List-Subscribe: , Errors-To: test-report-bounces@dpdk.org Test-Label: iol-unit-arm64-testing Test-Status: FAILURE http://dpdk.org/patch/156801 _Testing issues_ Submitter: Shetty, Praveen Date: Monday, September 22 2025 09:48:19 DPDK git baseline: Repo:dpdk-next-net-intel Branch: master CommitID:4159ea62922ce41566c7bab44655ad78bee85458 156798-156801 --> testing issues Upstream job id: Generic-Unit-Test-DPDK#373757 Test environment and result as below: +------------------------------+----------------+---------------------------+--------------+------------------------------+ | Environment | dpdk_unit_test | cryptodev_sw_zuc_autotest | lpm_autotest | cryptodev_sw_snow3g_autotest | +==============================+================+===========================+==============+==============================+ | Fedora Linux 42 | PEND | SKIPPED | SKIPPED | SKIPPED | +------------------------------+----------------+---------------------------+--------------+------------------------------+ | Fedora Linux 41 | WARN | SKIPPED | SKIPPED | SKIPPED | +------------------------------+----------------+---------------------------+--------------+------------------------------+ | CentOS Stream 10 | WARN | SKIPPED | SKIPPED | SKIPPED | +------------------------------+----------------+---------------------------+--------------+------------------------------+ | Fedora Linux 40 | PEND | SKIPPED | SKIPPED | SKIPPED | +------------------------------+----------------+---------------------------+--------------+------------------------------+ | Ubuntu 22.04 | PEND | SKIPPED | SKIPPED | SKIPPED | +------------------------------+----------------+---------------------------+--------------+------------------------------+ | Ubuntu 24.04 | WARN | SKIPPED | SKIPPED | SKIPPED | +------------------------------+----------------+---------------------------+--------------+------------------------------+ | Debian GNU/Linux 12 | WARN | SKIPPED | SKIPPED | SKIPPED | +------------------------------+----------------+---------------------------+--------------+------------------------------+ | CentOS Stream 9 | PEND | SKIPPED | SKIPPED | SKIPPED | +------------------------------+----------------+---------------------------+--------------+------------------------------+ | Ubuntu 20.04 | PEND | SKIPPED | PEND | SKIPPED | +------------------------------+----------------+---------------------------+--------------+------------------------------+ | Red Hat Enterprise Linux 9.5 | PEND | SKIPPED | SKIPPED | SKIPPED | +------------------------------+----------------+---------------------------+--------------+------------------------------+ | Debian 12 (arm) | SKIPPED | PEND | SKIPPED | PEND | +------------------------------+----------------+---------------------------+--------------+------------------------------+ ==== 20 line log output for Debian GNU/Linux 12 (dpdk_unit_test): ==== In function 'cpfl_metadata_write16', inlined from 'cpfl_metadata_write_sourcevsi' at ../drivers/net/intel/cpfl/cpfl_flow_parser.c:2069:2: ../drivers/net/intel/cpfl/cpfl_flow_parser.h:303:9: error: 'vsi_id' may be used uninitialized [-Werror=maybe-uninitialized] 303 | memcpy(&meta->chunks[type].data[offset], &data, sizeof(uint16_t)); | ^~~~~~~~~~~~~~~~~~~~~~~~~~~~~~~~~~~~~~~~~~~~~~~~~~~~~~~~~~~~~~~~~ ../drivers/net/intel/cpfl/cpfl_ethdev.h: In function 'cpfl_metadata_write_sourcevsi': ../drivers/net/intel/cpfl/cpfl_ethdev.h:333:13: note: 'vsi_id' was declared here 333 | u16 vsi_id; | ^~~~~~ In function 'cpfl_metadata_write16', inlined from 'cpfl_metadata_write_vsi' at ../drivers/net/intel/cpfl/cpfl_flow_parser.c:2085:2: ../drivers/net/intel/cpfl/cpfl_flow_parser.h:303:9: error: 'vsi_id' may be used uninitialized [-Werror=maybe-uninitialized] 303 | memcpy(&meta->chunks[type].data[offset], &data, sizeof(uint16_t)); | ^~~~~~~~~~~~~~~~~~~~~~~~~~~~~~~~~~~~~~~~~~~~~~~~~~~~~~~~~~~~~~~~~ ../drivers/net/intel/cpfl/cpfl_ethdev.h: In function 'cpfl_metadata_write_vsi': ../drivers/net/intel/cpfl/cpfl_ethdev.h:333:13: note: 'vsi_id' was declared here 333 | u16 vsi_id; | ^~~~~~ cc1: all warnings being treated as errors ninja: build stopped: subcommand failed. ==== End log output ==== Fedora Linux 42 Kernel: 5.4 Compiler: gcc gcc (GCC) 15.2.1 20250808 (Red Hat 15.2.1-1) Fedora Linux 41 Kernel: 5.4 Compiler: gcc gcc (GCC) 14.3.1 20250523 (Red Hat 14.3.1-1) CentOS Stream 10 Kernel: 5.4 Compiler: gcc gcc (GCC) 14.2.1 20250110 (Red Hat 14.2.1-8) Fedora Linux 40 Kernel: 5.4 Compiler: clang gcc (GCC) 14.2.1 20240912 (Red Hat 14.2.1-3) Ubuntu 22.04 Kernel: 5.15 Compiler: gcc gcc (Ubuntu 11.4.0-1ubuntu1~22.04.2) 11.4.0 Ubuntu 24.04 Kernel: 5.4 Compiler: gcc gcc (Ubuntu 13.3.0-6ubuntu2~24.04) 13.3.0 Debian GNU/Linux 12 Kernel: 5.4 Compiler: gcc gcc (Debian 12.2.0-14+deb12u1) 12.2.0 CentOS Stream 9 Kernel: 5.4 Compiler: gcc gcc (GCC) 11.5.0 20240719 (Red Hat 11.5.0-11) Ubuntu 20.04 Kernel: 5.4 Compiler: gcc gcc (Ubuntu 9.4.0-1ubuntu1~20.04.2) 9.4.0 Red Hat Enterprise Linux 9.5 Kernel: 5.4 Compiler: gcc gcc (GCC) 11.5.0 20240719 (Red Hat 11.5.0-2) Debian 12 (arm) Kernel: Depends on container host Compiler: gcc (Debian 12.2.0-14) 12.2.0 To view detailed results, visit: https://lab.dpdk.org/results/dashboard/patchsets/34117/ UNH-IOL DPDK Community Lab To manage your email subscriptions, visit: https://lab.dpdk.org/results/dashboard/preferences/subscriptions/